CREATE TABLE `am_contratdet_log` (
  `rowid` int(11) NOT NULL,
  `tms` timestamp NOT NULL DEFAULT CURRENT_TIMESTAMP ON UPDATE CURRENT_TIMESTAMP,
  `fk_contratdet` int(11) NOT NULL,
  `date` datetime NOT NULL,
  `statut` smallint(6) NOT NULL,
  `fk_user_author` int(11) NOT NULL,
  `commentaire` text
) ENGINE=InnoDB DEFAULT CHARSET=utf8;

-- --------------------------------------------------------

--
-- Structure de la table `am_contrat_extrafields`
--

CREATE TABLE `am_contrat_extrafields` (
  `rowid` int(11) NOT NULL,
  `tms` timestamp NOT NULL DEFAULT CURRENT_TIMESTAMP ON UPDATE CURRENT_TIMESTAMP,
  `fk_object` int(11) NOT NULL,
  `import_key` varchar(14) DEFAULT NULL
) ENGINE=InnoDB DEFAULT CHARSET=utf8;

-- --------------------------------------------------------

--
-- Structure de la table `am_cotisation`
--

CREATE TABLE `am_cotisation` (
  `rowid` int(11) NOT NULL,
  `tms` timestamp NOT NULL DEFAULT CURRENT_TIMESTAMP ON UPDATE CURRENT_TIMESTAMP,
  `datec` datetime DEFAULT NULL,
  `fk_adherent` int(11) DEFAULT NULL,
  `dateadh` datetime DEFAULT NULL,
  `datef` date DEFAULT NULL,
  `cotisation` double DEFAULT NULL,
  `fk_bank` int(11) DEFAULT NULL,
  `note` text
) ENGINE=InnoDB DEFAULT CHARSET=utf8;

-- --------------------------------------------------------

--
-- Structure de la table `am_cronjob`
--

CREATE TABLE `am_cronjob` (
  `rowid` int(11) NOT NULL,
  `tms` timestamp NOT NULL DEFAULT CURRENT_TIMESTAMP ON UPDATE CURRENT_TIMESTAMP,
  `datec` datetime DEFAULT NULL,
  `jobtype` varchar(10) NOT NULL,
  `label` text NOT NULL,
  `command` varchar(255) DEFAULT NULL,
  `classesname` varchar(255) DEFAULT NULL,
  `objectname` varchar(255) DEFAULT NULL,
  `methodename` varchar(255) DEFAULT NULL,
  `params` text NOT NULL,
  `md5params` varchar(32) DEFAULT NULL,
  `module_name` varchar(255) DEFAULT NULL,
  `priority` int(11) DEFAULT '0',
  `datelastrun` datetime DEFAULT NULL,
  `datenextrun` datetime DEFAULT NULL,
  `datestart` datetime DEFAULT NULL,
  `dateend` datetime DEFAULT NULL,
  `datelastresult` datetime DEFAULT NULL,
  `lastresult` text,
  `lastoutput` text,
  `unitfrequency` int(11) NOT NULL DEFAULT '0',
  `frequency` int(11) NOT NULL DEFAULT '0',
  `nbrun` int(11) DEFAULT NULL,
  `status` int(11) NOT NULL DEFAULT '1',
  `fk_user_author` int(11) DEFAULT NULL,
  `fk_user_mod` int(11) DEFAULT NULL,
  `note` text,
  `libname` varchar(255) DEFAULT NULL
) ENGINE=InnoDB DEFAULT CHARSET=utf8;

-- --------------------------------------------------------

--
-- Structure de la table `am_c_actioncomm`
--

CREATE TABLE `am_c_actioncomm` (
  `id` int(11) NOT NULL,
  `code` varchar(12) NOT NULL,
  `type` varchar(10) NOT NULL DEFAULT 'system',
  `libelle` varchar(48) NOT NULL,
  `module` varchar(16) DEFAULT NULL,
  `active` tinyint(4) NOT NULL DEFAULT '1',
  `todo` tinyint(4) DEFAULT NULL,
  `position` int(11) NOT NULL DEFAULT '0'
) ENGINE=InnoDB DEFAULT CHARSET=utf8;

--
-- Déchargement des données de la table `am_c_actioncomm`
--

INSERT INTO `am_c_actioncomm` (`id`, `code`, `type`, `libelle`, `module`, `active`, `todo`, `position`) VALUES
(1, 'AC_TEL', 'system', 'Phone call', NULL, 1, NULL, 2),
(2, 'AC_FAX', 'system', 'Send Fax', NULL, 1, NULL, 3),
(3, 'AC_PROP', 'systemauto', 'Send commercial proposal by email', 'propal', 0, NULL, 10),
(4, 'AC_EMAIL', 'system', 'Send Email', NULL, 1, NULL, 4),
(5, 'AC_RDV', 'system', 'Rendez-vous', NULL, 1, NULL, 1),
(8, 'AC_COM', 'systemauto', 'Send customer order by email', 'order', 0, NULL, 8),
(9, 'AC_FAC', 'systemauto', 'Send customer invoice by email', 'invoice', 0, NULL, 6),
(10, 'AC_SHIP', 'systemauto', 'Send shipping by email', 'shipping', 0, NULL, 11),
(30, 'AC_SUP_ORD', 'systemauto', 'Send supplier order by email', 'order_supplier', 0, NULL, 9),
(31, 'AC_SUP_INV', 'systemauto', 'Send supplier invoice by email', 'invoice_supplier', 0, NULL, 7),
(40, 'AC_OTH_AUTO', 'systemauto', 'Other (automatically inserted events)', NULL, 1, NULL, 20),
(50, 'AC_OTH', 'system', 'Other (manually inserted events)', NULL, 1, NULL, 5);

-- --------------------------------------------------------

--
-- Structure de la table `am_c_action_trigger`
--

CREATE TABLE `am_c_action_trigger` (
  `rowid` int(11) NOT NULL,
  `code` varchar(32) NOT NULL,
  `label` varchar(128) NOT NULL,
  `description` varchar(255) DEFAULT NULL,
  `elementtype` varchar(16) NOT NULL,
  `rang` int(11) DEFAULT '0'
) ENGINE=InnoDB DEFAULT CHARSET=utf8;

--
-- Déchargement des données de la table `am_c_action_trigger`
--

INSERT INTO `am_c_action_trigger` (`rowid`, `code`, `label`, `description`, `elementtype`, `rang`) VALUES
(1, 'FICHINTER_VALIDATE', 'Intervention validated', 'Executed when a intervention is validated', 'ficheinter', 18),
(2, 'BILL_VALIDATE', 'Customer invoice validated', 'Executed when a customer invoice is approved', 'facture', 6),
(3, 'ORDER_SUPPLIER_APPROVE', 'Supplier order request approved', 'Executed when a supplier order is approved', 'order_supplier', 11),
(4, 'ORDER_SUPPLIER_REFUSE', 'Supplier order request refused', 'Executed when a supplier order is refused', 'order_supplier', 12),
(5, 'ORDER_VALIDATE', 'Customer order validate', 'Executed when a customer order is validated', 'commande', 4),
(6, 'PROPAL_VALIDATE', 'Customer proposal validated', 'Executed when a commercial proposal is validated', 'propal', 2),
(9, 'COMPANY_SENTBYMAIL', 'Mails sent from third party card', 'Executed when you send email from third party card', 'societe', 1),
(10, 'COMPANY_CREATE', 'Third party created', 'Executed when a third party is created', 'societe', 1),
(11, 'CONTRACT_VALIDATE', 'Contract validated', 'Executed when a contract is validated', 'contrat', 17),
(12, 'PROPAL_SENTBYMAIL', 'Commercial proposal sent by mail', 'Executed when a commercial proposal is sent by mail', 'propal', 3),
(13, 'ORDER_SENTBYMAIL', 'Customer order sent by mail', 'Executed when a customer order is sent by mail ', 'commande', 5),
(14, 'BILL_PAYED', 'Customer invoice payed', 'Executed when a customer invoice is payed', 'facture', 7),
(15, 'BILL_CANCEL', 'Customer invoice canceled', 'Executed when a customer invoice is conceled', 'facture', 8),
(16, 'BILL_SENTBYMAIL', 'Customer invoice sent by mail', 'Executed when a customer invoice is sent by mail', 'facture', 9),
(17, 'ORDER_SUPPLIER_VALIDATE', 'Supplier order validated', 'Executed when a supplier order is validated', 'order_supplier', 10),
(18, 'ORDER_SUPPLIER_SENTBYMAIL', 'Supplier order sent by mail', 'Executed when a supplier order is sent by mail', 'order_supplier', 13),
(19, 'BILL_SUPPLIER_VALIDATE', 'Supplier invoice validated', 'Executed when a supplier invoice is validated', 'invoice_supplier', 14),
(20, 'BILL_SUPPLIER_PAYED', 'Supplier invoice payed', 'Executed when a supplier invoice is payed', 'invoice_supplier', 15),
(21, 'BILL_SUPPLIER_SENTBYMAIL', 'Supplier invoice sent by mail', 'Executed when a supplier invoice is sent by mail', 'invoice_supplier', 16),
(22, 'SHIPPING_VALIDATE', 'Shipping validated', 'Executed when a shipping is validated', 'shipping', 19),
(23, 'SHIPPING_SENTBYMAIL', 'Shipping sent by mail', 'Executed when a shipping is sent by mail', 'shipping', 20),
(24, 'MEMBER_VALIDATE', 'Member validated', 'Executed when a member is validated', 'member', 21),
(25, 'MEMBER_SUBSCRIPTION', 'Member subscribed', 'Executed when a member is subscribed', 'member', 22),
(26, 'MEMBER_RESILIATE', 'Member resiliated', 'Executed when a member is resiliated', 'member', 23),
(27, 'MEMBER_DELETE', 'Member deleted', 'Executed when a member is deleted', 'member', 24),
(28, 'BILL_UNVALIDATE', 'Customer invoice unvalidated', 'Executed when a customer invoice status set back to draft', 'facture', 10),
(29, 'FICHINTER_SENTBYMAIL', 'Intervention sent by mail', 'Executed when a intervention is sent by mail', 'ficheinter', 29),
(30, 'PROJECT_CREATE', 'Project creation', 'Executed when a project is created', 'project', 30),
(31, 'PROPAL_CLOSE_SIGNED', 'Customer proposal closed signed', 'Executed when a customer proposal is closed signed', 'propal', 31),
(32, 'PROPAL_CLOSE_REFUSED', 'Customer proposal closed refused', 'Executed when a customer proposal is closed refused', 'propal', 32),
(33, 'BILL_SUPPLIER_CANCELED', 'Supplier invoice cancelled', 'Executed when a supplier invoice is cancelled', 'invoice_supplier', 33),
(34, 'MEMBER_MODIFY', 'Member modified', 'Executed when a member is modified', 'member', 34),
(35, 'TASK_CREATE', 'Task created', 'Executed when a project task is created', 'project', 35),
(36, 'TASK_MODIFY', 'Task modified', 'Executed when a project task is modified', 'project', 36),
(37, 'TASK_DELETE', 'Task deleted', 'Executed when a project task is deleted', 'project', 37);

-- --------------------------------------------------------

--
-- Structure de la table `am_c_availability`
--

CREATE TABLE `am_c_availability` (
  `rowid` int(11) NOT NULL,
  `code` varchar(30) NOT NULL,
  `label` varchar(60) NOT NULL,
  `active` tinyint(4) NOT NULL DEFAULT '1'
) ENGINE=InnoDB DEFAULT CHARSET=utf8;

--
-- Déchargement des données de la table `am_c_availability`
--

INSERT INTO `am_c_availability` (`rowid`, `code`, `label`, `active`) VALUES
(1, 'AV_NOW', 'Immediate', 1),
(2, 'AV_1W', '1 week', 1),
(3, 'AV_2W', '2 weeks', 1),
(4, 'AV_3W', '3 weeks', 1);

-- --------------------------------------------------------

--
-- Structure de la table `am_c_barcode_type`
--

CREATE TABLE `am_c_barcode_type` (
  `rowid` int(11) NOT NULL,
  `code` varchar(16) NOT NULL,
  `entity` int(11) NOT NULL DEFAULT '1',
  `libelle` varchar(50) NOT NULL,
  `coder` varchar(16) NOT NULL,
  `example` varchar(16) NOT NULL
) ENGINE=InnoDB DEFAULT CHARSET=utf8;

-- --------------------------------------------------------

--
-- Structure de la table `am_c_chargesociales`
--

CREATE TABLE `am_c_chargesociales` (
  `id` int(11) NOT NULL,
  `libelle` varchar(80) DEFAULT NULL,
  `deductible` smallint(6) NOT NULL DEFAULT '0',
  `active` tinyint(4) NOT NULL DEFAULT '1',
  `code` varchar(12) NOT NULL,
  `accountancy_code` varchar(15) DEFAULT NULL,
  `fk_pays` int(11) NOT NULL DEFAULT '1',
  `module` varchar(32) DEFAULT NULL
) ENGINE=InnoDB DEFAULT CHARSET=utf8;

--
-- Déchargement des données de la table `am_c_chargesociales`
--

INSERT INTO `am_c_chargesociales` (`id`, `libelle`, `deductible`, `active`, `code`, `accountancy_code`, `fk_pays`, `module`) VALUES
(1, 'Allocations familiales', 1, 1, 'TAXFAM', NULL, 1, NULL),
(2, 'CSG Deductible', 1, 1, 'TAXCSGD', NULL, 1, NULL),
(3, 'CSG/CRDS NON Deductible', 0, 1, 'TAXCSGND', NULL, 1, NULL),
(10, 'Taxe apprentissage', 0, 1, 'TAXAPP', NULL, 1, NULL),
(11, 'Taxe professionnelle', 0, 1, 'TAXPRO', NULL, 1, NULL),
(12, 'Cotisation fonciere des entreprises', 0, 1, 'TAXCFE', NULL, 1, NULL),
(13, 'Cotisation sur la valeur ajoutee des entreprises', 0, 1, 'TAXCVAE', NULL, 1, NULL),
(20, 'Impots locaux/fonciers', 0, 1, 'TAXFON', NULL, 1, NULL),
(25, 'Impots revenus', 0, 1, 'TAXREV', NULL, 1, NULL),
(30, 'Assurance Sante', 0, 1, 'TAXSECU', NULL, 1, NULL),
(40, 'Mutuelle', 0, 1, 'TAXMUT', NULL, 1, NULL),
(50, 'Assurance vieillesse', 0, 1, 'TAXRET', NULL, 1, NULL),
(60, 'Assurance Chomage', 0, 1, 'TAXCHOM', NULL, 1, NULL),
(201, 'ONSS', 1, 1, 'TAXBEONSS', NULL, 2, NULL),
(210, 'Precompte professionnel', 1, 1, 'TAXBEPREPRO', NULL, 2, NULL),
(220, 'Prime existence', 1, 1, 'TAXBEPRIEXI', NULL, 2, NULL),
(230, 'Precompte immobilier', 1, 1, 'TAXBEPREIMMO', NULL, 2, NULL);

-- --------------------------------------------------------

--
-- Structure de la table `am_c_civilite`
--

CREATE TABLE `am_c_civilite` (
  `rowid` int(11) NOT NULL,
  `code` varchar(6) NOT NULL,
  `civilite` varchar(50) DEFAULT NULL,
  `active` tinyint(4) NOT NULL DEFAULT '1',
  `module` varchar(32) DEFAULT NULL
) ENGINE=InnoDB DEFAULT CHARSET=utf8;

--
-- Déchargement des données de la table `am_c_civilite`
--

INSERT INTO `am_c_civilite` (`rowid`, `code`, `civilite`, `active`, `module`) VALUES
(1, 'MME', 'Madame', 1, NULL),
(3, 'MR', 'Monsieur', 1, NULL),
(5, 'MLE', 'Mademoiselle', 1, NULL),
(7, 'MTRE', 'Maître', 1, NULL),
(8, 'DR', 'Docteur', 1, NULL);

-- --------------------------------------------------------

--
-- Structure de la table `am_c_currencies`
--

CREATE TABLE `am_c_currencies` (
  `code_iso` varchar(3) NOT NULL,
  `label` varchar(64) NOT NULL,
  `unicode` varchar(32) DEFAULT NULL,
  `active` tinyint(4) NOT NULL DEFAULT '1'
) ENGINE=InnoDB DEFAULT CHARSET=utf8;

--
-- Déchargement des données de la table `am_c_currencies`
--

INSERT INTO `am_c_currencies` (`code_iso`, `label`, `unicode`, `active`) VALUES
('AED', 'United Arab Emirates Dirham', NULL, 1),
('AFN', 'Afghanistan Afghani', '[1547]', 0),
('ALL', 'Albania Lek', '[76,101,107]', 0),
('ANG', 'Netherlands Antilles Guilder', '[402]', 1),
('ARP', 'Pesos argentins', NULL, 0),
('ARS', 'Argentino Peso', '[36]', 0),
('ATS', 'Shiliing autrichiens', NULL, 0),
('AUD', 'Australia Dollar', '[36]', 0),
('AWG', 'Aruba Guilder', '[402]', 0),
('AZN', 'Azerbaijan New Manat', '[1084,1072,1085]', 0),
('BAM', 'Bosnia and Herzegovina Convertible Marka', '[75,77]', 0),
('BBD', 'Barbados Dollar', '[36]', 0),
('BEF', 'Francs belges', NULL, 0),
('BGN', 'Bulgaria Lev', '[1083,1074]', 0),
('BMD', 'Bermuda Dollar', '[36]', 0),
('BND', 'Brunei Darussalam Dollar', '[36]', 0),
('BOB', 'Bolivia Boliviano', '[36,98]', 0),
('BRL', 'Brazil Real', '[82,36]', 0),
('BSD', 'Bahamas Dollar', '[36]', 0),
('BWP', 'Botswana Pula', '[80]', 0),
('BYR', 'Belarus Ruble', '[112,46]', 0),
('BZD', 'Belize Dollar', '[66,90,36]', 0),
('CAD', 'Canada Dollar', '[36]', 0),
('CHF', 'Switzerland Franc', '[67,72,70]', 1),
('CLP', 'Chile Peso', '[36]', 0),
('CNY', 'China Yuan Renminbi', '[165]', 0),
('COP', 'Colombia Peso', '[36]', 0),
('CRC', 'Costa Rica Colon', '[8353]', 0),
('CUP', 'Cuba Peso', '[8369]', 0),
('CZK', 'Czech Republic Koruna', '[75,269]', 0),
('DEM', 'Deutsch mark', NULL, 0),
('DKK', 'Denmark Krone', '[107,114]', 0),
('DOP', 'Dominican Republic Peso', '[82,68,36]', 0),
('DZD', 'Algeria Dinar', NULL, 0),
('EEK', 'Estonia Kroon', '[107,114]', 0),
('EGP', 'Egypt Pound', '[163]', 0),
('ESP', 'Pesete', NULL, 0),
('EUR', 'Euro Member Countries', '[8364]', 1),
('FIM', 'Mark finlandais', NULL, 0),
('FJD', 'Fiji Dollar', '[36]', 0),
('FKP', 'Falkland Islands (Malvinas) Pound', '[163]', 0),
('FRF', 'Francs francais', NULL, 0),
('GBP', 'United Kingdom Pound', '[163]', 1),
('GGP', 'Guernsey Pound', '[163]', 1),
('GHC', 'Ghana Cedis', '[162]', 0),
('GIP', 'Gibraltar Pound', '[163]', 1),
('GRD', 'Drachme (grece)', NULL, 0),
('GTQ', 'Guatemala Quetzal', '[81]', 1),
('GYD', 'Guyana Dollar', '[36]', 1),
('HKD', 'Hong Kong Dollar', '[36]', 1),
('HNL', 'Honduras Lempira', '[76]', 1),
('HRK', 'Croatia Kuna', '[107,110]', 0),
('HUF', 'Hungary Forint', '[70,116]', 1),
('IDR', 'Indonesia Rupiah', '[82,112]', 1),
('IEP', 'Livres irlandaises', NULL, 0),
('ILS', 'Israel Shekel', '[8362]', 1),
('IMP', 'Isle of Man Pound', '[163]', 1),
('INR', 'India Rupee', NULL, 1),
('IRR', 'Iran Rial', '[65020]', 1),
('ISK', 'Iceland Krona', '[107,114]', 1),
('ITL', 'Lires', NULL, 0),
('JEP', 'Jersey Pound', '[163]', 1),
('JMD', 'Jamaica Dollar', '[74,36]', 1),
('JPY', 'Japan Yen', '[165]', 1),
('KES', 'Kenya Shilling', NULL, 1),
('KGS', 'Kyrgyzstan Som', '[1083,1074]', 1),
('KHR', 'Cambodia Riel', '[6107]', 0),
('KPW', 'Korea (North) Won', '[8361]', 1),
('KRW', 'Korea (South) Won', '[8361]', 1),
('KYD', 'Cayman Islands Dollar', '[36]', 0),
('KZT', 'Kazakhstan Tenge', '[1083,1074]', 1),
('LAK', 'Laos Kip', '[8365]', 1),
('LBP', 'Lebanon Pound', '[163]', 1),
('LKR', 'Sri Lanka Rupee', '[8360]', 1),
('LRD', 'Liberia Dollar', '[36]', 1),
('LTL', 'Lithuania Litas', '[76,116]', 1),
('LUF', 'Francs luxembourgeois', NULL, 0),
('LVL', 'Latvia Lat', '[76,115]', 1),
('MAD', 'Morocco Dirham', NULL, 1),
('MKD', 'Macedonia Denar', '[1076,1077,1085]', 1),
('MNT', 'Mongolia Tughrik', '[8366]', 1),
('MRO', 'Mauritania Ouguiya', NULL, 1),
('MUR', 'Mauritius Rupee', '[8360]', 1),
('MXN', 'Mexico Peso', '[36]', 1),
('MXP', 'Pesos Mexicans', NULL, 0),
('MYR', 'Malaysia Ringgit', '[82,77]', 1),
('MZN', 'Mozambique Metical', '[77,84]', 1),
('NAD', 'Namibia Dollar', '[36]', 1),
('NGN', 'Nigeria Naira', '[8358]', 1),
('NIO', 'Nicaragua Cordoba', '[67,36]', 1),
('NLG', 'Florins', NULL, 0),
('NOK', 'Norway Krone', '[107,114]', 1),
('NPR', 'Nepal Rupee', '[8360]', 1),
('NZD', 'New Zealand Dollar', '[36]', 1),
('OMR', 'Oman Rial', '[65020]', 1),
('PAB', 'Panama Balboa', '[66,47,46]', 1),
('PEN', 'Peru Nuevo Sol', '[83,47,46]', 1),
('PHP', 'Philippines Peso', '[8369]', 1),
('PKR', 'Pakistan Rupee', '[8360]', 1),
('PLN', 'Poland Zloty', '[122,322]', 1),
('PTE', 'Escudos', NULL, 0),
('PYG', 'Paraguay Guarani', '[71,115]', 1),
('QAR', 'Qatar Riyal', '[65020]', 1),
('RON', 'Romania New Leu', '[108,101,105]', 1),
('RSD', 'Serbia Dinar', '[1044,1080,1085,46]', 1),
('RUB', 'Russia Ruble', '[1088,1091,1073]', 1),
('SAR', 'Saudi Arabia Riyal', '[65020]', 1),
('SBD', 'Solomon Islands Dollar', '[36]', 1),
('SCR', 'Seychelles Rupee', '[8360]', 1),
('SEK', 'Sweden Krona', '[107,114]', 1),
('SGD', 'Singapore Dollar', '[36]', 1),
('SHP', 'Saint Helena Pound', '[163]', 1),
('SKK', 'Couronnes slovaques', NULL, 0),
('SOS', 'Somalia Shilling', '[83]', 1),
('SRD', 'Suriname Dollar', '[36]', 1),
('SUR', 'Rouble', NULL, 0),
('SVC', 'El Salvador Colon', '[36]', 0),
('SYP', 'Syria Pound', '[163]', 1),
('THB', 'Thailand Baht', '[3647]', 1),
('TND', 'Tunisia Dinar', NULL, 1),
('TRL', 'Turkey Lira', '[84,76]', 1),
('TRY', 'Turkey Lira', '[8356]', 1),
('TTD', 'Trinidad and Tobago Dollar', '[84,84,36]', 1),
('TVD', 'Tuvalu Dollar', '[36]', 1),
('TWD', 'Taiwan New Dollar', '[78,84,36]', 1),
('UAH', 'Ukraine Hryvna', '[8372]', 1),
('USD', 'United States Dollar', '[36]', 1),
('UYU', 'Uruguay Peso', '[36,85]', 1),
('UZS', 'Uzbekistan Som', '[1083,1074]', 1),
('VEF', 'Venezuela Bolivar Fuerte', '[66,115]', 1),
('VND', 'Viet Nam Dong', '[8363]', 1),
('XAF', 'Communaute Financiere Africaine (BEAC) CFA Franc', NULL, 0),
('XCD', 'East Caribbean Dollar', '[36]', 0),
('XEU', 'Ecus', NULL, 0),
('XOF', 'Communaute Financiere Africaine (BCEAO) Franc', NULL, 0),
('YER', 'Yemen Rial', '[65020]', 1),
('ZAR', 'South Africa Rand', '[82]', 1),
('ZWD', 'Zimbabwe Dollar', '[90,36]', 1);

-- --------------------------------------------------------

--
-- Structure de la table `am_c_departements`
--

CREATE TABLE `am_c_departements` (
  `rowid` int(11) NOT NULL,
  `code_departement` varchar(6) NOT NULL,
  `fk_region` int(11) DEFAULT NULL,
  `cheflieu` varchar(50) DEFAULT NULL,
  `tncc` int(11) DEFAULT NULL,
  `ncc` varchar(50) DEFAULT NULL,
  `nom` varchar(50) DEFAULT NULL,
  `active` tinyint(4) NOT NULL DEFAULT '1'
) ENGINE=InnoDB DEFAULT CHARSET=utf8;

--
-- Déchargement des données de la table `am_c_departements`
--

INSERT INTO `am_c_departements` (`rowid`, `code_departement`, `fk_region`, `cheflieu`, `tncc`, `ncc`, `nom`, `active`) VALUES
(1, '0', 0, '0', 0, '-', '-', 1),
(2, '01', 82, '01053', 5, 'AIN', 'Ain', 1),
(3, '02', 22, '02408', 5, 'AISNE', 'Aisne', 1),
(4, '03', 83, '03190', 5, 'ALLIER', 'Allier', 1),
(5, '04', 93, '04070', 4, 'ALPES-DE-HAUTE-PROVENCE', 'Alpes-de-Haute-Provence', 1),
(6, '05', 93, '05061', 4, 'HAUTES-ALPES', 'Hautes-Alpes', 1),
(7, '06', 93, '06088', 4, 'ALPES-MARITIMES', 'Alpes-Maritimes', 1),
(8, '07', 82, '07186', 5, 'ARDECHE', 'Ardèche', 1),
(9, '08', 21, '08105', 4, 'ARDENNES', 'Ardennes', 1),
(10, '09', 73, '09122', 5, 'ARIEGE', 'Ariège', 1),
(11, '10', 21, '10387', 5, 'AUBE', 'Aube', 1),
(12, '11', 91, '11069', 5, 'AUDE', 'Aude', 1),
(13, '12', 73, '12202', 5, 'AVEYRON', 'Aveyron', 1),
(14, '13', 93, '13055', 4, 'BOUCHES-DU-RHONE', 'Bouches-du-Rhône', 1),
(15, '14', 25, '14118', 2, 'CALVADOS', 'Calvados', 1),
(16, '15', 83, '15014', 2, 'CANTAL', 'Cantal', 1),
(17, '16', 54, '16015', 3, 'CHARENTE', 'Charente', 1),
(18, '17', 54, '17300', 3, 'CHARENTE-MARITIME', 'Charente-Maritime', 1),
(19, '18', 24, '18033', 2, 'CHER', 'Cher', 1),
(20, '19', 74, '19272', 3, 'CORREZE', 'Corrèze', 1),
(21, '2A', 94, '2A004', 3, 'CORSE-DU-SUD', 'Corse-du-Sud', 1),
(22, '2B', 94, '2B033', 3, 'HAUTE-CORSE', 'Haute-Corse', 1),
(23, '21', 26, '21231', 3, 'COTE-D OR', 'Côte-d Or', 1),
(24, '22', 53, '22278', 4, 'COTES-D ARMOR', 'Côtes-d Armor', 1),
(25, '23', 74, '23096', 3, 'CREUSE', 'Creuse', 1),
(26, '24', 72, '24322', 3, 'DORDOGNE', 'Dordogne', 1),
(27, '25', 43, '25056', 2, 'DOUBS', 'Doubs', 1),
(28, '26', 82, '26362', 3, 'DROME', 'Drôme', 1),
(29, '27', 23, '27229', 5, 'EURE', 'Eure', 1),
(30, '28', 24, '28085', 1, 'EURE-ET-LOIR', 'Eure-et-Loir', 1),
(31, '29', 53, '29232', 2, 'FINISTERE', 'Finistère', 1),
(32, '30', 91, '30189', 2, 'GARD', 'Gard', 1),
(33, '31', 73, '31555', 3, 'HAUTE-GARONNE', 'Haute-Garonne', 1),
(34, '32', 73, '32013', 2, 'GERS', 'Gers', 1),
(35, '33', 72, '33063', 3, 'GIRONDE', 'Gironde', 1),
(36, '34', 91, '34172', 5, 'HERAULT', 'Hérault', 1),
(37, '35', 53, '35238', 1, 'ILLE-ET-VILAINE', 'Ille-et-Vilaine', 1),
(38, '36', 24, '36044', 5, 'INDRE', 'Indre', 1),
(39, '37', 24, '37261', 1, 'INDRE-ET-LOIRE', 'Indre-et-Loire', 1),
(40, '38', 82, '38185', 5, 'ISERE', 'Isère', 1),
(41, '39', 43, '39300', 2, 'JURA', 'Jura', 1),
(42, '40', 72, '40192', 4, 'LANDES', 'Landes', 1),
(43, '41', 24, '41018', 0, 'LOIR-ET-CHER', 'Loir-et-Cher', 1),
(44, '42', 82, '42218', 3, 'LOIRE', 'Loire', 1),
(45, '43', 83, '43157', 3, 'HAUTE-LOIRE', 'Haute-Loire', 1),
(46, '44', 52, '44109', 3, 'LOIRE-ATLANTIQUE', 'Loire-Atlantique', 1),
(47, '45', 24, '45234', 2, 'LOIRET', 'Loiret', 1),
(48, '46', 73, '46042', 2, 'LOT', 'Lot', 1),
(49, '47', 72, '47001', 0, 'LOT-ET-GARONNE', 'Lot-et-Garonne', 1),
(50, '48', 91, '48095', 3, 'LOZERE', 'Lozère', 1),
(51, '49', 52, '49007', 0, 'MAINE-ET-LOIRE', 'Maine-et-Loire', 1),
(52, '50', 25, '50502', 3, 'MANCHE', 'Manche', 1),
(53, '51', 21, '51108', 3, 'MARNE', 'Marne', 1),
(54, '52', 21, '52121', 3, 'HAUTE-MARNE', 'Haute-Marne', 1),
(55, '53', 52, '53130', 3, 'MAYENNE', 'Mayenne', 1),
(56, '54', 41, '54395', 0, 'MEURTHE-ET-MOSELLE', 'Meurthe-et-Moselle', 1),
(57, '55', 41, '55029', 3, 'MEUSE', 'Meuse', 1),
(58, '56', 53, '56260', 2, 'MORBIHAN', 'Morbihan', 1),
(59, '57', 41, '57463', 3, 'MOSELLE', 'Moselle', 1),
(60, '58', 26, '58194', 3, 'NIEVRE', 'Nièvre', 1),
(61, '59', 31, '59350', 2, 'NORD', 'Nord', 1),
(62, '60', 22, '60057', 5, 'OISE', 'Oise', 1),
(63, '61', 25, '61001', 5, 'ORNE', 'Orne', 1),
(64, '62', 31, '62041', 2, 'PAS-DE-CALAIS', 'Pas-de-Calais', 1),
(65, '63', 83, '63113', 2, 'PUY-DE-DOME', 'Puy-de-Dôme', 1),
(66, '64', 72, '64445', 4, 'PYRENEES-ATLANTIQUES', 'Pyrénées-Atlantiques', 1),
(67, '65', 73, '65440', 4, 'HAUTES-PYRENEES', 'Hautes-Pyrénées', 1),
(68, '66', 91, '66136', 4, 'PYRENEES-ORIENTALES', 'Pyrénées-Orientales', 1),
(69, '67', 42, '67482', 2, 'BAS-RHIN', 'Bas-Rhin', 1),
(70, '68', 42, '68066', 2, 'HAUT-RHIN', 'Haut-Rhin', 1),
(71, '69', 82, '69123', 2, 'RHONE', 'Rhône', 1),
(72, '70', 43, '70550', 3, 'HAUTE-SAONE', 'Haute-Saône', 1),
(73, '71', 26, '71270', 0, 'SAONE-ET-LOIRE', 'Saône-et-Loire', 1),
(74, '72', 52, '72181', 3, 'SARTHE', 'Sarthe', 1),
(75, '73', 82, '73065', 3, 'SAVOIE', 'Savoie', 1),
(76, '74', 82, '74010', 3, 'HAUTE-SAVOIE', 'Haute-Savoie', 1),
(77, '75', 11, '75056', 0, 'PARIS', 'Paris', 1),
(78, '76', 23, '76540', 3, 'SEINE-MARITIME', 'Seine-Maritime', 1),
(79, '77', 11, '77288', 0, 'SEINE-ET-MARNE', 'Seine-et-Marne', 1),
(80, '78', 11, '78646', 4, 'YVELINES', 'Yvelines', 1),
(81, '79', 54, '79191', 4, 'DEUX-SEVRES', 'Deux-Sèvres', 1),
(82, '80', 22, '80021', 3, 'SOMME', 'Somme', 1),
(83, '81', 73, '81004', 2, 'TARN', 'Tarn', 1),
(84, '82', 73, '82121', 0, 'TARN-ET-GARONNE', 'Tarn-et-Garonne', 1),
(85, '83', 93, '83137', 2, 'VAR', 'Var', 1),
(86, '84', 93, '84007', 0, 'VAUCLUSE', 'Vaucluse', 1),
(87, '85', 52, '85191', 3, 'VENDEE', 'Vendée', 1),
(88, '86', 54, '86194', 3, 'VIENNE', 'Vienne', 1),
(89, '87', 74, '87085', 3, 'HAUTE-VIENNE', 'Haute-Vienne', 1),
(90, '88', 41, '88160', 4, 'VOSGES', 'Vosges', 1),
(91, '89', 26, '89024', 5, 'YONNE', 'Yonne', 1),
(92, '90', 43, '90010', 0, 'TERRITOIRE DE BELFORT', 'Territoire de Belfort', 1),
(93, '91', 11, '91228', 5, 'ESSONNE', 'Essonne', 1),
(94, '92', 11, '92050', 4, 'HAUTS-DE-SEINE', 'Hauts-de-Seine', 1),
(95, '93', 11, '93008', 3, 'SEINE-SAINT-DENIS', 'Seine-Saint-Denis', 1),
(96, '94', 11, '94028', 2, 'VAL-DE-MARNE', 'Val-de-Marne', 1),
(97, '95', 11, '95500', 2, 'VAL-D OISE', 'Val-d Oise', 1),
(98, '971', 1, '97105', 3, 'GUADELOUPE', 'Guadeloupe', 1),
(99, '972', 2, '97209', 3, 'MARTINIQUE', 'Martinique', 1),
(100, '973', 3, '97302', 3, 'GUYANE', 'Guyane', 1),
(101, '974', 4, '97411', 3, 'REUNION', 'Réunion', 1),
(102, '01', 201, '', 1, 'ANVERS', 'Anvers', 1),
(103, '02', 203, '', 3, 'BRUXELLES-CAPITALE', 'Bruxelles-Capitale', 1),
(104, '03', 202, '', 2, 'BRABANT-WALLON', 'Brabant-Wallon', 1),
(105, '04', 201, '', 1, 'BRABANT-FLAMAND', 'Brabant-Flamand', 1),
(106, '05', 201, '', 1, 'FLANDRE-OCCIDENTALE', 'Flandre-Occidentale', 1),
(107, '06', 201, '', 1, 'FLANDRE-ORIENTALE', 'Flandre-Orientale', 1),
(108, '07', 202, '', 2, 'HAINAUT', 'Hainaut', 1),
(109, '08', 201, '', 2, 'LIEGE', 'Liège', 1),
(110, '09', 202, '', 1, 'LIMBOURG', 'Limbourg', 1),
(111, '10', 202, '', 2, 'LUXEMBOURG', 'Luxembourg', 1),
(112, '11', 201, '', 2, 'NAMUR', 'Namur', 1),
(113, 'AG', 315, NULL, NULL, NULL, 'AGRIGENTO', 1),
(114, 'AL', 312, NULL, NULL, NULL, 'ALESSANDRIA', 1),
(115, 'AN', 310, NULL, NULL, NULL, 'ANCONA', 1),
(116, 'AO', 319, NULL, NULL, NULL, 'AOSTA', 1),
(117, 'AR', 316, NULL, NULL, NULL, 'AREZZO', 1),
(118, 'AP', 310, NULL, NULL, NULL, 'ASCOLI PICENO', 1),
(119, 'AT', 312, NULL, NULL, NULL, 'ASTI', 1),
(120, 'AV', 304, NULL, NULL, NULL, 'AVELLINO', 1),
(121, 'BA', 313, NULL, NULL, NULL, 'BARI', 1),
(122, 'BT', 313, NULL, NULL, NULL, 'BARLETTA-ANDRIA-TRANI', 1),
(123, 'BL', 320, NULL, NULL, NULL, 'BELLUNO', 1),
(124, 'BN', 304, NULL, NULL, NULL, 'BENEVENTO', 1),
(125, 'BG', 309, NULL, NULL, NULL, 'BERGAMO', 1),
(126, 'BI', 312, NULL, NULL, NULL, 'BIELLA', 1),
(127, 'BO', 305, NULL, NULL, NULL, 'BOLOGNA', 1),
(128, 'BZ', 317, NULL, NULL, NULL, 'BOLZANO', 1),
(129, 'BS', 309, NULL, NULL, NULL, 'BRESCIA', 1),
(130, 'BR', 313, NULL, NULL, NULL, 'BRINDISI', 1),
(131, 'CA', 314, NULL, NULL, NULL, 'CAGLIARI', 1),
(132, 'CL', 315, NULL, NULL, NULL, 'CALTANISSETTA', 1),
(133, 'CB', 311, NULL, NULL, NULL, 'CAMPOBASSO', 1),
(134, 'CI', 314, NULL, NULL, NULL, 'CARBONIA-IGLESIAS', 1),
(135, 'CE', 304, NULL, NULL, NULL, 'CASERTA', 1),
(136, 'CT', 315, NULL, NULL, NULL, 'CATANIA', 1),
(137, 'CZ', 303, NULL, NULL, NULL, 'CATANZARO', 1),
(138, 'CH', 301, NULL, NULL, NULL, 'CHIETI', 1),
(139, 'CO', 309, NULL, NULL, NULL, 'COMO', 1),
(140, 'CS', 303, NULL, NULL, NULL, 'COSENZA', 1),
(141, 'CR', 309, NULL, NULL, NULL, 'CREMONA', 1),
(142, 'KR', 303, NULL, NULL, NULL, 'CROTONE', 1),
(143, 'CN', 312, NULL, NULL, NULL, 'CUNEO', 1),
(144, 'EN', 315, NULL, NULL, NULL, 'ENNA', 1),
(145, 'FM', 310, NULL, NULL, NULL, 'FERMO', 1),
(146, 'FE', 305, NULL, NULL, NULL, 'FERRARA', 1),
(147, 'FI', 316, NULL, NULL, NULL, 'FIRENZE', 1),
(148, 'FG', 313, NULL, NULL, NULL, 'FOGGIA', 1),
(149, 'FC', 305, NULL, NULL, NULL, 'FORLI-CESENA', 1),
(150, 'FR', 307, NULL, NULL, NULL, 'FROSINONE', 1),
(151, 'GE', 308, NULL, NULL, NULL, 'GENOVA', 1),
(152, 'GO', 306, NULL, NULL, NULL, 'GORIZIA', 1),
(153, 'GR', 316, NULL, NULL, NULL, 'GROSSETO', 1),
(154, 'IM', 308, NULL, NULL, NULL, 'IMPERIA', 1),
(155, 'IS', 311, NULL, NULL, NULL, 'ISERNIA', 1),
(156, 'SP', 308, NULL, NULL, NULL, 'LA SPEZIA', 1),
(157, 'AQ', 301, NULL, NULL, NULL, 'L AQUILA', 1),
(158, 'LT', 307, NULL, NULL, NULL, 'LATINA', 1),
(159, 'LE', 313, NULL, NULL, NULL, 'LECCE', 1),
(160, 'LC', 309, NULL, NULL, NULL, 'LECCO', 1),
(161, 'LI', 314, NULL, NULL, NULL, 'LIVORNO', 1),
(162, 'LO', 309, NULL, NULL, NULL, 'LODI', 1),
(163, 'LU', 316, NULL, NULL, NULL, 'LUCCA', 1),
(164, 'MC', 310, NULL, NULL, NULL, 'MACERATA', 1),
(165, 'MN', 309, NULL, NULL, NULL, 'MANTOVA', 1),
(166, 'MS', 316, NULL, NULL, NULL, 'MASSA-CARRARA', 1),
(167, 'MT', 302, NULL, NULL, NULL, 'MATERA', 1),
(168, 'VS', 314, NULL, NULL, NULL, 'MEDIO CAMPIDANO', 1),
(169, 'ME', 315, NULL, NULL, NULL, 'MESSINA', 1),
(170, 'MI', 309, NULL, NULL, NULL, 'MILANO', 1),
(171, 'MB', 309, NULL, NULL, NULL, 'MONZA e BRIANZA', 1),
(172, 'MO', 305, NULL, NULL, NULL, 'MODENA', 1),
(173, 'NA', 304, NULL, NULL, NULL, 'NAPOLI', 1),
(174, 'NO', 312, NULL, NULL, NULL, 'NOVARA', 1),
(175, 'NU', 314, NULL, NULL, NULL, 'NUORO', 1),
(176, 'OG', 314, NULL, NULL, NULL, 'OGLIASTRA', 1),
(177, 'OT', 314, NULL, NULL, NULL, 'OLBIA-TEMPIO', 1),
(178, 'OR', 314, NULL, NULL, NULL, 'ORISTANO', 1),
(179, 'PD', 320, NULL, NULL, NULL, 'PADOVA', 1),
(180, 'PA', 315, NULL, NULL, NULL, 'PALERMO', 1),
(181, 'PR', 305, NULL, NULL, NULL, 'PARMA', 1),
(182, 'PV', 309, NULL, NULL, NULL, 'PAVIA', 1),
(183, 'PG', 318, NULL, NULL, NULL, 'PERUGIA', 1),
(184, 'PU', 310, NULL, NULL, NULL, 'PESARO e URBINO', 1),
(185, 'PE', 301, NULL, NULL, NULL, 'PESCARA', 1),
(186, 'PC', 305, NULL, NULL, NULL, 'PIACENZA', 1),
(187, 'PI', 316, NULL, NULL, NULL, 'PISA', 1),
(188, 'PT', 316, NULL, NULL, NULL, 'PISTOIA', 1),
(189, 'PN', 306, NULL, NULL, NULL, 'PORDENONE', 1),
(190, 'PZ', 302, NULL, NULL, NULL, 'POTENZA', 1),
(191, 'PO', 316, NULL, NULL, NULL, 'PRATO', 1),
(192, 'RG', 315, NULL, NULL, NULL, 'RAGUSA', 1),
(193, 'RA', 305, NULL, NULL, NULL, 'RAVENNA', 1),
(194, 'RC', 303, NULL, NULL, NULL, 'REGGIO CALABRIA', 1),
(195, 'RE', 305, NULL, NULL, NULL, 'REGGIO NELL EMILIA', 1),
(196, 'RI', 307, NULL, NULL, NULL, 'RIETI', 1),
(197, 'RN', 305, NULL, NULL, NULL, 'RIMINI', 1),
(198, 'RM', 307, NULL, NULL, NULL, 'ROMA', 1),
(199, 'RO', 320, NULL, NULL, NULL, 'ROVIGO', 1),
(200, 'SA', 304, NULL, NULL, NULL, 'SALERNO', 1),
(201, 'SS', 314, NULL, NULL, NULL, 'SASSARI', 1),
(202, 'SV', 308, NULL, NULL, NULL, 'SAVONA', 1),
(203, 'SI', 316, NULL, NULL, NULL, 'SIENA', 1),
(204, 'SR', 315, NULL, NULL, NULL, 'SIRACUSA', 1),
(205, 'SO', 309, NULL, NULL, NULL, 'SONDRIO', 1),
(206, 'TA', 313, NULL, NULL, NULL, 'TARANTO', 1),
(207, 'TE', 301, NULL, NULL, NULL, 'TERAMO', 1),
(208, 'TR', 318, NULL, NULL, NULL, 'TERNI', 1),
(209, 'TO', 312, NULL, NULL, NULL, 'TORINO', 1),
(210, 'TP', 315, NULL, NULL, NULL, 'TRAPANI', 1),
(211, 'TN', 317, NULL, NULL, NULL, 'TRENTO', 1),
(212, 'TV', 320, NULL, NULL, NULL, 'TREVISO', 1),
(213, 'TS', 306, NULL, NULL, NULL, 'TRIESTE', 1),
(214, 'UD', 306, NULL, NULL, NULL, 'UDINE', 1),
(215, 'VA', 309, NULL, NULL, NULL, 'VARESE', 1),
(216, 'VE', 320, NULL, NULL, NULL, 'VENEZIA', 1),
(217, 'VB', 312, NULL, NULL, NULL, 'VERBANO-CUSIO-OSSOLA', 1),
(218, 'VC', 312, NULL, NULL, NULL, 'VERCELLI', 1),
(219, 'VR', 320, NULL, NULL, NULL, 'VERONA', 1),
(220, 'VV', 303, NULL, NULL, NULL, 'VIBO VALENTIA', 1),
(221, 'VI', 320, NULL, NULL, NULL, 'VICENZA', 1),
(222, 'VT', 307, NULL, NULL, NULL, 'VITERBO', 1),
(223, 'NSW', 2801, '', 1, '', 'New South Wales', 1),
(224, 'VIC', 2801, '', 1, '', 'Victoria', 1),
(225, 'QLD', 2801, '', 1, '', 'Queensland', 1),
(226, 'SA', 2801, '', 1, '', 'South Australia', 1),
(227, 'ACT', 2801, '', 1, '', 'Australia Capital Territory', 1),
(228, 'TAS', 2801, '', 1, '', 'Tasmania', 1),
(229, 'WA', 2801, '', 1, '', 'Western Australia', 1),
(230, 'NT', 2801, '', 1, '', 'Northern Territory', 1),
(231, 'ON', 1401, '', 1, '', 'Ontario', 1),
(232, 'QC', 1401, '', 1, '', 'Quebec', 1),
(233, 'NS', 1401, '', 1, '', 'Nova Scotia', 1),
(234, 'NB', 1401, '', 1, '', 'New Brunswick', 1),
(235, 'MB', 1401, '', 1, '', 'Manitoba', 1),
(236, 'BC', 1401, '', 1, '', 'British Columbia', 1),
(237, 'PE', 1401, '', 1, '', 'Prince Edward Island', 1),
(238, 'SK', 1401, '', 1, '', 'Saskatchewan', 1),
(239, 'AB', 1401, '', 1, '', 'Alberta', 1),
(240, 'NL', 1401, '', 1, '', 'Newfoundland and Labrador', 1),
(241, '01', 419, '', 19, 'ALAVA', 'Álava', 1),
(242, '02', 404, '', 4, 'ALBACETE', 'Albacete', 1),
(243, '03', 411, '', 11, 'ALICANTE', 'Alicante', 1),
(244, '04', 401, '', 1, 'ALMERIA', 'Almería', 1),
(245, '05', 403, '', 3, 'AVILA', 'Avila', 1),
(246, '06', 412, '', 12, 'BADAJOZ', 'Badajoz', 1),
(247, '07', 414, '', 14, 'ISLAS BALEARES', 'Islas Baleares', 1),
(248, '08', 406, '', 6, 'BARCELONA', 'Barcelona', 1),
(249, '09', 403, '', 8, 'BURGOS', 'Burgos', 1),
(250, '10', 412, '', 12, 'CACERES', 'Cáceres', 1),
(251, '11', 401, '', 1, 'CADIZ', 'Cádiz', 1),
(252, '12', 411, '', 11, 'CASTELLON', 'Castellón', 1),
(253, '13', 404, '', 4, 'CIUDAD REAL', 'Ciudad Real', 1),
(254, '14', 401, '', 1, 'CORDOBA', 'Córdoba', 1),
(255, '15', 413, '', 13, 'LA CORUÑA', 'La Coruña', 1),
(256, '16', 404, '', 4, 'CUENCA', 'Cuenca', 1),
(257, '17', 406, '', 6, 'GERONA', 'Gerona', 1),
(258, '18', 401, '', 1, 'GRANADA', 'Granada', 1),
(259, '19', 404, '', 4, 'GUADALAJARA', 'Guadalajara', 1),
(260, '20', 419, '', 19, 'GUIPUZCOA', 'Guipúzcoa', 1),
(261, '21', 401, '', 1, 'HUELVA', 'Huelva', 1),
(262, '22', 402, '', 2, 'HUESCA', 'Huesca', 1),
(263, '23', 401, '', 1, 'JAEN', 'Jaén', 1),
(264, '24', 403, '', 3, 'LEON', 'León', 1),
(265, '25', 406, '', 6, 'LERIDA', 'Lérida', 1),
(266, '26', 415, '', 15, 'LA RIOJA', 'La Rioja', 1),
(267, '27', 413, '', 13, 'LUGO', 'Lugo', 1),
(268, '28', 416, '', 16, 'MADRID', 'Madrid', 1),
(269, '29', 401, '', 1, 'MALAGA', 'Málaga', 1),
(270, '30', 417, '', 17, 'MURCIA', 'Murcia', 1),
(271, '31', 408, '', 8, 'NAVARRA', 'Navarra', 1),
(272, '32', 413, '', 13, 'ORENSE', 'Orense', 1),
(273, '33', 418, '', 18, 'ASTURIAS', 'Asturias', 1),
(274, '34', 403, '', 3, 'PALENCIA', 'Palencia', 1),
(275, '35', 405, '', 5, 'LAS PALMAS', 'Las Palmas', 1),
(276, '36', 413, '', 13, 'PONTEVEDRA', 'Pontevedra', 1),
(277, '37', 403, '', 3, 'SALAMANCA', 'Salamanca', 1),
(278, '38', 405, '', 5, 'STA. CRUZ DE TENERIFE', 'Sta. Cruz de Tenerife', 1),
(279, '39', 410, '', 10, 'CANTABRIA', 'Cantabria', 1),
(280, '40', 403, '', 3, 'SEGOVIA', 'Segovia', 1),
(281, '41', 401, '', 1, 'SEVILLA', 'Sevilla', 1),
(282, '42', 403, '', 3, 'SORIA', 'Soria', 1),
(283, '43', 406, '', 6, 'TARRAGONA', 'Tarragona', 1),
(284, '44', 402, '', 2, 'TERUEL', 'Teruel', 1),
(285, '45', 404, '', 5, 'TOLEDO', 'Toledo', 1),
(286, '46', 411, '', 11, 'VALENCIA', 'Valencia', 1),
(287, '47', 403, '', 3, 'VALLADOLID', 'Valladolid', 1),
(288, '48', 419, '', 19, 'VIZCAYA', 'Vizcaya', 1),
(289, '49', 403, '', 3, 'ZAMORA', 'Zamora', 1),
(290, '50', 402, '', 1, 'ZARAGOZA', 'Zaragoza', 1),
(291, '51', 407, '', 7, 'CEUTA', 'Ceuta', 1),
(292, '52', 409, '', 9, 'MELILLA', 'Melilla', 1),
(293, '53', 420, '', 20, 'OTROS', 'Otros', 1),
(294, 'BW', 501, NULL, NULL, 'BADEN-WÜRTTEMBERG', 'Baden-Württemberg', 1),
(295, 'BY', 501, NULL, NULL, 'BAYERN', 'Bayern', 1),
(296, 'BE', 501, NULL, NULL, 'BERLIN', 'Berlin', 1),
(297, 'BB', 501, NULL, NULL, 'BRANDENBURG', 'Brandenburg', 1),
(298, 'HB', 501, NULL, NULL, 'BREMEN', 'Bremen', 1),
(299, 'HH', 501, NULL, NULL, 'HAMBURG', 'Hamburg', 1),
(300, 'HE', 501, NULL, NULL, 'HESSEN', 'Hessen', 1),
(301, 'MV', 501, NULL, NULL, 'MECKLENBURG-VORPOMMERN', 'Mecklenburg-Vorpommern', 1),
(302, 'NI', 501, NULL, NULL, 'NIEDERSACHSEN', 'Niedersachsen', 1),
(303, 'NW', 501, NULL, NULL, 'NORDRHEIN-WESTFALEN', 'Nordrhein-Westfalen', 1),
(304, 'RP', 501, NULL, NULL, 'RHEINLAND-PFALZ', 'Rheinland-Pfalz', 1),
(305, 'SL', 501, NULL, NULL, 'SAARLAND', 'Saarland', 1),
(306, 'SN', 501, NULL, NULL, 'SACHSEN', 'Sachsen', 1),
(307, 'ST', 501, NULL, NULL, 'SACHSEN-ANHALT', 'Sachsen-Anhalt', 1),
(308, 'SH', 501, NULL, NULL, 'SCHLESWIG-HOLSTEIN', 'Schleswig-Holstein', 1),
(309, 'TH', 501, NULL, NULL, 'THÜRINGEN', 'Thüringen', 1),
(310, '66', 10201, NULL, NULL, NULL, 'Αθήνα', 1),
(311, '00', 10205, NULL, NULL, NULL, 'Δράμα', 1),
(312, '01', 10205, NULL, NULL, NULL, 'Έβρος', 1),
(313, '02', 10205, NULL, NULL, NULL, 'Θάσος', 1),
(314, '03', 10205, NULL, NULL, NULL, 'Καβάλα', 1),
(315, '04', 10205, NULL, NULL, NULL, 'Ξάνθη', 1),
(316, '05', 10205, NULL, NULL, NULL, 'Ροδόπη', 1),
(317, '06', 10203, NULL, NULL, NULL, 'Ημαθία', 1),
(318, '07', 10203, NULL, NULL, NULL, 'Θεσσαλονίκη', 1),
(319, '08', 10203, NULL, NULL, NULL, 'Κιλκίς', 1),
(320, '09', 10203, NULL, NULL, NULL, 'Πέλλα', 1),
(321, '10', 10203, NULL, NULL, NULL, 'Πιερία', 1),
(322, '11', 10203, NULL, NULL, NULL, 'Σέρρες', 1),
(323, '12', 10203, NULL, NULL, NULL, 'Χαλκιδική', 1),
(324, '13', 10206, NULL, NULL, NULL, 'Άρτα', 1),
(325, '14', 10206, NULL, NULL, NULL, 'Θεσπρωτία', 1),
(326, '15', 10206, NULL, NULL, NULL, 'Ιωάννινα', 1),
(327, '16', 10206, NULL, NULL, NULL, 'Πρέβεζα', 1),
(328, '17', 10213, NULL, NULL, NULL, 'Γρεβενά', 1),
(329, '18', 10213, NULL, NULL, NULL, 'Καστοριά', 1),
(330, '19', 10213, NULL, NULL, NULL, 'Κοζάνη', 1),
(331, '20', 10213, NULL, NULL, NULL, 'Φλώρινα', 1),
(332, '21', 10212, NULL, NULL, NULL, 'Καρδίτσα', 1),
(333, '22', 10212, NULL, NULL, NULL, 'Λάρισα', 1),
(334, '23', 10212, NULL, NULL, NULL, 'Μαγνησία', 1),
(335, '24', 10212, NULL, NULL, NULL, 'Τρίκαλα', 1),
(336, '25', 10212, NULL, NULL, NULL, 'Σποράδες', 1),
(337, '26', 10212, NULL, NULL, NULL, 'Βοιωτία', 1),
(338, '27', 10202, NULL, NULL, NULL, 'Εύβοια', 1),
(339, '28', 10202, NULL, NULL, NULL, 'Ευρυτανία', 1),
(340, '29', 10202, NULL, NULL, NULL, 'Φθιώτιδα', 1),
(341, '30', 10202, NULL, NULL, NULL, 'Φωκίδα', 1),
(342, '31', 10209, NULL, NULL, NULL, 'Αργολίδα', 1),
(343, '32', 10209, NULL, NULL, NULL, 'Αρκαδία', 1),
(344, '33', 10209, NULL, NULL, NULL, 'Κορινθία', 1),
(345, '34', 10209, NULL, NULL, NULL, 'Λακωνία', 1),
(346, '35', 10209, NULL, NULL, NULL, 'Μεσσηνία', 1),
(347, '36', 10211, NULL, NULL, NULL, 'Αιτωλοακαρνανία', 1),
(348, '37', 10211, NULL, NULL, NULL, 'Αχαΐα', 1),
(349, '38', 10211, NULL, NULL, NULL, 'Ηλεία', 1),
(350, '39', 10207, NULL, NULL, NULL, 'Ζάκυνθος', 1),
(351, '40', 10207, NULL, NULL, NULL, 'Κέρκυρα', 1),
(352, '41', 10207, NULL, NULL, NULL, 'Κεφαλληνία', 1),
(353, '42', 10207, NULL, NULL, NULL, 'Ιθάκη', 1),
(354, '43', 10207, NULL, NULL, NULL, 'Λευκάδα', 1),
(355, '44', 10208, NULL, NULL, NULL, 'Ικαρία', 1),
(356, '45', 10208, NULL, NULL, NULL, 'Λέσβος', 1),
(357, '46', 10208, NULL, NULL, NULL, 'Λήμνος', 1),
(358, '47', 10208, NULL, NULL, NULL, 'Σάμος', 1),
(359, '48', 10208, NULL, NULL, NULL, 'Χίος', 1),
(360, '49', 10210, NULL, NULL, NULL, 'Άνδρος', 1),
(361, '50', 10210, NULL, NULL, NULL, 'Θήρα', 1),
(362, '51', 10210, NULL, NULL, NULL, 'Κάλυμνος', 1),
(363, '52', 10210, NULL, NULL, NULL, 'Κάρπαθος', 1),
(364, '53', 10210, NULL, NULL, NULL, 'Κέα-Κύθνος', 1),
(365, '54', 10210, NULL, NULL, NULL, 'Κω', 1),
(366, '55', 10210, NULL, NULL, NULL, 'Μήλος', 1),
(367, '56', 10210, NULL, NULL, NULL, 'Μύκονος', 1),
(368, '57', 10210, NULL, NULL, NULL, 'Νάξος', 1),
(369, '58', 10210, NULL, NULL, NULL, 'Πάρος', 1),
(370, '59', 10210, NULL, NULL, NULL, 'Ρόδος', 1),
(371, '60', 10210, NULL, NULL, NULL, 'Σύρος', 1),
(372, '61', 10210, NULL, NULL, NULL, 'Τήνος', 1),
(373, '62', 10204, NULL, NULL, NULL, 'Ηράκλειο', 1),
(374, '63', 10204, NULL, NULL, NULL, 'Λασίθι', 1),
(375, '64', 10204, NULL, NULL, NULL, 'Ρέθυμνο', 1),
(376, '65', 10204, NULL, NULL, NULL, 'Χανιά', 1),
(377, 'AG', 601, NULL, NULL, 'ARGOVIE', 'Argovie', 1),
(378, 'AI', 601, NULL, NULL, 'APPENZELL RHODES INTERIEURES', 'Appenzell Rhodes intérieures', 1),
(379, 'AR', 601, NULL, NULL, 'APPENZELL RHODES EXTERIEURES', 'Appenzell Rhodes extérieures', 1),
(380, 'BE', 601, NULL, NULL, 'BERNE', 'Berne', 1),
(381, 'BL', 601, NULL, NULL, 'BALE CAMPAGNE', 'Bâle Campagne', 1),
(382, 'BS', 601, NULL, NULL, 'BALE VILLE', 'Bâle Ville', 1),
(383, 'FR', 601, NULL, NULL, 'FRIBOURG', 'Fribourg', 1),
(384, 'GE', 601, NULL, NULL, 'GENEVE', 'Genève', 1),
(385, 'GL', 601, NULL, NULL, 'GLARIS', 'Glaris', 1),
(386, 'GR', 601, NULL, NULL, 'GRISONS', 'Grisons', 1),
(387, 'JU', 601, NULL, NULL, 'JURA', 'Jura', 1),
(388, 'LU', 601, NULL, NULL, 'LUCERNE', 'Lucerne', 1),
(389, 'NE', 601, NULL, NULL, 'NEUCHATEL', 'Neuchâtel', 1),
(390, 'NW', 601, NULL, NULL, 'NIDWALD', 'Nidwald', 1),
(391, 'OW', 601, NULL, NULL, 'OBWALD', 'Obwald', 1),
(392, 'SG', 601, NULL, NULL, 'SAINT-GALL', 'Saint-Gall', 1),
(393, 'SH', 601, NULL, NULL, 'SCHAFFHOUSE', 'Schaffhouse', 1),
(394, 'SO', 601, NULL, NULL, 'SOLEURE', 'Soleure', 1),
(395, 'SZ', 601, NULL, NULL, 'SCHWYZ', 'Schwyz', 1),
(396, 'TG', 601, NULL, NULL, 'THURGOVIE', 'Thurgovie', 1),
(397, 'TI', 601, NULL, NULL, 'TESSIN', 'Tessin', 1),
(398, 'UR', 601, NULL, NULL, 'URI', 'Uri', 1),
(399, 'VD', 601, NULL, NULL, 'VAUD', 'Vaud', 1),
(400, 'VS', 601, NULL, NULL, 'VALAIS', 'Valais', 1),
(401, 'ZG', 601, NULL, NULL, 'ZUG', 'Zug', 1),
(402, 'ZH', 601, NULL, NULL, 'ZURICH', 'Zürich', 1),
(403, '701', 701, NULL, 0, NULL, 'Bedfordshire', 1),
(404, '702', 701, NULL, 0, NULL, 'Berkshire', 1),
(405, '703', 701, NULL, 0, NULL, 'Bristol, City of', 1),
(406, '704', 701, NULL, 0, NULL, 'Buckinghamshire', 1),
(407, '705', 701, NULL, 0, NULL, 'Cambridgeshire', 1),
(408, '706', 701, NULL, 0, NULL, 'Cheshire', 1),
(409, '707', 701, NULL, 0, NULL, 'Cleveland', 1),
(410, '708', 701, NULL, 0, NULL, 'Cornwall', 1),
(411, '709', 701, NULL, 0, NULL, 'Cumberland', 1),
(412, '710', 701, NULL, 0, NULL, 'Cumbria', 1),
(413, '711', 701, NULL, 0, NULL, 'Derbyshire', 1),
(414, '712', 701, NULL, 0, NULL, 'Devon', 1),
(415, '713', 701, NULL, 0, NULL, 'Dorset', 1),
(416, '714', 701, NULL, 0, NULL, 'Co. Durham', 1),
(417, '715', 701, NULL, 0, NULL, 'East Riding of Yorkshire', 1),
(418, '716', 701, NULL, 0, NULL, 'East Sussex', 1),
(419, '717', 701, NULL, 0, NULL, 'Essex', 1),
(420, '718', 701, NULL, 0, NULL, 'Gloucestershire', 1),
(421, '719', 701, NULL, 0, NULL, 'Greater Manchester', 1),
(422, '720', 701, NULL, 0, NULL, 'Hampshire', 1),
(423, '721', 701, NULL, 0, NULL, 'Hertfordshire', 1),
(424, '722', 701, NULL, 0, NULL, 'Hereford and Worcester', 1),
(425, '723', 701, NULL, 0, NULL, 'Herefordshire', 1),
(426, '724', 701, NULL, 0, NULL, 'Huntingdonshire', 1),
(427, '725', 701, NULL, 0, NULL, 'Isle of Man', 1),
(428, '726', 701, NULL, 0, NULL, 'Isle of Wight', 1),
(429, '727', 701, NULL, 0, NULL, 'Jersey', 1),
(430, '728', 701, NULL, 0, NULL, 'Kent', 1),
(431, '729', 701, NULL, 0, NULL, 'Lancashire', 1),
(432, '730', 701, NULL, 0, NULL, 'Leicestershire', 1),
(433, '731', 701, NULL, 0, NULL, 'Lincolnshire', 1),
(434, '732', 701, NULL, 0, NULL, 'London - City of London', 1),
(435, '733', 701, NULL, 0, NULL, 'Merseyside', 1),
(436, '734', 701, NULL, 0, NULL, 'Middlesex', 1),
(437, '735', 701, NULL, 0, NULL, 'Norfolk', 1),
(438, '736', 701, NULL, 0, NULL, 'North Yorkshire', 1),
(439, '737', 701, NULL, 0, NULL, 'North Riding of Yorkshire', 1),
(440, '738', 701, NULL, 0, NULL, 'Northamptonshire', 1),
(441, '739', 701, NULL, 0, NULL, 'Northumberland', 1),
(442, '740', 701, NULL, 0, NULL, 'Nottinghamshire', 1),
(443, '741', 701, NULL, 0, NULL, 'Oxfordshire', 1),
(444, '742', 701, NULL, 0, NULL, 'Rutland', 1),
(445, '743', 701, NULL, 0, NULL, 'Shropshire', 1),
(446, '744', 701, NULL, 0, NULL, 'Somerset', 1),
(447, '745', 701, NULL, 0, NULL, 'Staffordshire', 1),
(448, '746', 701, NULL, 0, NULL, 'Suffolk', 1),
(449, '747', 701, NULL, 0, NULL, 'Surrey', 1),
(450, '748', 701, NULL, 0, NULL, 'Sussex', 1),
(451, '749', 701, NULL, 0, NULL, 'Tyne and Wear', 1),
(452, '750', 701, NULL, 0, NULL, 'Warwickshire', 1),
(453, '751', 701, NULL, 0, NULL, 'West Midlands', 1),
(454, '752', 701, NULL, 0, NULL, 'West Sussex', 1),
(455, '753', 701, NULL, 0, NULL, 'West Yorkshire', 1),
(456, '754', 701, NULL, 0, NULL, 'West Riding of Yorkshire', 1),
(457, '755', 701, NULL, 0, NULL, 'Wiltshire', 1),
(458, '756', 701, NULL, 0, NULL, 'Worcestershire', 1),
(459, '757', 701, NULL, 0, NULL, 'Yorkshire', 1),
(460, '758', 702, NULL, 0, NULL, 'Anglesey', 1),
(461, '759', 702, NULL, 0, NULL, 'Breconshire', 1),
(462, '760', 702, NULL, 0, NULL, 'Caernarvonshire', 1),
(463, '761', 702, NULL, 0, NULL, 'Cardiganshire', 1),
(464, '762', 702, NULL, 0, NULL, 'Carmarthenshire', 1),
(465, '763', 702, NULL, 0, NULL, 'Ceredigion', 1),
(466, '764', 702, NULL, 0, NULL, 'Denbighshire', 1),
(467, '765', 702, NULL, 0, NULL, 'Flintshire', 1),
(468, '766', 702, NULL, 0, NULL, 'Glamorgan', 1),
(469, '767', 702, NULL, 0, NULL, 'Gwent', 1),
(470, '768', 702, NULL, 0, NULL, 'Gwynedd', 1),
(471, '769', 702, NULL, 0, NULL, 'Merionethshire', 1),
(472, '770', 702, NULL, 0, NULL, 'Monmouthshire', 1),
(473, '771', 702, NULL, 0, NULL, 'Mid Glamorgan', 1),
(474, '772', 702, NULL, 0, NULL, 'Montgomeryshire', 1),
(475, '773', 702, NULL, 0, NULL, 'Pembrokeshire', 1),
(476, '774', 702, NULL, 0, NULL, 'Powys', 1),
(477, '775', 702, NULL, 0, NULL, 'Radnorshire', 1),
(478, '776', 702, NULL, 0, NULL, 'South Glamorgan', 1),
(479, '777', 703, NULL, 0, NULL, 'Aberdeen, City of', 1),
(480, '778', 703, NULL, 0, NULL, 'Angus', 1),
(481, '779', 703, NULL, 0, NULL, 'Argyll', 1),
(482, '780', 703, NULL, 0, NULL, 'Ayrshire', 1),
(483, '781', 703, NULL, 0, NULL, 'Banffshire', 1),
(484, '782', 703, NULL, 0, NULL, 'Berwickshire', 1),
(485, '783', 703, NULL, 0, NULL, 'Bute', 1),
(486, '784', 703, NULL, 0, NULL, 'Caithness', 1),
(487, '785', 703, NULL, 0, NULL, 'Clackmannanshire', 1),
(488, '786', 703, NULL, 0, NULL, 'Dumfriesshire', 1),
(489, '787', 703, NULL, 0, NULL, 'Dumbartonshire', 1),
(490, '788', 703, NULL, 0, NULL, 'Dundee, City of', 1),
(491, '789', 703, NULL, 0, NULL, 'East Lothian', 1),
(492, '790', 703, NULL, 0, NULL, 'Fife', 1),
(493, '791', 703, NULL, 0, NULL, 'Inverness', 1),
(494, '792', 703, NULL, 0, NULL, 'Kincardineshire', 1),
(495, '793', 703, NULL, 0, NULL, 'Kinross-shire', 1),
(496, '794', 703, NULL, 0, NULL, 'Kirkcudbrightshire', 1),
(497, '795', 703, NULL, 0, NULL, 'Lanarkshire', 1),
(498, '796', 703, NULL, 0, NULL, 'Midlothian', 1),
(499, '797', 703, NULL, 0, NULL, 'Morayshire', 1),
(500, '798', 703, NULL, 0, NULL, 'Nairnshire', 1),
(501, '799', 703, NULL, 0, NULL, 'Orkney', 1),
(502, '800', 703, NULL, 0, NULL, 'Peebleshire', 1),
(503, '801', 703, NULL, 0, NULL, 'Perthshire', 1),
(504, '802', 703, NULL, 0, NULL, 'Renfrewshire', 1),
(505, '803', 703, NULL, 0, NULL, 'Ross & Cromarty', 1),
(506, '804', 703, NULL, 0, NULL, 'Roxburghshire', 1),
(507, '805', 703, NULL, 0, NULL, 'Selkirkshire', 1),
(508, '806', 703, NULL, 0, NULL, 'Shetland', 1),
(509, '807', 703, NULL, 0, NULL, 'Stirlingshire', 1),
(510, '808', 703, NULL, 0, NULL, 'Sutherland', 1),
(511, '809', 703, NULL, 0, NULL, 'West Lothian', 1),
(512, '810', 703, NULL, 0, NULL, 'Wigtownshire', 1),
(513, '811', 704, NULL, 0, NULL, 'Antrim', 1),
(514, '812', 704, NULL, 0, NULL, 'Armagh', 1),
(515, '813', 704, NULL, 0, NULL, 'Co. Down', 1),
(516, '814', 704, NULL, 0, NULL, 'Co. Fermanagh', 1),
(517, '815', 704, NULL, 0, NULL, 'Co. Londonderry', 1),
(518, 'AL', 1101, '', 0, 'ALABAMA', 'Alabama', 1),
(519, 'AK', 1101, '', 0, 'ALASKA', 'Alaska', 1),
(520, 'AZ', 1101, '', 0, 'ARIZONA', 'Arizona', 1),
(521, 'AR', 1101, '', 0, 'ARKANSAS', 'Arkansas', 1),
(522, 'CA', 1101, '', 0, 'CALIFORNIA', 'California', 1),
(523, 'CO', 1101, '', 0, 'COLORADO', 'Colorado', 1),
(524, 'CT', 1101, '', 0, 'CONNECTICUT', 'Connecticut', 1),
(525, 'DE', 1101, '', 0, 'DELAWARE', 'Delaware', 1),
(526, 'FL', 1101, '', 0, 'FLORIDA', 'Florida', 1),
(527, 'GA', 1101, '', 0, 'GEORGIA', 'Georgia', 1),
(528, 'HI', 1101, '', 0, 'HAWAII', 'Hawaii', 1),
(529, 'ID', 1101, '', 0, 'IDAHO', 'Idaho', 1),
(530, 'IL', 1101, '', 0, 'ILLINOIS', 'Illinois', 1),
(531, 'IN', 1101, '', 0, 'INDIANA', 'Indiana', 1),
(532, 'IA', 1101, '', 0, 'IOWA', 'Iowa', 1),
(533, 'KS', 1101, '', 0, 'KANSAS', 'Kansas', 1),
(534, 'KY', 1101, '', 0, 'KENTUCKY', 'Kentucky', 1),
(535, 'LA', 1101, '', 0, 'LOUISIANA', 'Louisiana', 1),
(536, 'ME', 1101, '', 0, 'MAINE', 'Maine', 1),
(537, 'MD', 1101, '', 0, 'MARYLAND', 'Maryland', 1),
(538, 'MA', 1101, '', 0, 'MASSACHUSSETTS', 'Massachusetts', 1),
(539, 'MI', 1101, '', 0, 'MICHIGAN', 'Michigan', 1),
(540, 'MN', 1101, '', 0, 'MINNESOTA', 'Minnesota', 1),
(541, 'MS', 1101, '', 0, 'MISSISSIPPI', 'Mississippi', 1),
(542, 'MO', 1101, '', 0, 'MISSOURI', 'Missouri', 1),
(543, 'MT', 1101, '', 0, 'MONTANA', 'Montana', 1),
(544, 'NE', 1101, '', 0, 'NEBRASKA', 'Nebraska', 1),
(545, 'NV', 1101, '', 0, 'NEVADA', 'Nevada', 1),
(546, 'NH', 1101, '', 0, 'NEW HAMPSHIRE', 'New Hampshire', 1),
(547, 'NJ', 1101, '', 0, 'NEW JERSEY', 'New Jersey', 1),
(548, 'NM', 1101, '', 0, 'NEW MEXICO', 'New Mexico', 1),
(549, 'NY', 1101, '', 0, 'NEW YORK', 'New York', 1),
(550, 'NC', 1101, '', 0, 'NORTH CAROLINA', 'North Carolina', 1),
(551, 'ND', 1101, '', 0, 'NORTH DAKOTA', 'North Dakota', 1),
(552, 'OH', 1101, '', 0, 'OHIO', 'Ohio', 1),
(553, 'OK', 1101, '', 0, 'OKLAHOMA', 'Oklahoma', 1),
(554, 'OR', 1101, '', 0, 'OREGON', 'Oregon', 1),
(555, 'PA', 1101, '', 0, 'PENNSYLVANIA', 'Pennsylvania', 1),
(556, 'RI', 1101, '', 0, 'RHODE ISLAND', 'Rhode Island', 1),
(557, 'SC', 1101, '', 0, 'SOUTH CAROLINA', 'South Carolina', 1),
(558, 'SD', 1101, '', 0, 'SOUTH DAKOTA', 'South Dakota', 1),
(559, 'TN', 1101, '', 0, 'TENNESSEE', 'Tennessee', 1),
(560, 'TX', 1101, '', 0, 'TEXAS', 'Texas', 1),
(561, 'UT', 1101, '', 0, 'UTAH', 'Utah', 1),
(562, 'VT', 1101, '', 0, 'VERMONT', 'Vermont', 1),
(563, 'VA', 1101, '', 0, 'VIRGINIA', 'Virginia', 1),
(564, 'WA', 1101, '', 0, 'WASHINGTON', 'Washington', 1),
(565, 'WV', 1101, '', 0, 'WEST VIRGINIA', 'West Virginia', 1),
(566, 'WI', 1101, '', 0, 'WISCONSIN', 'Wisconsin', 1),
(567, 'WY', 1101, '', 0, 'WYOMING', 'Wyoming', 1),
(568, 'GR', 1701, NULL, NULL, NULL, 'Groningen', 1),
(569, 'FR', 1701, NULL, NULL, NULL, 'Friesland', 1),
(570, 'DR', 1701, NULL, NULL, NULL, 'Drenthe', 1),
(571, 'OV', 1701, NULL, NULL, NULL, 'Overijssel', 1),
(572, 'GD', 1701, NULL, NULL, NULL, 'Gelderland', 1),
(573, 'FL', 1701, NULL, NULL, NULL, 'Flevoland', 1),
(574, 'UT', 1701, NULL, NULL, NULL, 'Utrecht', 1),
(575, 'NH', 1701, NULL, NULL, NULL, 'Noord-Holland', 1),
(576, 'ZH', 1701, NULL, NULL, NULL, 'Zuid-Holland', 1),
(577, 'ZL', 1701, NULL, NULL, NULL, 'Zeeland', 1),
(578, 'NB', 1701, NULL, NULL, NULL, 'Noord-Brabant', 1),
(579, 'LB', 1701, NULL, NULL, NULL, 'Limburg', 1),
(580, 'SS', 8601, NULL, NULL, NULL, 'San Salvador', 1),
(581, 'SA', 8603, NULL, NULL, NULL, 'Santa Ana', 1),
(582, 'AH', 8603, NULL, NULL, NULL, 'Ahuachapan', 1),
(583, 'SO', 8603, NULL, NULL, NULL, 'Sonsonate', 1),
(584, 'US', 8602, NULL, NULL, NULL, 'Usulutan', 1),
(585, 'SM', 8602, NULL, NULL, NULL, 'San Miguel', 1),
(586, 'MO', 8602, NULL, NULL, NULL, 'Morazan', 1),
(587, 'LU', 8602, NULL, NULL, NULL, 'La Union', 1),
(588, 'LL', 8601, NULL, NULL, NULL, 'La Libertad', 1),
(589, 'CH', 8601, NULL, NULL, NULL, 'Chalatenango', 1),
(590, 'CA', 8601, NULL, NULL, NULL, 'Cabañas', 1),
(591, 'LP', 8601, NULL, NULL, NULL, 'La Paz', 1),
(592, 'SV', 8601, NULL, NULL, NULL, 'San Vicente', 1),
(593, 'CU', 8601, NULL, NULL, NULL, 'Cuscatlan', 1),
(594, '2301', 2301, '', 0, 'CATAMARCA', 'Catamarca', 1),
(595, '2302', 2301, '', 0, 'JUJUY', 'Jujuy', 1),
(596, '2303', 2301, '', 0, 'TUCAMAN', 'Tucamán', 1),
(597, '2304', 2301, '', 0, 'SANTIAGO DEL ESTERO', 'Santiago del Estero', 1),
(598, '2305', 2301, '', 0, 'SALTA', 'Salta', 1),
(599, '2306', 2302, '', 0, 'CHACO', 'Chaco', 1),
(600, '2307', 2302, '', 0, 'CORRIENTES', 'Corrientes', 1),
(601, '2308', 2302, '', 0, 'ENTRE RIOS', 'Entre Ríos', 1),
(602, '2309', 2302, '', 0, 'FORMOSA MISIONES', 'Formosa Misiones', 1),
(603, '2310', 2302, '', 0, 'SANTA FE', 'Santa Fe', 1),
(604, '2311', 2303, '', 0, 'LA RIOJA', 'La Rioja', 1),
(605, '2312', 2303, '', 0, 'MENDOZA', 'Mendoza', 1),
(606, '2313', 2303, '', 0, 'SAN JUAN', 'San Juan', 1),
(607, '2314', 2303, '', 0, 'SAN LUIS', 'San Luis', 1),
(608, '2315', 2304, '', 0, 'CORDOBA', 'Córdoba', 1),
(609, '2316', 2304, '', 0, 'BUENOS AIRES', 'Buenos Aires', 1),
(610, '2317', 2304, '', 0, 'CABA', 'Caba', 1),
(611, '2318', 2305, '', 0, 'LA PAMPA', 'La Pampa', 1),
(612, '2319', 2305, '', 0, 'NEUQUEN', 'Neuquén', 1),
(613, '2320', 2305, '', 0, 'RIO NEGRO', 'Río Negro', 1),
(614, '2321', 2305, '', 0, 'CHUBUT', 'Chubut', 1),
(615, '2322', 2305, '', 0, 'SANTA CRUZ', 'Santa Cruz', 1),
(616, '2323', 2305, '', 0, 'TIERRA DEL FUEGO', 'Tierra del Fuego', 1),
(617, '2324', 2305, '', 0, 'ISLAS MALVINAS', 'Islas Malvinas', 1),
(618, '2325', 2305, '', 0, 'ANTARTIDA', 'Antártida', 1),
(619, 'AC', 5601, 'ACRE', 0, 'AC', 'Acre', 1),
(620, 'AL', 5601, 'ALAGOAS', 0, 'AL', 'Alagoas', 1),
(621, 'AP', 5601, 'AMAPA', 0, 'AP', 'Amapá', 1),
(622, 'AM', 5601, 'AMAZONAS', 0, 'AM', 'Amazonas', 1),
(623, 'BA', 5601, 'BAHIA', 0, 'BA', 'Bahia', 1),
(624, 'CE', 5601, 'CEARA', 0, 'CE', 'Ceará', 1),
(625, 'ES', 5601, 'ESPIRITO SANTO', 0, 'ES', 'Espirito Santo', 1),
(626, 'GO', 5601, 'GOIAS', 0, 'GO', 'Goiás', 1),
(627, 'MA', 5601, 'MARANHAO', 0, 'MA', 'Maranhão', 1),
(628, 'MT', 5601, 'MATO GROSSO', 0, 'MT', 'Mato Grosso', 1),
(629, 'MS', 5601, 'MATO GROSSO DO SUL', 0, 'MS', 'Mato Grosso do Sul', 1),
(630, 'MG', 5601, 'MINAS GERAIS', 0, 'MG', 'Minas Gerais', 1),
(631, 'PA', 5601, 'PARA', 0, 'PA', 'Pará', 1),
(632, 'PB', 5601, 'PARAIBA', 0, 'PB', 'Paraiba', 1),
(633, 'PR', 5601, 'PARANA', 0, 'PR', 'Paraná', 1),
(634, 'PE', 5601, 'PERNAMBUCO', 0, 'PE', 'Pernambuco', 1),
(635, 'PI', 5601, 'PIAUI', 0, 'PI', 'Piauí', 1),
(636, 'RJ', 5601, 'RIO DE JANEIRO', 0, 'RJ', 'Rio de Janeiro', 1),
(637, 'RN', 5601, 'RIO GRANDE DO NORTE', 0, 'RN', 'Rio Grande do Norte', 1),
(638, 'RS', 5601, 'RIO GRANDE DO SUL', 0, 'RS', 'Rio Grande do Sul', 1),
(639, 'RO', 5601, 'RONDONIA', 0, 'RO', 'Rondônia', 1),
(640, 'RR', 5601, 'RORAIMA', 0, 'RR', 'Roraima', 1),
(641, 'SC', 5601, 'SANTA CATARINA', 0, 'SC', 'Santa Catarina', 1),
(642, 'SE', 5601, 'SERGIPE', 0, 'SE', 'Sergipe', 1),
(643, 'SP', 5601, 'SAO PAULO', 0, 'SP', 'Sao Paulo', 1),
(644, 'TO', 5601, 'TOCANTINS', 0, 'TO', 'Tocantins', 1),
(645, 'DF', 5601, 'DISTRITO FEDERAL', 0, 'DF', 'Distrito Federal', 1),
(646, '151', 6715, '', 0, '151', 'Arica', 1),
(647, '152', 6715, '', 0, '152', 'Parinacota', 1),
(648, '011', 6701, '', 0, '011', 'Iquique', 1),
(649, '014', 6701, '', 0, '014', 'Tamarugal', 1),
(650, '021', 6702, '', 0, '021', 'Antofagasa', 1),
(651, '022', 6702, '', 0, '022', 'El Loa', 1),
(652, '023', 6702, '', 0, '023', 'Tocopilla', 1),
(653, '031', 6703, '', 0, '031', 'Copiapó', 1),
(654, '032', 6703, '', 0, '032', 'Chañaral', 1),
(655, '033', 6703, '', 0, '033', 'Huasco', 1),
(656, '041', 6704, '', 0, '041', 'Elqui', 1),
(657, '042', 6704, '', 0, '042', 'Choapa', 1),
(658, '043', 6704, '', 0, '043', 'Limarí', 1),
(659, '051', 6705, '', 0, '051', 'Valparaíso', 1),
(660, '052', 6705, '', 0, '052', 'Isla de Pascua', 1),
(661, '053', 6705, '', 0, '053', 'Los Andes', 1),
(662, '054', 6705, '', 0, '054', 'Petorca', 1),
(663, '055', 6705, '', 0, '055', 'Quillota', 1),
(664, '056', 6705, '', 0, '056', 'San Antonio', 1),
(665, '057', 6705, '', 0, '057', 'San Felipe de Aconcagua', 1),
(666, '058', 6705, '', 0, '058', 'Marga Marga', 1),
(667, '061', 6706, '', 0, '061', 'Cachapoal', 1),
(668, '062', 6706, '', 0, '062', 'Cardenal Caro', 1),
(669, '063', 6706, '', 0, '063', 'Colchagua', 1),
(670, '071', 6707, '', 0, '071', 'Talca', 1),
(671, '072', 6707, '', 0, '072', 'Cauquenes', 1),
(672, '073', 6707, '', 0, '073', 'Curicó', 1),
(673, '074', 6707, '', 0, '074', 'Linares', 1),
(674, '081', 6708, '', 0, '081', 'Concepción', 1),
(675, '082', 6708, '', 0, '082', 'Arauco', 1),
(676, '083', 6708, '', 0, '083', 'Biobío', 1),
(677, '084', 6708, '', 0, '084', 'Ñuble', 1),
(678, '091', 6709, '', 0, '091', 'Cautín', 1),
(679, '092', 6709, '', 0, '092', 'Malleco', 1),
(680, '141', 6714, '', 0, '141', 'Valdivia', 1),
(681, '142', 6714, '', 0, '142', 'Ranco', 1),
(682, '101', 6710, '', 0, '101', 'Llanquihue', 1),
(683, '102', 6710, '', 0, '102', 'Chiloé', 1),
(684, '103', 6710, '', 0, '103', 'Osorno', 1),
(685, '104', 6710, '', 0, '104', 'Palena', 1),
(686, '111', 6711, '', 0, '111', 'Coihaique', 1),
(687, '112', 6711, '', 0, '112', 'Aisén', 1),
(688, '113', 6711, '', 0, '113', 'Capitán Prat', 1),
(689, '114', 6711, '', 0, '114', 'General Carrera', 1),
(690, '121', 6712, '', 0, '121', 'Magallanes', 1),
(691, '122', 6712, '', 0, '122', 'Antártica Chilena', 1),
(692, '123', 6712, '', 0, '123', 'Tierra del Fuego', 1),
(693, '124', 6712, '', 0, '124', 'Última Esperanza', 1),
(694, '131', 6713, '', 0, '131', 'Santiago', 1),
(695, '132', 6713, '', 0, '132', 'Cordillera', 1),
(696, '133', 6713, '', 0, '133', 'Chacabuco', 1),
(697, '134', 6713, '', 0, '134', 'Maipo', 1),
(698, '135', 6713, '', 0, '135', 'Melipilla', 1),
(699, '136', 6713, '', 0, '136', 'Talagante', 1),
(700, 'AN', 11701, NULL, 0, 'AN', 'Andaman & Nicobar', 1),
(701, 'AP', 11701, NULL, 0, 'AP', 'Andhra Pradesh', 1),
(702, 'AR', 11701, NULL, 0, 'AR', 'Arunachal Pradesh', 1),
(703, 'AS', 11701, NULL, 0, 'AS', 'Assam', 1),
(704, 'BR', 11701, NULL, 0, 'BR', 'Bihar', 1),
(705, 'CG', 11701, NULL, 0, 'CG', 'Chattisgarh', 1),
(706, 'CH', 11701, NULL, 0, 'CH', 'Chandigarh', 1),
(707, 'DD', 11701, NULL, 0, 'DD', 'Daman & Diu', 1),
(708, 'DL', 11701, NULL, 0, 'DL', 'Delhi', 1),
(709, 'DN', 11701, NULL, 0, 'DN', 'Dadra and Nagar Haveli', 1),
(710, 'GA', 11701, NULL, 0, 'GA', 'Goa', 1),
(711, 'GJ', 11701, NULL, 0, 'GJ', 'Gujarat', 1),
(712, 'HP', 11701, NULL, 0, 'HP', 'Himachal Pradesh', 1),
(713, 'HR', 11701, NULL, 0, 'HR', 'Haryana', 1),
(714, 'JH', 11701, NULL, 0, 'JH', 'Jharkhand', 1),
(715, 'JK', 11701, NULL, 0, 'JK', 'Jammu & Kashmir', 1),
(716, 'KA', 11701, NULL, 0, 'KA', 'Karnataka', 1),
(717, 'KL', 11701, NULL, 0, 'KL', 'Kerala', 1),
(718, 'LD', 11701, NULL, 0, 'LD', 'Lakshadweep', 1),
(719, 'MH', 11701, NULL, 0, 'MH', 'Maharashtra', 1),
(720, 'ML', 11701, NULL, 0, 'ML', 'Meghalaya', 1),
(721, 'MN', 11701, NULL, 0, 'MN', 'Manipur', 1),
(722, 'MP', 11701, NULL, 0, 'MP', 'Madhya Pradesh', 1),
(723, 'MZ', 11701, NULL, 0, 'MZ', 'Mizoram', 1),
(724, 'NL', 11701, NULL, 0, 'NL', 'Nagaland', 1),
(725, 'OR', 11701, NULL, 0, 'OR', 'Orissa', 1),
(726, 'PB', 11701, NULL, 0, 'PB', 'Punjab', 1),
(727, 'PY', 11701, NULL, 0, 'PY', 'Puducherry', 1),
(728, 'RJ', 11701, NULL, 0, 'RJ', 'Rajasthan', 1),
(729, 'SK', 11701, NULL, 0, 'SK', 'Sikkim', 1),
(730, 'TN', 11701, NULL, 0, 'TN', 'Tamil Nadu', 1),
(731, 'TR', 11701, NULL, 0, 'TR', 'Tripura', 1),
(732, 'UL', 11701, NULL, 0, 'UL', 'Uttarakhand', 1),
(733, 'UP', 11701, NULL, 0, 'UP', 'Uttar Pradesh', 1),
(734, 'WB', 11701, NULL, 0, 'WB', 'West Bengal', 1),
(735, 'DIF', 15401, '', 0, 'DIF', 'Distrito Federal', 1),
(736, 'AGS', 15401, '', 0, 'AGS', 'Aguascalientes', 1),
(737, 'BCN', 15401, '', 0, 'BCN', 'Baja California Norte', 1),
(738, 'BCS', 15401, '', 0, 'BCS', 'Baja California Sur', 1),
(739, 'CAM', 15401, '', 0, 'CAM', 'Campeche', 1),
(740, 'CHP', 15401, '', 0, 'CHP', 'Chiapas', 1),
(741, 'CHI', 15401, '', 0, 'CHI', 'Chihuahua', 1),
(742, 'COA', 15401, '', 0, 'COA', 'Coahuila', 1),
(743, 'COL', 15401, '', 0, 'COL', 'Colima', 1),
(744, 'DUR', 15401, '', 0, 'DUR', 'Durango', 1),
(745, 'GTO', 15401, '', 0, 'GTO', 'Guanajuato', 1),
(746, 'GRO', 15401, '', 0, 'GRO', 'Guerrero', 1),
(747, 'HGO', 15401, '', 0, 'HGO', 'Hidalgo', 1),
(748, 'JAL', 15401, '', 0, 'JAL', 'Jalisco', 1),
(749, 'MEX', 15401, '', 0, 'MEX', 'México', 1),
(750, 'MIC', 15401, '', 0, 'MIC', 'Michoacán de Ocampo', 1),
(751, 'MOR', 15401, '', 0, 'MOR', 'Morelos', 1),
(752, 'NAY', 15401, '', 0, 'NAY', 'Nayarit', 1),
(753, 'NLE', 15401, '', 0, 'NLE', 'Nuevo León', 1),
(754, 'OAX', 15401, '', 0, 'OAX', 'Oaxaca', 1),
(755, 'PUE', 15401, '', 0, 'PUE', 'Puebla', 1),
(756, 'QRO', 15401, '', 0, 'QRO', 'Querétaro', 1),
(757, 'ROO', 15401, '', 0, 'ROO', 'Quintana Roo', 1),
(758, 'SLP', 15401, '', 0, 'SLP', 'San Luis Potosí', 1),
(759, 'SIN', 15401, '', 0, 'SIN', 'Sinaloa', 1),
(760, 'SON', 15401, '', 0, 'SON', 'Sonora', 1),
(761, 'TAB', 15401, '', 0, 'TAB', 'Tabasco', 1),
(762, 'TAM', 15401, '', 0, 'TAM', 'Tamaulipas', 1),
(763, 'TLX', 15401, '', 0, 'TLX', 'Tlaxcala', 1),
(764, 'VER', 15401, '', 0, 'VER', 'Veracruz', 1),
(765, 'YUC', 15401, '', 0, 'YUC', 'Yucatán', 1),
(766, 'ZAC', 15401, '', 0, 'ZAC', 'Zacatecas', 1),
(767, 'ANT', 7001, '', 0, 'ANT', 'Antioquia', 1),
(768, 'BOL', 7001, '', 0, 'BOL', 'Bolívar', 1),
(769, 'BOY', 7001, '', 0, 'BOY', 'Boyacá', 1),
(770, 'CAL', 7001, '', 0, 'CAL', 'Caldas', 1),
(771, 'CAU', 7001, '', 0, 'CAU', 'Cauca', 1),
(772, 'CUN', 7001, '', 0, 'CUN', 'Cundinamarca', 1),
(773, 'HUI', 7001, '', 0, 'HUI', 'Huila', 1),
(774, 'LAG', 7001, '', 0, 'LAG', 'La Guajira', 1),
(775, 'MET', 7001, '', 0, 'MET', 'Meta', 1),
(776, 'NAR', 7001, '', 0, 'NAR', 'Nariño', 1),
(777, 'NDS', 7001, '', 0, 'NDS', 'Norte de Santander', 1),
(778, 'SAN', 7001, '', 0, 'SAN', 'Santander', 1),
(779, 'SUC', 7001, '', 0, 'SUC', 'Sucre', 1),
(780, 'TOL', 7001, '', 0, 'TOL', 'Tolima', 1),
(781, 'VAC', 7001, '', 0, 'VAC', 'Valle del Cauca', 1),
(782, 'RIS', 7001, '', 0, 'RIS', 'Risalda', 1),
(783, 'ATL', 7001, '', 0, 'ATL', 'Atlántico', 1),
(784, 'COR', 7001, '', 0, 'COR', 'Córdoba', 1),
(785, 'SAP', 7001, '', 0, 'SAP', 'San Andrés, Providencia y Santa Catalina', 1),
(786, 'ARA', 7001, '', 0, 'ARA', 'Arauca', 1),
(787, 'CAS', 7001, '', 0, 'CAS', 'Casanare', 1),
(788, 'AMA', 7001, '', 0, 'AMA', 'Amazonas', 1),
(789, 'CAQ', 7001, '', 0, 'CAQ', 'Caquetá', 1),
(790, 'CHO', 7001, '', 0, 'CHO', 'Chocó', 1),
(791, 'GUA', 7001, '', 0, 'GUA', 'Guainía', 1),
(792, 'GUV', 7001, '', 0, 'GUV', 'Guaviare', 1),
(793, 'PUT', 7001, '', 0, 'PUT', 'Putumayo', 1),
(794, 'QUI', 7001, '', 0, 'QUI', 'Quindío', 1),
(795, 'VAU', 7001, '', 0, 'VAU', 'Vaupés', 1),
(796, 'BOG', 7001, '', 0, 'BOG', 'Bogotá', 1),
(797, 'VID', 7001, '', 0, 'VID', 'Vichada', 1),
(798, 'CES', 7001, '', 0, 'CES', 'Cesar', 1),
(799, 'MAG', 7001, '', 0, 'MAG', 'Magdalena', 1),
(800, 'AT', 11401, '', 0, 'AT', 'Atlántida', 1),
(801, 'CH', 11401, '', 0, 'CH', 'Choluteca', 1),
(802, 'CL', 11401, '', 0, 'CL', 'Colón', 1),
(803, 'CM', 11401, '', 0, 'CM', 'Comayagua', 1),
(804, 'CO', 11401, '', 0, 'CO', 'Copán', 1),
(805, 'CR', 11401, '', 0, 'CR', 'Cortés', 1),
(806, 'EP', 11401, '', 0, 'EP', 'El Paraíso', 1),
(807, 'FM', 11401, '', 0, 'FM', 'Francisco Morazán', 1),
(808, 'GD', 11401, '', 0, 'GD', 'Gracias a Dios', 1),
(809, 'IN', 11401, '', 0, 'IN', 'Intibucá', 1),
(810, 'IB', 11401, '', 0, 'IB', 'Islas de la Bahía', 1),
(811, 'LP', 11401, '', 0, 'LP', 'La Paz', 1),
(812, 'LM', 11401, '', 0, 'LM', 'Lempira', 1),
(813, 'OC', 11401, '', 0, 'OC', 'Ocotepeque', 1),
(814, 'OL', 11401, '', 0, 'OL', 'Olancho', 1),
(815, 'SB', 11401, '', 0, 'SB', 'Santa Bárbara', 1),
(816, 'VL', 11401, '', 0, 'VL', 'Valle', 1),
(817, 'YO', 11401, '', 0, 'YO', 'Yoro', 1),
(818, 'DC', 11401, '', 0, 'DC', 'Distrito Central', 1),
(819, 'CC', 4601, 'Oistins', 0, 'CC', 'Christ Church', 1),
(820, 'SA', 4601, 'Greenland', 0, 'SA', 'Saint Andrew', 1),
(821, 'SG', 4601, 'Bulkeley', 0, 'SG', 'Saint George', 1),
(822, 'JA', 4601, 'Holetown', 0, 'JA', 'Saint James', 1),
(823, 'SJ', 4601, 'Four Roads', 0, 'SJ', 'Saint John', 1),
(824, 'SB', 4601, 'Bathsheba', 0, 'SB', 'Saint Joseph', 1),
(825, 'SL', 4601, 'Crab Hill', 0, 'SL', 'Saint Lucy', 1),
(826, 'SM', 4601, 'Bridgetown', 0, 'SM', 'Saint Michael', 1),
(827, 'SP', 4601, 'Speightstown', 0, 'SP', 'Saint Peter', 1),
(828, 'SC', 4601, 'Crane', 0, 'SC', 'Saint Philip', 1),
(829, 'ST', 4601, 'Hillaby', 0, 'ST', 'Saint Thomas', 1),
(830, 'VE-L', 23201, '', 0, 'VE-L', 'Mérida', 1),
(831, 'VE-T', 23201, '', 0, 'VE-T', 'Trujillo', 1),
(832, 'VE-E', 23201, '', 0, 'VE-E', 'Barinas', 1),
(833, 'VE-M', 23202, '', 0, 'VE-M', 'Miranda', 1),
(834, 'VE-W', 23202, '', 0, 'VE-W', 'Vargas', 1),
(835, 'VE-A', 23202, '', 0, 'VE-A', 'Distrito Capital', 1),
(836, 'VE-D', 23203, '', 0, 'VE-D', 'Aragua', 1),
(837, 'VE-G', 23203, '', 0, 'VE-G', 'Carabobo', 1),
(838, 'VE-I', 23204, '', 0, 'VE-I', 'Falcón', 1),
(839, 'VE-K', 23204, '', 0, 'VE-K', 'Lara', 1),
(840, 'VE-U', 23204, '', 0, 'VE-U', 'Yaracuy', 1),
(841, 'VE-F', 23205, '', 0, 'VE-F', 'Bolívar', 1),
(842, 'VE-X', 23205, '', 0, 'VE-X', 'Amazonas', 1),
(843, 'VE-Y', 23205, '', 0, 'VE-Y', 'Delta Amacuro', 1),
(844, 'VE-O', 23206, '', 0, 'VE-O', 'Nueva Esparta', 1),
(845, 'VE-Z', 23206, '', 0, 'VE-Z', 'Dependencias Federales', 1),
(846, 'VE-C', 23207, '', 0, 'VE-C', 'Apure', 1),
(847, 'VE-J', 23207, '', 0, 'VE-J', 'Guárico', 1),
(848, 'VE-H', 23207, '', 0, 'VE-H', 'Cojedes', 1),
(849, 'VE-P', 23207, '', 0, 'VE-P', 'Portuguesa', 1),
(850, 'VE-B', 23208, '', 0, 'VE-B', 'Anzoátegui', 1),
(851, 'VE-N', 23208, '', 0, 'VE-N', 'Monagas', 1),
(852, 'VE-R', 23208, '', 0, 'VE-R', 'Sucre', 1),
(853, 'VE-V', 23209, '', 0, 'VE-V', 'Zulia', 1),
(854, 'VE-S', 23209, '', 0, 'VE-S', 'Táchira', 1),
(855, 'AL01', 1301, '', 0, '', 'Wilaya d\'Adrar', 1),
(856, 'AL02', 1301, '', 0, '', 'Wilaya de Chlef', 1),
(857, 'AL03', 1301, '', 0, '', 'Wilaya de Laghouat', 1),
(858, 'AL04', 1301, '', 0, '', 'Wilaya d\'Oum El Bouaghi', 1),
(859, 'AL05', 1301, '', 0, '', 'Wilaya de Batna', 1),
(860, 'AL06', 1301, '', 0, '', 'Wilaya de Béjaïa', 1),
(861, 'AL07', 1301, '', 0, '', 'Wilaya de Biskra', 1),
(862, 'AL08', 1301, '', 0, '', 'Wilaya de Béchar', 1),
(863, 'AL09', 1301, '', 0, '', 'Wilaya de Blida', 1),
(864, 'AL11', 1301, '', 0, '', 'Wilaya de Bouira', 1),
(865, 'AL12', 1301, '', 0, '', 'Wilaya de Tamanrasset', 1),
(866, 'AL13', 1301, '', 0, '', 'Wilaya de Tébessa', 1),
(867, 'AL14', 1301, '', 0, '', 'Wilaya de Tlemcen', 1),
(868, 'AL15', 1301, '', 0, '', 'Wilaya de Tiaret', 1),
(869, 'AL16', 1301, '', 0, '', 'Wilaya de Tizi Ouzou', 1),
(870, 'AL17', 1301, '', 0, '', 'Wilaya d\'Alger', 1),
(871, 'AL18', 1301, '', 0, '', 'Wilaya de Djelfa', 1),
(872, 'AL19', 1301, '', 0, '', 'Wilaya de Jijel', 1),
(873, 'AL20', 1301, '', 0, '', 'Wilaya de Sétif	', 1),
(874, 'AL21', 1301, '', 0, '', 'Wilaya de Saïda', 1),
(875, 'AL22', 1301, '', 0, '', 'Wilaya de Skikda', 1),
(876, 'AL23', 1301, '', 0, '', 'Wilaya de Sidi Bel Abbès', 1),
(877, 'AL24', 1301, '', 0, '', 'Wilaya d\'Annaba', 1),
(878, 'AL25', 1301, '', 0, '', 'Wilaya de Guelma', 1),
(879, 'AL26', 1301, '', 0, '', 'Wilaya de Constantine', 1),
(880, 'AL27', 1301, '', 0, '', 'Wilaya de Médéa', 1),
(881, 'AL28', 1301, '', 0, '', 'Wilaya de Mostaganem', 1),
(882, 'AL29', 1301, '', 0, '', 'Wilaya de M\'Sila', 1),
(883, 'AL30', 1301, '', 0, '', 'Wilaya de Mascara', 1),
(884, 'AL31', 1301, '', 0, '', 'Wilaya d\'Ouargla', 1),
(885, 'AL32', 1301, '', 0, '', 'Wilaya d\'Oran', 1),
(886, 'AL33', 1301, '', 0, '', 'Wilaya d\'El Bayadh', 1),
(887, 'AL34', 1301, '', 0, '', 'Wilaya d\'Illizi', 1),
(888, 'AL35', 1301, '', 0, '', 'Wilaya de Bordj Bou Arreridj', 1),
(889, 'AL36', 1301, '', 0, '', 'Wilaya de Boumerdès', 1),
(890, 'AL37', 1301, '', 0, '', 'Wilaya d\'El Tarf', 1),
(891, 'AL38', 1301, '', 0, '', 'Wilaya de Tindouf', 1),
(892, 'AL39', 1301, '', 0, '', 'Wilaya de Tissemsilt', 1),
(893, 'AL40', 1301, '', 0, '', 'Wilaya d\'El Oued', 1),
(894, 'AL41', 1301, '', 0, '', 'Wilaya de Khenchela', 1),
(895, 'AL42', 1301, '', 0, '', 'Wilaya de Souk Ahras', 1),
(896, 'AL43', 1301, '', 0, '', 'Wilaya de Tipaza', 1),
(897, 'AL44', 1301, '', 0, '', 'Wilaya de Mila', 1),
(898, 'AL45', 1301, '', 0, '', 'Wilaya d\'Aïn Defla', 1),
(899, 'AL46', 1301, '', 0, '', 'Wilaya de Naâma', 1),
(900, 'AL47', 1301, '', 0, '', 'Wilaya d\'Aïn Témouchent', 1),
(901, 'AL48', 1301, '', 0, '', 'Wilaya de Ghardaia', 1),
(902, 'AL49', 1301, '', 0, '', 'Wilaya de Relizane', 1),
(903, 'MA', 1209, '', 0, '', 'Province de Benslimane', 1),
(904, 'MA1', 1209, '', 0, '', 'Province de Berrechid', 1),
(905, 'MA2', 1209, '', 0, '', 'Province de Khouribga', 1),
(906, 'MA3', 1209, '', 0, '', 'Province de Settat', 1),
(907, 'MA4', 1210, '', 0, '', 'Province d\'El Jadida', 1),
(908, 'MA5', 1210, '', 0, '', 'Province de Safi', 1),
(909, 'MA6', 1210, '', 0, '', 'Province de Sidi Bennour', 1),
(910, 'MA7', 1210, '', 0, '', 'Province de Youssoufia', 1),
(911, 'MA6B', 1205, '', 0, '', 'Préfecture de Fès', 1),
(912, 'MA7B', 1205, '', 0, '', 'Province de Boulemane', 1),
(913, 'MA8', 1205, '', 0, '', 'Province de Moulay Yacoub', 1),
(914, 'MA9', 1205, '', 0, '', 'Province de Sefrou', 1),
(915, 'MA8A', 1202, '', 0, '', 'Province de Kénitra', 1),
(916, 'MA9A', 1202, '', 0, '', 'Province de Sidi Kacem', 1),
(917, 'MA10', 1202, '', 0, '', 'Province de Sidi Slimane', 1),
(918, 'MA11', 1208, '', 0, '', 'Préfecture de Casablanca', 1),
(919, 'MA12', 1208, '', 0, '', 'Préfecture de Mohammédia', 1),
(920, 'MA13', 1208, '', 0, '', 'Province de Médiouna', 1),
(921, 'MA14', 1208, '', 0, '', 'Province de Nouaceur', 1),
(922, 'MA15', 1214, '', 0, '', 'Province d\'Assa-Zag', 1),
(923, 'MA16', 1214, '', 0, '', 'Province d\'Es-Semara', 1),
(924, 'MA17A', 1214, '', 0, '', 'Province de Guelmim', 1),
(925, 'MA18', 1214, '', 0, '', 'Province de Tata', 1),
(926, 'MA19', 1214, '', 0, '', 'Province de Tan-Tan', 1),
(927, 'MA15', 1215, '', 0, '', 'Province de Boujdour', 1),
(928, 'MA16', 1215, '', 0, '', 'Province de Lâayoune', 1),
(929, 'MA17', 1215, '', 0, '', 'Province de Tarfaya', 1),
(930, 'MA18', 1211, '', 0, '', 'Préfecture de Marrakech', 1),
(931, 'MA19', 1211, '', 0, '', 'Province d\'Al Haouz', 1),
(932, 'MA20', 1211, '', 0, '', 'Province de Chichaoua', 1),
(933, 'MA21', 1211, '', 0, '', 'Province d\'El Kelâa des Sraghna', 1),
(934, 'MA22', 1211, '', 0, '', 'Province d\'Essaouira', 1),
(935, 'MA23', 1211, '', 0, '', 'Province de Rehamna', 1),
(936, 'MA24', 1206, '', 0, '', 'Préfecture de Meknès', 1),
(937, 'MA25', 1206, '', 0, '', 'Province d’El Hajeb', 1),
(938, 'MA26', 1206, '', 0, '', 'Province d\'Errachidia', 1),
(939, 'MA27', 1206, '', 0, '', 'Province d’Ifrane', 1),
(940, 'MA28', 1206, '', 0, '', 'Province de Khénifra', 1),
(941, 'MA29', 1206, '', 0, '', 'Province de Midelt', 1),
(942, 'MA30', 1204, '', 0, '', 'Préfecture d\'Oujda-Angad', 1),
(943, 'MA31', 1204, '', 0, '', 'Province de Berkane', 1),
(944, 'MA32', 1204, '', 0, '', 'Province de Driouch', 1),
(945, 'MA33', 1204, '', 0, '', 'Province de Figuig', 1),
(946, 'MA34', 1204, '', 0, '', 'Province de Jerada', 1),
(947, 'MA35', 1204, '', 0, '', 'Province de Nadorgg', 1),
(948, 'MA36', 1204, '', 0, '', 'Province de Taourirt', 1),
(949, 'MA37', 1216, '', 0, '', 'Province d\'Aousserd', 1),
(950, 'MA38', 1216, '', 0, '', 'Province d\'Oued Ed-Dahab', 1),
(951, 'MA39', 1207, '', 0, '', 'Préfecture de Rabat', 1),
(952, 'MA40', 1207, '', 0, '', 'Préfecture de Skhirat-Témara', 1),
(953, 'MA41', 1207, '', 0, '', 'Préfecture de Salé', 1),
(954, 'MA42', 1207, '', 0, '', 'Province de Khémisset', 1),
(955, 'MA43', 1213, '', 0, '', 'Préfecture d\'Agadir Ida-Outanane', 1),
(956, 'MA44', 1213, '', 0, '', 'Préfecture d\'Inezgane-Aït Melloul', 1),
(957, 'MA45', 1213, '', 0, '', 'Province de Chtouka-Aït Baha', 1),
(958, 'MA46', 1213, '', 0, '', 'Province d\'Ouarzazate', 1),
(959, 'MA47', 1213, '', 0, '', 'Province de Sidi Ifni', 1),
(960, 'MA48', 1213, '', 0, '', 'Province de Taroudant', 1),
(961, 'MA49', 1213, '', 0, '', 'Province de Tinghir', 1),
(962, 'MA50', 1213, '', 0, '', 'Province de Tiznit', 1),
(963, 'MA51', 1213, '', 0, '', 'Province de Zagora', 1),
(964, 'MA52', 1212, '', 0, '', 'Province d\'Azilal', 1);
INSERT INTO `am_c_departements` (`rowid`, `code_departement`, `fk_region`, `cheflieu`, `tncc`, `ncc`, `nom`, `active`) VALUES
(965, 'MA53', 1212, '', 0, '', 'Province de Beni Mellal', 1),
(966, 'MA54', 1212, '', 0, '', 'Province de Fquih Ben Salah', 1),
(967, 'MA55', 1201, '', 0, '', 'Préfecture de M\'diq-Fnideq', 1),
(968, 'MA56', 1201, '', 0, '', 'Préfecture de Tanger-Asilah', 1),
(969, 'MA57', 1201, '', 0, '', 'Province de Chefchaouen', 1),
(970, 'MA58', 1201, '', 0, '', 'Province de Fahs-Anjra', 1),
(971, 'MA59', 1201, '', 0, '', 'Province de Larache', 1),
(972, 'MA60', 1201, '', 0, '', 'Province d\'Ouezzane', 1),
(973, 'MA61', 1201, '', 0, '', 'Province de Tétouan', 1),
(974, 'MA62', 1203, '', 0, '', 'Province de Guercif', 1),
(975, 'MA63', 1203, '', 0, '', 'Province d\'Al Hoceïma', 1),
(976, 'MA64', 1203, '', 0, '', 'Province de Taounate', 1),
(977, 'MA65', 1203, '', 0, '', 'Province de Taza', 1),
(978, 'MA6A', 1205, '', 0, '', 'Préfecture de Fès', 1),
(979, 'MA7A', 1205, '', 0, '', 'Province de Boulemane', 1),
(980, 'MA15A', 1214, '', 0, '', 'Province d\'Assa-Zag', 1),
(981, 'MA16A', 1214, '', 0, '', 'Province d\'Es-Semara', 1),
(982, 'MA18A', 1211, '', 0, '', 'Préfecture de Marrakech', 1),
(983, 'MA19A', 1214, '', 0, '', 'Province de Tan-Tan', 1),
(984, 'MA19B', 1214, '', 0, '', 'Province de Tan-Tan', 1),
(985, 'TN01', 1001, '', 0, '', 'Ariana', 1),
(986, 'TN02', 1001, '', 0, '', 'Béja', 1),
(987, 'TN03', 1001, '', 0, '', 'Ben Arous', 1),
(988, 'TN04', 1001, '', 0, '', 'Bizerte', 1),
(989, 'TN05', 1001, '', 0, '', 'Gabès', 1),
(990, 'TN06', 1001, '', 0, '', 'Gafsa', 1),
(991, 'TN07', 1001, '', 0, '', 'Jendouba', 1),
(992, 'TN08', 1001, '', 0, '', 'Kairouan', 1),
(993, 'TN09', 1001, '', 0, '', 'Kasserine', 1),
(994, 'TN10', 1001, '', 0, '', 'Kébili', 1),
(995, 'TN11', 1001, '', 0, '', 'La Manouba', 1),
(996, 'TN12', 1001, '', 0, '', 'Le Kef', 1),
(997, 'TN13', 1001, '', 0, '', 'Mahdia', 1),
(998, 'TN14', 1001, '', 0, '', 'Médenine', 1),
(999, 'TN15', 1001, '', 0, '', 'Monastir', 1),
(1000, 'TN16', 1001, '', 0, '', 'Nabeul', 1),
(1001, 'TN17', 1001, '', 0, '', 'Sfax', 1),
(1002, 'TN18', 1001, '', 0, '', 'Sidi Bouzid', 1),
(1003, 'TN19', 1001, '', 0, '', 'Siliana', 1),
(1004, 'TN20', 1001, '', 0, '', 'Sousse', 1),
(1005, 'TN21', 1001, '', 0, '', 'Tataouine', 1),
(1006, 'TN22', 1001, '', 0, '', 'Tozeur', 1),
(1007, 'TN23', 1001, '', 0, '', 'Tunis', 1),
(1008, 'TN24', 1001, '', 0, '', 'Zaghouan', 1);

-- --------------------------------------------------------

--
-- Structure de la table `am_c_ecotaxe`
--

CREATE TABLE `am_c_ecotaxe` (
  `rowid` int(11) NOT NULL,
  `code` varchar(64) NOT NULL,
  `libelle` varchar(255) DEFAULT NULL,
  `price` double(24,8) DEFAULT NULL,
  `organization` varchar(255) DEFAULT NULL,
  `fk_pays` int(11) NOT NULL,
  `active` tinyint(4) NOT NULL DEFAULT '1'
) ENGINE=InnoDB DEFAULT CHARSET=utf8;

--
-- Déchargement des données de la table `am_c_ecotaxe`
--

INSERT INTO `am_c_ecotaxe` (`rowid`, `code`, `libelle`, `price`, `organization`, `fk_pays`, `active`) VALUES
(1, 'ER-A-A', 'Materiels electriques < 0,2kg', 0.01000000, 'ERP', 1, 1),
(2, 'ER-A-B', 'Materiels electriques >= 0,2 kg et < 0,5 kg', 0.03000000, 'ERP', 1, 1),
(3, 'ER-A-C', 'Materiels electriques >= 0,5 kg et < 1 kg', 0.04000000, 'ERP', 1, 1),
(4, 'ER-A-D', 'Materiels electriques >= 1 kg et < 2 kg', 0.13000000, 'ERP', 1, 1),
(5, 'ER-A-E', 'Materiels electriques >= 2 kg et < 4kg', 0.21000000, 'ERP', 1, 1),
(6, 'ER-A-F', 'Materiels electriques >= 4 kg et < 8 kg', 0.42000000, 'ERP', 1, 1),
(7, 'ER-A-G', 'Materiels electriques >= 8 kg et < 15 kg', 0.84000000, 'ERP', 1, 1),
(8, 'ER-A-H', 'Materiels electriques >= 15 kg et < 20 kg', 1.25000000, 'ERP', 1, 1),
(9, 'ER-A-I', 'Materiels electriques >= 20 kg et < 30 kg', 1.88000000, 'ERP', 1, 1),
(10, 'ER-A-J', 'Materiels electriques >= 30 kg', 3.34000000, 'ERP', 1, 1),
(11, 'ER-M-1', 'TV, Moniteurs < 9kg', 0.84000000, 'ERP', 1, 1),
(12, 'ER-M-2', 'TV, Moniteurs >= 9kg et < 15kg', 1.67000000, 'ERP', 1, 1),
(13, 'ER-M-3', 'TV, Moniteurs >= 15kg et < 30kg', 3.34000000, 'ERP', 1, 1),
(14, 'ER-M-4', 'TV, Moniteurs >= 30 kg', 6.69000000, 'ERP', 1, 1),
(15, 'EC-A-A', 'Materiels electriques  0,2 kg max', 0.00840000, 'Ecologic', 1, 1),
(16, 'EC-A-B', 'Materiels electriques 0,21 kg min - 0,50 kg max', 0.02500000, 'Ecologic', 1, 1),
(17, 'EC-A-C', 'Materiels electriques  0,51 kg min - 1 kg max', 0.04000000, 'Ecologic', 1, 1),
(18, 'EC-A-D', 'Materiels electriques  1,01 kg min - 2,5 kg max', 0.13000000, 'Ecologic', 1, 1),
(19, 'EC-A-E', 'Materiels electriques  2,51 kg min - 4 kg max', 0.21000000, 'Ecologic', 1, 1),
(20, 'EC-A-F', 'Materiels electriques 4,01 kg min - 8 kg max', 0.42000000, 'Ecologic', 1, 1),
(21, 'EC-A-G', 'Materiels electriques  8,01 kg min - 12 kg max', 0.63000000, 'Ecologic', 1, 1),
(22, 'EC-A-H', 'Materiels electriques 12,01 kg min - 20 kg max', 1.05000000, 'Ecologic', 1, 1),
(23, 'EC-A-I', 'Materiels electriques  20,01 kg min', 1.88000000, 'Ecologic', 1, 1),
(24, 'EC-M-1', 'TV, Moniteurs 9 kg max', 0.84000000, 'Ecologic', 1, 1),
(25, 'EC-M-2', 'TV, Moniteurs 9,01 kg min - 18 kg max', 1.67000000, 'Ecologic', 1, 1),
(26, 'EC-M-3', 'TV, Moniteurs 18,01 kg min - 36 kg max', 3.34000000, 'Ecologic', 1, 1),
(27, 'EC-M-4', 'TV, Moniteurs 36,01 kg min', 6.69000000, 'Ecologic', 1, 1),
(28, 'ES-M-1', 'TV, Moniteurs <= 20 pouces', 0.84000000, 'Eco-systemes', 1, 1),
(29, 'ES-M-2', 'TV, Moniteurs > 20 pouces et <= 32 pouces', 3.34000000, 'Eco-systemes', 1, 1),
(30, 'ES-M-3', 'TV, Moniteurs > 32 pouces et autres grands ecrans', 6.69000000, 'Eco-systemes', 1, 1),
(31, 'ES-A-A', 'Ordinateur fixe, Audio home systems (HIFI), elements hifi separes', 0.84000000, 'Eco-systemes', 1, 1),
(32, 'ES-A-B', 'Ordinateur portable, CD-RCR, VCR, lecteurs et enregistreurs DVD, instruments de musique et caisses de resonance, haut parleurs...', 0.25000000, 'Eco-systemes', 1, 1),
(33, 'ES-A-C', 'Imprimante, photocopieur, telecopieur', 0.42000000, 'Eco-systemes', 1, 1),
(34, 'ES-A-D', 'Accessoires, clavier, souris, PDA, imprimante photo, appareil photo, gps, telephone, repondeur, telephone sans fil, modem, telecommande, casque, camescope, baladeur mp3, radio portable, radio K7 et CD portable, radio reveil', 0.08400000, 'Eco-systemes', 1, 1),
(35, 'ES-A-E', 'GSM', 0.00840000, 'Eco-systemes', 1, 1),
(36, 'ES-A-F', 'Jouets et equipements de loisirs et de sports < 0,5 kg', 0.04200000, 'Eco-systemes', 1, 1),
(37, 'ES-A-G', 'Jouets et equipements de loisirs et de sports > 0,5 kg', 0.17000000, 'Eco-systemes', 1, 1),
(38, 'ES-A-H', 'Jouets et equipements de loisirs et de sports > 10 kg', 1.25000000, 'Eco-systemes', 1, 1);

-- --------------------------------------------------------

--
-- Structure de la table `am_c_effectif`
--

CREATE TABLE `am_c_effectif` (
  `id` int(11) NOT NULL,
  `code` varchar(12) NOT NULL,
  `libelle` varchar(30) DEFAULT NULL,
  `active` tinyint(4) NOT NULL DEFAULT '1',
  `module` varchar(32) DEFAULT NULL
) ENGINE=InnoDB DEFAULT CHARSET=utf8;

--
-- Déchargement des données de la table `am_c_effectif`
--

INSERT INTO `am_c_effectif` (`id`, `code`, `libelle`, `active`, `module`) VALUES
(0, 'EF0', '-', 1, NULL),
(1, 'EF1-5', '1 - 5', 1, NULL),
(2, 'EF6-10', '6 - 10', 1, NULL),
(3, 'EF11-50', '11 - 50', 1, NULL),
(4, 'EF51-100', '51 - 100', 1, NULL),
(5, 'EF100-500', '100 - 500', 1, NULL),
(6, 'EF500-', '> 500', 1, NULL);

-- --------------------------------------------------------

--
-- Structure de la table `am_c_email_templates`
--

CREATE TABLE `am_c_email_templates` (
  `rowid` int(11) NOT NULL,
  `entity` int(11) NOT NULL DEFAULT '1',
  `type_template` varchar(32) DEFAULT NULL,
  `datec` datetime DEFAULT NULL,
  `label` varchar(255) DEFAULT NULL,
  `content` text
) ENGINE=InnoDB DEFAULT CHARSET=utf8;

-- --------------------------------------------------------

--
-- Structure de la table `am_c_field_list`
--

CREATE TABLE `am_c_field_list` (
  `rowid` int(11) NOT NULL,
  `tms` timestamp NOT NULL DEFAULT CURRENT_TIMESTAMP ON UPDATE CURRENT_TIMESTAMP,
  `element` varchar(64) NOT NULL,
  `entity` int(11) NOT NULL DEFAULT '1',
  `name` varchar(32) NOT NULL,
  `alias` varchar(32) NOT NULL,
  `title` varchar(32) NOT NULL,
  `align` varchar(6) DEFAULT 'left',
  `sort` tinyint(4) NOT NULL DEFAULT '1',
  `search` tinyint(4) NOT NULL DEFAULT '0',
  `enabled` varchar(255) DEFAULT '1',
  `rang` int(11) DEFAULT '0'
) ENGINE=InnoDB DEFAULT CHARSET=utf8;

-- --------------------------------------------------------

--
-- Structure de la table `am_c_forme_juridique`
--

CREATE TABLE `am_c_forme_juridique` (
  `rowid` int(11) NOT NULL,
  `code` int(11) NOT NULL,
  `fk_pays` int(11) NOT NULL,
  `libelle` varchar(255) DEFAULT NULL,
  `isvatexempted` tinyint(4) NOT NULL DEFAULT '0',
  `active` tinyint(4) NOT NULL DEFAULT '1',
  `module` varchar(32) DEFAULT NULL
) ENGINE=InnoDB DEFAULT CHARSET=utf8;

--
-- Déchargement des données de la table `am_c_forme_juridique`
--

INSERT INTO `am_c_forme_juridique` (`rowid`, `code`, `fk_pays`, `libelle`, `isvatexempted`, `active`, `module`) VALUES
(1, 0, 0, '-', 0, 1, NULL),
(2, 2301, 23, 'Monotributista', 0, 1, NULL),
(3, 2302, 23, 'Sociedad Civil', 0, 1, NULL),
(4, 2303, 23, 'Sociedades Comerciales', 0, 1, NULL),
(5, 2304, 23, 'Sociedades de Hecho', 0, 1, NULL),
(6, 2305, 23, 'Sociedades Irregulares', 0, 1, NULL),
(7, 2306, 23, 'Sociedad Colectiva', 0, 1, NULL),
(8, 2307, 23, 'Sociedad en Comandita Simple', 0, 1, NULL),
(9, 2308, 23, 'Sociedad de Capital e Industria', 0, 1, NULL),
(10, 2309, 23, 'Sociedad Accidental o en participación', 0, 1, NULL),
(11, 2310, 23, 'Sociedad de Responsabilidad Limitada', 0, 1, NULL),
(12, 2311, 23, 'Sociedad Anónima', 0, 1, NULL),
(13, 2312, 23, 'Sociedad Anónima con Participación Estatal Mayoritaria', 0, 1, NULL),
(14, 2313, 23, 'Sociedad en Comandita por Acciones (arts. 315 a 324, LSC)', 0, 1, NULL),
(15, 11, 1, 'Artisan Commerçant (EI)', 0, 1, NULL),
(16, 12, 1, 'Commerçant (EI)', 0, 1, NULL),
(17, 13, 1, 'Artisan (EI)', 0, 1, NULL),
(18, 14, 1, 'Officier public ou ministériel', 0, 1, NULL),
(19, 15, 1, 'Profession libérale (EI)', 0, 1, NULL),
(20, 16, 1, 'Exploitant agricole', 0, 1, NULL),
(21, 17, 1, 'Agent commercial', 0, 1, NULL),
(22, 18, 1, 'Associé Gérant de société', 0, 1, NULL),
(23, 19, 1, 'Personne physique', 0, 1, NULL),
(24, 21, 1, 'Indivision', 0, 1, NULL),
(25, 22, 1, 'Société créée de fait', 0, 1, NULL),
(26, 23, 1, 'Société en participation', 0, 1, NULL),
(27, 27, 1, 'Paroisse hors zone concordataire', 0, 1, NULL),
(28, 29, 1, 'Groupement de droit privé non doté de la personnalité morale', 0, 1, NULL),
(29, 31, 1, 'Personne morale de droit étranger, immatriculée au RCS', 0, 1, NULL),
(30, 32, 1, 'Personne morale de droit étranger, non immatriculée au RCS', 0, 1, NULL),
(31, 35, 1, 'Régime auto-entrepreneur', 0, 1, NULL),
(32, 41, 1, 'Établissement public ou régie à caractère industriel ou commercial', 0, 1, NULL),
(33, 51, 1, 'Société coopérative commerciale particulière', 0, 1, NULL),
(34, 52, 1, 'Société en nom collectif', 0, 1, NULL),
(35, 53, 1, 'Société en commandite', 0, 1, NULL),
(36, 54, 1, 'Société à responsabilité limitée (SARL)', 0, 1, NULL),
(37, 55, 1, 'Société anonyme à conseil d administration', 0, 1, NULL),
(38, 56, 1, 'Société anonyme à directoire', 0, 1, NULL),
(39, 57, 1, 'Société par actions simplifiée', 0, 1, NULL),
(40, 58, 1, 'Entreprise Unipersonnelle à Responsabilité Limitée (EURL)', 0, 1, NULL),
(41, 61, 1, 'Caisse d\'épargne et de prévoyance', 0, 1, NULL),
(42, 62, 1, 'Groupement d\'intérêt économique (GIE)', 0, 1, NULL),
(43, 63, 1, 'Société coopérative agricole', 0, 1, NULL),
(44, 64, 1, 'Société non commerciale d assurances', 0, 1, NULL),
(45, 65, 1, 'Société civile', 0, 1, NULL),
(46, 69, 1, 'Personnes de droit privé inscrites au RCS', 0, 1, NULL),
(47, 71, 1, 'Administration de l état', 0, 1, NULL),
(48, 72, 1, 'Collectivité territoriale', 0, 1, NULL),
(49, 73, 1, 'Établissement public administratif', 0, 1, NULL),
(50, 74, 1, 'Personne morale de droit public administratif', 0, 1, NULL),
(51, 81, 1, 'Organisme gérant régime de protection social à adhésion obligatoire', 0, 1, NULL),
(52, 82, 1, 'Organisme mutualiste', 0, 1, NULL),
(53, 83, 1, 'Comité d entreprise', 0, 1, NULL),
(54, 84, 1, 'Organisme professionnel', 0, 1, NULL),
(55, 85, 1, 'Organisme de retraite à adhésion non obligatoire', 0, 1, NULL),
(56, 91, 1, 'Syndicat de propriétaires', 0, 1, NULL),
(57, 92, 1, 'Association loi 1901 ou assimilé', 0, 1, NULL),
(58, 93, 1, 'Fondation', 0, 1, NULL),
(59, 99, 1, 'Personne morale de droit privé', 0, 1, NULL),
(60, 200, 2, 'Indépendant', 0, 1, NULL),
(61, 201, 2, 'SPRL - Société à responsabilité limitée', 0, 1, NULL),
(62, 202, 2, 'SA   - Société Anonyme', 0, 1, NULL),
(63, 203, 2, 'SCRL - Société coopérative à responsabilité limitée', 0, 1, NULL),
(64, 204, 2, 'ASBL - Association sans but Lucratif', 0, 1, NULL),
(65, 205, 2, 'SCRI - Société coopérative à responsabilité illimitée', 0, 1, NULL),
(66, 206, 2, 'SCS  - Société en commandite simple', 0, 1, NULL),
(67, 207, 2, 'SCA  - Société en commandite par action', 0, 1, NULL),
(68, 208, 2, 'SNC  - Société en nom collectif', 0, 1, NULL),
(69, 209, 2, 'GIE  - Groupement d intérêt économique', 0, 1, NULL),
(70, 210, 2, 'GEIE - Groupement européen d intérêt économique', 0, 1, NULL),
(71, 500, 5, 'GmbH - Gesellschaft mit beschränkter Haftung', 0, 1, NULL),
(72, 501, 5, 'AG - Aktiengesellschaft ', 0, 1, NULL),
(73, 502, 5, 'GmbH&Co. KG - Gesellschaft mit beschränkter Haftung & Compagnie Kommanditgesellschaft', 0, 1, NULL),
(74, 503, 5, 'Gewerbe - Personengesellschaft', 0, 1, NULL),
(75, 504, 5, 'UG - Unternehmergesellschaft -haftungsbeschränkt-', 0, 1, NULL),
(76, 505, 5, 'GbR - Gesellschaft des bürgerlichen Rechts', 0, 1, NULL),
(77, 506, 5, 'KG - Kommanditgesellschaft', 0, 1, NULL),
(78, 507, 5, 'Ltd. - Limited Company', 0, 1, NULL),
(79, 508, 5, 'OHG - Offene Handelsgesellschaft', 0, 1, NULL),
(80, 10201, 102, 'Ατομική επιχείρηση', 0, 1, NULL),
(81, 10202, 102, 'Εταιρική  επιχείρηση', 0, 1, NULL),
(82, 10203, 102, 'Ομόρρυθμη Εταιρεία Ο.Ε', 0, 1, NULL),
(83, 10204, 102, 'Ετερόρρυθμη Εταιρεία Ε.Ε', 0, 1, NULL),
(84, 10205, 102, 'Εταιρεία Περιορισμένης Ευθύνης Ε.Π.Ε', 0, 1, NULL),
(85, 10206, 102, 'Ανώνυμη Εταιρεία Α.Ε', 0, 1, NULL),
(86, 10207, 102, 'Ανώνυμη ναυτιλιακή εταιρεία Α.Ν.Ε', 0, 1, NULL),
(87, 10208, 102, 'Συνεταιρισμός', 0, 1, NULL),
(88, 10209, 102, 'Συμπλοιοκτησία', 0, 1, NULL),
(89, 301, 3, 'Società semplice', 0, 1, NULL),
(90, 302, 3, 'Società in nome collettivo s.n.c.', 0, 1, NULL),
(91, 303, 3, 'Società in accomandita semplice s.a.s.', 0, 1, NULL),
(92, 304, 3, 'Società per azioni s.p.a.', 0, 1, NULL),
(93, 305, 3, 'Società a responsabilità limitata s.r.l.', 0, 1, NULL),
(94, 306, 3, 'Società in accomandita per azioni s.a.p.a.', 0, 1, NULL),
(95, 307, 3, 'Società cooperativa a r.l.', 0, 1, NULL),
(96, 308, 3, 'Società consortile', 0, 1, NULL),
(97, 309, 3, 'Società europea', 0, 1, NULL),
(98, 310, 3, 'Società cooperativa europea', 0, 1, NULL),
(99, 311, 3, 'Società unipersonale', 0, 1, NULL),
(100, 312, 3, 'Società di professionisti', 0, 1, NULL),
(101, 313, 3, 'Società di fatto', 0, 1, NULL),
(102, 315, 3, 'Società apparente', 0, 1, NULL),
(103, 316, 3, 'Impresa individuale ', 0, 1, NULL),
(104, 317, 3, 'Impresa coniugale', 0, 1, NULL),
(105, 318, 3, 'Impresa familiare', 0, 1, NULL),
(106, 319, 3, 'Consorzio cooperativo', 0, 1, NULL),
(107, 320, 3, 'Società cooperativa sociale', 0, 1, NULL),
(108, 321, 3, 'Società cooperativa di consumo', 0, 1, NULL),
(109, 322, 3, 'Società cooperativa agricola', 0, 1, NULL),
(110, 323, 3, 'A.T.I. Associazione temporanea di imprese', 0, 1, NULL),
(111, 324, 3, 'R.T.I. Raggruppamento temporaneo di imprese', 0, 1, NULL),
(112, 325, 3, 'Studio associato', 0, 1, NULL),
(113, 600, 6, 'Raison Individuelle', 0, 1, NULL),
(114, 601, 6, 'Société Simple', 0, 1, NULL),
(115, 602, 6, 'Société en nom collectif', 0, 1, NULL),
(116, 603, 6, 'Société en commandite', 0, 1, NULL),
(117, 604, 6, 'Société anonyme (SA)', 0, 1, NULL),
(118, 605, 6, 'Société en commandite par actions', 0, 1, NULL),
(119, 606, 6, 'Société à responsabilité limitée (SARL)', 0, 1, NULL),
(120, 607, 6, 'Société coopérative', 0, 1, NULL),
(121, 608, 6, 'Association', 0, 1, NULL),
(122, 609, 6, 'Fondation', 0, 1, NULL),
(123, 700, 7, 'Sole Trader', 0, 1, NULL),
(124, 701, 7, 'Partnership', 0, 1, NULL),
(125, 702, 7, 'Private Limited Company by shares (LTD)', 0, 1, NULL),
(126, 703, 7, 'Public Limited Company', 0, 1, NULL),
(127, 704, 7, 'Workers Cooperative', 0, 1, NULL),
(128, 705, 7, 'Limited Liability Partnership', 0, 1, NULL),
(129, 706, 7, 'Franchise', 0, 1, NULL),
(130, 1000, 10, 'Société à responsabilité limitée (SARL)', 0, 1, NULL),
(131, 1001, 10, 'Société en Nom Collectif (SNC)', 0, 1, NULL),
(132, 1002, 10, 'Société en Commandite Simple (SCS)', 0, 1, NULL),
(133, 1003, 10, 'société en participation', 0, 1, NULL),
(134, 1004, 10, 'Société Anonyme (SA)', 0, 1, NULL),
(135, 1005, 10, 'Société Unipersonnelle à Responsabilité Limitée (SUARL)', 0, 1, NULL),
(136, 1006, 10, 'Groupement d\'intérêt économique (GEI)', 0, 1, NULL),
(137, 1007, 10, 'Groupe de sociétés', 0, 1, NULL),
(138, 1701, 17, 'Eenmanszaak', 0, 1, NULL),
(139, 1702, 17, 'Maatschap', 0, 1, NULL),
(140, 1703, 17, 'Vennootschap onder firma', 0, 1, NULL),
(141, 1704, 17, 'Commanditaire vennootschap', 0, 1, NULL),
(142, 1705, 17, 'Besloten vennootschap (BV)', 0, 1, NULL),
(143, 1706, 17, 'Naamloze Vennootschap (NV)', 0, 1, NULL),
(144, 1707, 17, 'Vereniging', 0, 1, NULL),
(145, 1708, 17, 'Stichting', 0, 1, NULL),
(146, 1709, 17, 'Coöperatie met beperkte aansprakelijkheid (BA)', 0, 1, NULL),
(147, 1710, 17, 'Coöperatie met uitgesloten aansprakelijkheid (UA)', 0, 1, NULL),
(148, 1711, 17, 'Coöperatie met wettelijke aansprakelijkheid (WA)', 0, 1, NULL),
(149, 1712, 17, 'Onderlinge waarborgmaatschappij', 0, 1, NULL),
(150, 401, 4, 'Empresario Individual', 0, 1, NULL),
(151, 402, 4, 'Comunidad de Bienes', 0, 1, NULL),
(152, 403, 4, 'Sociedad Civil', 0, 1, NULL),
(153, 404, 4, 'Sociedad Colectiva', 0, 1, NULL),
(154, 405, 4, 'Sociedad Limitada', 0, 1, NULL),
(155, 406, 4, 'Sociedad Anónima', 0, 1, NULL),
(156, 407, 4, 'Sociedad Comandataria por Acciones', 0, 1, NULL),
(157, 408, 4, 'Sociedad Comandataria Simple', 0, 1, NULL),
(158, 409, 4, 'Sociedad Laboral', 0, 1, NULL),
(159, 410, 4, 'Sociedad Cooperativa', 0, 1, NULL),
(160, 411, 4, 'Sociedad de Garantía Recíproca', 0, 1, NULL),
(161, 412, 4, 'Entidad de Capital-Riesgo', 0, 1, NULL),
(162, 413, 4, 'Agrupación de Interés Económico', 0, 1, NULL),
(163, 414, 4, 'Sociedad de Inversión Mobiliaria', 0, 1, NULL),
(164, 415, 4, 'Agrupación sin Ánimo de Lucro', 0, 1, NULL),
(165, 15201, 152, 'Mauritius Private Company Limited By Shares', 0, 1, NULL),
(166, 15202, 152, 'Mauritius Company Limited By Guarantee', 0, 1, NULL),
(167, 15203, 152, 'Mauritius Public Company Limited By Shares', 0, 1, NULL),
(168, 15204, 152, 'Mauritius Foreign Company', 0, 1, NULL),
(169, 15205, 152, 'Mauritius GBC1 (Offshore Company)', 0, 1, NULL),
(170, 15206, 152, 'Mauritius GBC2 (International Company)', 0, 1, NULL),
(171, 15207, 152, 'Mauritius General Partnership', 0, 1, NULL),
(172, 15208, 152, 'Mauritius Limited Partnership', 0, 1, NULL),
(173, 15209, 152, 'Mauritius Sole Proprietorship', 0, 1, NULL),
(174, 15210, 152, 'Mauritius Trusts', 0, 1, NULL),
(175, 15401, 154, 'Sociedad en nombre colectivo', 0, 1, NULL),
(176, 15402, 154, 'Sociedad en comandita simple', 0, 1, NULL),
(177, 15403, 154, 'Sociedad de responsabilidad limitada', 0, 1, NULL),
(178, 15404, 154, 'Sociedad anónima', 0, 1, NULL),
(179, 15405, 154, 'Sociedad en comandita por acciones', 0, 1, NULL),
(180, 15406, 154, 'Sociedad cooperativa', 0, 1, NULL);

-- --------------------------------------------------------

--
-- Structure de la table `am_c_input_method`
--

CREATE TABLE `am_c_input_method` (
  `rowid` int(11) NOT NULL,
  `code` varchar(30) DEFAULT NULL,
  `libelle` varchar(60) DEFAULT NULL,
  `active` tinyint(4) NOT NULL DEFAULT '1',
  `module` varchar(32) DEFAULT NULL
) ENGINE=InnoDB DEFAULT CHARSET=utf8;

--
-- Déchargement des données de la table `am_c_input_method`
--

INSERT INTO `am_c_input_method` (`rowid`, `code`, `libelle`, `active`, `module`) VALUES
(1, 'OrderByMail', 'Courrier', 1, NULL),
(2, 'OrderByFax', 'Fax', 1, NULL),
(3, 'OrderByEMail', 'EMail', 1, NULL),
(4, 'OrderByPhone', 'Téléphone', 1, NULL),
(5, 'OrderByWWW', 'En ligne', 1, NULL);

-- --------------------------------------------------------

--
-- Structure de la table `am_c_input_reason`
--

CREATE TABLE `am_c_input_reason` (
  `rowid` int(11) NOT NULL,
  `code` varchar(30) DEFAULT NULL,
  `label` varchar(60) DEFAULT NULL,
  `active` tinyint(4) NOT NULL DEFAULT '1',
  `module` varchar(32) DEFAULT NULL
) ENGINE=InnoDB DEFAULT CHARSET=utf8;

--
-- Déchargement des données de la table `am_c_input_reason`
--

INSERT INTO `am_c_input_reason` (`rowid`, `code`, `label`, `active`, `module`) VALUES
(1, 'SRC_INTE', 'Web site', 1, NULL),
(2, 'SRC_CAMP_MAIL', 'Mailing campaign', 1, NULL),
(3, 'SRC_CAMP_PHO', 'Phone campaign', 1, NULL),
(4, 'SRC_CAMP_FAX', 'Fax campaign', 1, NULL),
(5, 'SRC_COMM', 'Commercial contact', 1, NULL),
(6, 'SRC_SHOP', 'Shop contact', 1, NULL),
(7, 'SRC_CAMP_EMAIL', 'EMailing campaign', 1, NULL),
(8, 'SRC_WOM', 'Word of mouth', 1, NULL),
(9, 'SRC_PARTNER', 'Partner', 1, NULL),
(10, 'SRC_EMPLOYEE', 'Employee', 1, NULL),
(11, 'SRC_SPONSORING', 'Sponsorship', 1, NULL);

-- --------------------------------------------------------

--
-- Structure de la table `am_c_paiement`
--

CREATE TABLE `am_c_paiement` (
  `id` int(11) NOT NULL,
  `code` varchar(6) NOT NULL,
  `libelle` varchar(30) DEFAULT NULL,
  `type` smallint(6) DEFAULT NULL,
  `active` tinyint(4) NOT NULL DEFAULT '1',
  `module` varchar(32) DEFAULT NULL
) ENGINE=InnoDB DEFAULT CHARSET=utf8;

--
-- Déchargement des données de la table `am_c_paiement`
--

INSERT INTO `am_c_paiement` (`id`, `code`, `libelle`, `type`, `active`, `module`) VALUES
(0, '', '-', 3, 1, NULL),
(1, 'TIP', 'TIP', 2, 1, NULL),
(2, 'VIR', 'Virement', 2, 1, NULL),
(3, 'PRE', 'Prélèvement', 2, 1, NULL),
(4, 'LIQ', 'Espèces', 2, 1, NULL),
(6, 'CB', 'Carte Bancaire', 2, 1, NULL),
(7, 'CHQ', 'Chèque', 2, 1, NULL),
(50, 'VAD', 'Paiement en ligne', 2, 0, NULL),
(51, 'TRA', 'Traite', 2, 0, NULL),
(52, 'LCR', 'LCR', 2, 0, NULL),
(53, 'FAC', 'Factor', 2, 0, NULL),
(54, 'PRO', 'Proforma', 2, 0, NULL);

-- --------------------------------------------------------

--
-- Structure de la table `am_c_paper_format`
--

CREATE TABLE `am_c_paper_format` (
  `rowid` int(11) NOT NULL,
  `code` varchar(16) NOT NULL,
  `label` varchar(50) NOT NULL,
  `width` float(6,2) DEFAULT '0.00',
  `height` float(6,2) DEFAULT '0.00',
  `unit` varchar(5) NOT NULL,
  `active` tinyint(4) NOT NULL DEFAULT '1',
  `module` varchar(32) DEFAULT NULL
) ENGINE=InnoDB DEFAULT CHARSET=utf8;

--
-- Déchargement des données de la table `am_c_paper_format`
--

INSERT INTO `am_c_paper_format` (`rowid`, `code`, `label`, `width`, `height`, `unit`, `active`, `module`) VALUES
(1, 'EU4A0', 'Format 4A0', 1682.00, 2378.00, 'mm', 1, NULL),
(2, 'EU2A0', 'Format 2A0', 1189.00, 1682.00, 'mm', 1, NULL),
(3, 'EUA0', 'Format A0', 840.00, 1189.00, 'mm', 1, NULL),
(4, 'EUA1', 'Format A1', 594.00, 840.00, 'mm', 1, NULL),
(5, 'EUA2', 'Format A2', 420.00, 594.00, 'mm', 1, NULL),
(6, 'EUA3', 'Format A3', 297.00, 420.00, 'mm', 1, NULL),
(7, 'EUA4', 'Format A4', 210.00, 297.00, 'mm', 1, NULL),
(8, 'EUA5', 'Format A5', 148.00, 210.00, 'mm', 1, NULL),
(9, 'EUA6', 'Format A6', 105.00, 148.00, 'mm', 1, NULL),
(100, 'USLetter', 'Format Letter (A)', 216.00, 279.00, 'mm', 1, NULL),
(105, 'USLegal', 'Format Legal', 216.00, 356.00, 'mm', 1, NULL),
(110, 'USExecutive', 'Format Executive', 190.00, 254.00, 'mm', 1, NULL),
(115, 'USLedger', 'Format Ledger/Tabloid (B)', 279.00, 432.00, 'mm', 1, NULL),
(200, 'CAP1', 'Format Canadian P1', 560.00, 860.00, 'mm', 1, NULL),
(205, 'CAP2', 'Format Canadian P2', 430.00, 560.00, 'mm', 1, NULL),
(210, 'CAP3', 'Format Canadian P3', 280.00, 430.00, 'mm', 1, NULL),
(215, 'CAP4', 'Format Canadian P4', 215.00, 280.00, 'mm', 1, NULL),
(220, 'CAP5', 'Format Canadian P5', 140.00, 215.00, 'mm', 1, NULL),
(225, 'CAP6', 'Format Canadian P6', 107.00, 140.00, 'mm', 1, NULL);

-- --------------------------------------------------------

--
-- Structure de la table `am_c_payment_term`
--

CREATE TABLE `am_c_payment_term` (
  `rowid` int(11) NOT NULL,
  `code` varchar(16) DEFAULT NULL,
  `sortorder` smallint(6) DEFAULT NULL,
  `active` tinyint(4) DEFAULT '1',
  `libelle` varchar(255) DEFAULT NULL,
  `libelle_facture` text,
  `fdm` tinyint(4) DEFAULT NULL,
  `nbjour` smallint(6) DEFAULT NULL,
  `decalage` smallint(6) DEFAULT NULL,
  `module` varchar(32) DEFAULT NULL
) ENGINE=InnoDB DEFAULT CHARSET=utf8;

--
-- Déchargement des données de la table `am_c_payment_term`
--

INSERT INTO `am_c_payment_term` (`rowid`, `code`, `sortorder`, `active`, `libelle`, `libelle_facture`, `fdm`, `nbjour`, `decalage`, `module`) VALUES
(1, 'RECEP', 1, 1, 'A réception de facture', 'Réception de facture', 0, 0, NULL, NULL),
(2, '30D', 2, 1, '30 jours', 'Réglement à 30 jours', 0, 30, NULL, NULL),
(3, '30DENDMONTH', 3, 1, '30 jours fin de mois', 'Réglement à 30 jours fin de mois', 1, 30, NULL, NULL),
(4, '60D', 4, 1, '60 jours', 'Réglement à 60 jours', 0, 60, NULL, NULL),
(5, '60DENDMONTH', 5, 1, '60 jours fin de mois', 'Réglement à 60 jours fin de mois', 1, 60, NULL, NULL),
(6, 'PT_ORDER', 6, 1, 'A réception de commande', 'A réception de commande', 0, 0, NULL, NULL),
(7, 'PT_DELIVERY', 7, 1, 'Livraison', 'Règlement à la livraison', 0, 0, NULL, NULL),
(8, 'PT_5050', 8, 1, '50 et 50', 'Règlement 50% à la commande, 50% à la livraison', 0, 0, NULL, NULL),
(9, '45D', NULL, 1, '45 jours', 'Règlement à 45 jours', 0, 45, NULL, NULL),
(10, '45D', NULL, 1, '45 jours', 'Règlement à 45 jours  fin de mois', 1, 45, NULL, NULL);

-- --------------------------------------------------------

--
-- Structure de la table `am_c_pays`
--

CREATE TABLE `am_c_pays` (
  `rowid` int(11) NOT NULL,
  `code` varchar(2) NOT NULL,
  `code_iso` varchar(3) DEFAULT NULL,
  `libelle` varchar(50) NOT NULL,
  `active` tinyint(4) NOT NULL DEFAULT '1'
) ENGINE=InnoDB DEFAULT CHARSET=utf8;

--
-- Déchargement des données de la table `am_c_pays`
--

INSERT INTO `am_c_pays` (`rowid`, `code`, `code_iso`, `libelle`, `active`) VALUES
(0, '', NULL, '-', 1),
(1, 'FR', NULL, 'France', 1),
(2, 'BE', NULL, 'Belgium', 1),
(3, 'IT', NULL, 'Italy', 1),
(4, 'ES', NULL, 'Spain', 1),
(5, 'DE', NULL, 'Germany', 1),
(6, 'CH', NULL, 'Suisse', 1),
(7, 'GB', NULL, 'United Kingdom', 1),
(8, 'IE', NULL, 'Irland', 1),
(9, 'CN', NULL, 'China', 1),
(10, 'TN', NULL, 'Tunisie', 1),
(11, 'US', NULL, 'United States', 1),
(12, 'MA', NULL, 'Maroc', 1),
(13, 'DZ', NULL, 'Algérie', 1),
(14, 'CA', NULL, 'Canada', 1),
(15, 'TG', NULL, 'Togo', 1),
(16, 'GA', NULL, 'Gabon', 1),
(17, 'NL', NULL, 'Nerderland', 1),
(18, 'HU', NULL, 'Hongrie', 1),
(19, 'RU', NULL, 'Russia', 1),
(20, 'SE', NULL, 'Sweden', 1),
(21, 'CI', NULL, 'Côte d\'Ivoire', 1),
(22, 'SN', NULL, 'Sénégal', 1),
(23, 'AR', NULL, 'Argentine', 1),
(24, 'CM', NULL, 'Cameroun', 1),
(25, 'PT', NULL, 'Portugal', 1),
(26, 'SA', NULL, 'Arabie Saoudite', 1),
(27, 'MC', NULL, 'Monaco', 1),
(28, 'AU', NULL, 'Australia', 1),
(29, 'SG', NULL, 'Singapour', 1),
(30, 'AF', NULL, 'Afghanistan', 1),
(31, 'AX', NULL, 'Iles Aland', 1),
(32, 'AL', NULL, 'Albanie', 1),
(33, 'AS', NULL, 'Samoa américaines', 1),
(34, 'AD', NULL, 'Andorre', 1),
(35, 'AO', NULL, 'Angola', 1),
(36, 'AI', NULL, 'Anguilla', 1),
(37, 'AQ', NULL, 'Antarctique', 1),
(38, 'AG', NULL, 'Antigua-et-Barbuda', 1),
(39, 'AM', NULL, 'Arménie', 1),
(40, 'AW', NULL, 'Aruba', 1),
(41, 'AT', NULL, 'Autriche', 1),
(42, 'AZ', NULL, 'Azerbaïdjan', 1),
(43, 'BS', NULL, 'Bahamas', 1),
(44, 'BH', NULL, 'Bahreïn', 1),
(45, 'BD', NULL, 'Bangladesh', 1),
(46, 'BB', NULL, 'Barbade', 1),
(47, 'BY', NULL, 'Biélorussie', 1),
(48, 'BZ', NULL, 'Belize', 1),
(49, 'BJ', NULL, 'Bénin', 1),
(50, 'BM', NULL, 'Bermudes', 1),
(51, 'BT', NULL, 'Bhoutan', 1),
(52, 'BO', NULL, 'Bolivie', 1),
(53, 'BA', NULL, 'Bosnie-Herzégovine', 1),
(54, 'BW', NULL, 'Botswana', 1),
(55, 'BV', NULL, 'Ile Bouvet', 1),
(56, 'BR', NULL, 'Brazil', 1),
(57, 'IO', NULL, 'Territoire britannique de l\'Océan Indien', 1),
(58, 'BN', NULL, 'Brunei', 1),
(59, 'BG', NULL, 'Bulgarie', 1),
(60, 'BF', NULL, 'Burkina Faso', 1),
(61, 'BI', NULL, 'Burundi', 1),
(62, 'KH', NULL, 'Cambodge', 1),
(63, 'CV', NULL, 'Cap-Vert', 1),
(64, 'KY', NULL, 'Iles Cayman', 1),
(65, 'CF', NULL, 'République centrafricaine', 1),
(66, 'TD', NULL, 'Tchad', 1),
(67, 'CL', NULL, 'Chili', 1),
(68, 'CX', NULL, 'Ile Christmas', 1),
(69, 'CC', NULL, 'Iles des Cocos (Keeling)', 1),
(70, 'CO', NULL, 'Colombie', 1),
(71, 'KM', NULL, 'Comores', 1),
(72, 'CG', NULL, 'Congo', 1),
(73, 'CD', NULL, 'République démocratique du Congo', 1),
(74, 'CK', NULL, 'Iles Cook', 1),
(75, 'CR', NULL, 'Costa Rica', 1),
(76, 'HR', NULL, 'Croatie', 1),
(77, 'CU', NULL, 'Cuba', 1),
(78, 'CY', NULL, 'Chypre', 1),
(79, 'CZ', NULL, 'République Tchèque', 1),
(80, 'DK', NULL, 'Danemark', 1),
(81, 'DJ', NULL, 'Djibouti', 1),
(82, 'DM', NULL, 'Dominique', 1),
(83, 'DO', NULL, 'République Dominicaine', 1),
(84, 'EC', NULL, 'Equateur', 1),
(85, 'EG', NULL, 'Egypte', 1),
(86, 'SV', NULL, 'Salvador', 1),
(87, 'GQ', NULL, 'Guinée Equatoriale', 1),
(88, 'ER', NULL, 'Erythrée', 1),
(89, 'EE', NULL, 'Estonia', 1),
(90, 'ET', NULL, 'Ethiopie', 1),
(91, 'FK', NULL, 'Iles Falkland', 1),
(92, 'FO', NULL, 'Iles Féroé', 1),
(93, 'FJ', NULL, 'Iles Fidji', 1),
(94, 'FI', NULL, 'Finlande', 1),
(95, 'GF', NULL, 'Guyane française', 1),
(96, 'PF', NULL, 'Polynésie française', 1),
(97, 'TF', NULL, 'Terres australes françaises', 1),
(98, 'GM', NULL, 'Gambie', 1),
(99, 'GE', NULL, 'Georgia', 1),
(100, 'GH', NULL, 'Ghana', 1),
(101, 'GI', NULL, 'Gibraltar', 1),
(102, 'GR', NULL, 'Greece', 1),
(103, 'GL', NULL, 'Groenland', 1),
(104, 'GD', NULL, 'Grenade', 1),
(106, 'GU', NULL, 'Guam', 1),
(107, 'GT', NULL, 'Guatemala', 1),
(108, 'GN', NULL, 'Guinea', 1),
(109, 'GW', NULL, 'Guinea-Bissao', 1),
(111, 'HT', NULL, 'Haiti', 1),
(112, 'HM', NULL, 'Iles Heard et McDonald', 1),
(113, 'VA', NULL, 'Saint-Siège (Vatican)', 1),
(114, 'HN', NULL, 'Honduras', 1),
(115, 'HK', NULL, 'Hong Kong', 1),
(116, 'IS', NULL, 'Islande', 1),
(117, 'IN', NULL, 'India', 1),
(118, 'ID', NULL, 'Indonésie', 1),
(119, 'IR', NULL, 'Iran', 1),
(120, 'IQ', NULL, 'Iraq', 1),
(121, 'IL', NULL, 'Israel', 1),
(122, 'JM', NULL, 'Jamaïque', 1),
(123, 'JP', NULL, 'Japon', 1),
(124, 'JO', NULL, 'Jordanie', 1),
(125, 'KZ', NULL, 'Kazakhstan', 1),
(126, 'KE', NULL, 'Kenya', 1),
(127, 'KI', NULL, 'Kiribati', 1),
(128, 'KP', NULL, 'North Corea', 1),
(129, 'KR', NULL, 'South Corea', 1),
(130, 'KW', NULL, 'Koweït', 1),
(131, 'KG', NULL, 'Kirghizistan', 1),
(132, 'LA', NULL, 'Laos', 1),
(133, 'LV', NULL, 'Lettonie', 1),
(134, 'LB', NULL, 'Liban', 1),
(135, 'LS', NULL, 'Lesotho', 1),
(136, 'LR', NULL, 'Liberia', 1),
(137, 'LY', NULL, 'Libye', 1),
(138, 'LI', NULL, 'Liechtenstein', 1),
(139, 'LT', NULL, 'Lituanie', 1),
(140, 'LU', NULL, 'Luxembourg', 1),
(141, 'MO', NULL, 'Macao', 1),
(142, 'MK', NULL, 'ex-République yougoslave de Macédoine', 1),
(143, 'MG', NULL, 'Madagascar', 1),
(144, 'MW', NULL, 'Malawi', 1),
(145, 'MY', NULL, 'Malaisie', 1),
(146, 'MV', NULL, 'Maldives', 1),
(147, 'ML', NULL, 'Mali', 1),
(148, 'MT', NULL, 'Malte', 1),
(149, 'MH', NULL, 'Iles Marshall', 1),
(151, 'MR', NULL, 'Mauritanie', 1),
(152, 'MU', NULL, 'Maurice', 1),
(153, 'YT', NULL, 'Mayotte', 1),
(154, 'MX', NULL, 'Mexique', 1),
(155, 'FM', NULL, 'Micronésie', 1),
(156, 'MD', NULL, 'Moldavie', 1),
(157, 'MN', NULL, 'Mongolie', 1),
(158, 'MS', NULL, 'Monserrat', 1),
(159, 'MZ', NULL, 'Mozambique', 1),
(160, 'MM', NULL, 'Birmanie (Myanmar)', 1),
(161, 'NA', NULL, 'Namibie', 1),
(162, 'NR', NULL, 'Nauru', 1),
(163, 'NP', NULL, 'Népal', 1),
(164, 'AN', NULL, 'Antilles néerlandaises', 1),
(165, 'NC', NULL, 'Nouvelle-Calédonie', 1),
(166, 'NZ', NULL, 'Nouvelle-Zélande', 1),
(167, 'NI', NULL, 'Nicaragua', 1),
(168, 'NE', NULL, 'Niger', 1),
(169, 'NG', NULL, 'Nigeria', 1),
(170, 'NU', NULL, 'Nioué', 1),
(171, 'NF', NULL, 'Ile Norfolk', 1),
(172, 'MP', NULL, 'Mariannes du Nord', 1),
(173, 'NO', NULL, 'Norvège', 1),
(174, 'OM', NULL, 'Oman', 1),
(175, 'PK', NULL, 'Pakistan', 1),
(176, 'PW', NULL, 'Palaos', 1),
(177, 'PS', NULL, 'Territoire Palestinien Occupé', 1),
(178, 'PA', NULL, 'Panama', 1),
(179, 'PG', NULL, 'Papouasie-Nouvelle-Guinée', 1),
(180, 'PY', NULL, 'Paraguay', 1),
(181, 'PE', NULL, 'Pérou', 1),
(182, 'PH', NULL, 'Philippines', 1),
(183, 'PN', NULL, 'Iles Pitcairn', 1),
(184, 'PL', NULL, 'Pologne', 1),
(185, 'PR', NULL, 'Porto Rico', 1),
(186, 'QA', NULL, 'Qatar', 1),
(188, 'RO', NULL, 'Roumanie', 1),
(189, 'RW', NULL, 'Rwanda', 1),
(190, 'SH', NULL, 'Sainte-Hélène', 1),
(191, 'KN', NULL, 'Saint-Christophe-et-Niévès', 1),
(192, 'LC', NULL, 'Sainte-Lucie', 1),
(193, 'PM', NULL, 'Saint-Pierre-et-Miquelon', 1),
(194, 'VC', NULL, 'Saint-Vincent-et-les-Grenadines', 1),
(195, 'WS', NULL, 'Samoa', 1),
(196, 'SM', NULL, 'Saint-Marin', 1),
(197, 'ST', NULL, 'Sao Tomé-et-Principe', 1),
(198, 'RS', NULL, 'Serbie', 1),
(199, 'SC', NULL, 'Seychelles', 1),
(200, 'SL', NULL, 'Sierra Leone', 1),
(201, 'SK', NULL, 'Slovaquie', 1),
(202, 'SI', NULL, 'Slovénie', 1),
(203, 'SB', NULL, 'Iles Salomon', 1),
(204, 'SO', NULL, 'Somalie', 1),
(205, 'ZA', NULL, 'Afrique du Sud', 1),
(206, 'GS', NULL, 'Iles Géorgie du Sud et Sandwich du Sud', 1),
(207, 'LK', NULL, 'Sri Lanka', 1),
(208, 'SD', NULL, 'Soudan', 1),
(209, 'SR', NULL, 'Suriname', 1),
(210, 'SJ', NULL, 'Iles Svalbard et Jan Mayen', 1),
(211, 'SZ', NULL, 'Swaziland', 1),
(212, 'SY', NULL, 'Syrie', 1),
(213, 'TW', NULL, 'Taïwan', 1),
(214, 'TJ', NULL, 'Tadjikistan', 1),
(215, 'TZ', NULL, 'Tanzanie', 1),
(216, 'TH', NULL, 'Thaïlande', 1),
(217, 'TL', NULL, 'Timor Oriental', 1),
(218, 'TK', NULL, 'Tokélaou', 1),
(219, 'TO', NULL, 'Tonga', 1),
(220, 'TT', NULL, 'Trinité-et-Tobago', 1),
(221, 'TR', NULL, 'Turquie', 1),
(222, 'TM', NULL, 'Turkménistan', 1),
(223, 'TC', NULL, 'Iles Turks-et-Caicos', 1),
(224, 'TV', NULL, 'Tuvalu', 1),
(225, 'UG', NULL, 'Ouganda', 1),
(226, 'UA', NULL, 'Ukraine', 1),
(227, 'AE', NULL, 'Émirats arabes unis', 1),
(228, 'UM', NULL, 'Iles mineures éloignées des États-Unis', 1),
(229, 'UY', NULL, 'Uruguay', 1),
(230, 'UZ', NULL, 'Ouzbékistan', 1),
(231, 'VU', NULL, 'Vanuatu', 1),
(232, 'VE', NULL, 'Vénézuela', 1),
(233, 'VN', NULL, 'Viêt Nam', 1),
(234, 'VG', NULL, 'Iles Vierges britanniques', 1),
(235, 'VI', NULL, 'Iles Vierges américaines', 1),
(236, 'WF', NULL, 'Wallis-et-Futuna', 1),
(237, 'EH', NULL, 'Sahara occidental', 1),
(238, 'YE', NULL, 'Yémen', 1),
(239, 'ZM', NULL, 'Zambie', 1),
(240, 'ZW', NULL, 'Zimbabwe', 1),
(241, 'GG', NULL, 'Guernesey', 1),
(242, 'IM', NULL, 'Ile de Man', 1),
(243, 'JE', NULL, 'Jersey', 1),
(244, 'ME', NULL, 'Monténégro', 1),
(245, 'BL', NULL, 'Saint-Barthélemy', 1),
(246, 'MF', NULL, 'Saint-Martin', 1);

-- --------------------------------------------------------

--
-- Structure de la table `am_c_propalst`
--

CREATE TABLE `am_c_propalst` (
  `id` smallint(6) NOT NULL,
  `code` varchar(12) NOT NULL,
  `label` varchar(30) DEFAULT NULL,
  `active` tinyint(4) NOT NULL DEFAULT '1'
) ENGINE=InnoDB DEFAULT CHARSET=utf8;

--
-- Déchargement des données de la table `am_c_propalst`
--

INSERT INTO `am_c_propalst` (`id`, `code`, `label`, `active`) VALUES
(0, 'PR_DRAFT', 'Brouillon', 1),
(1, 'PR_OPEN', 'Ouverte', 1),
(2, 'PR_SIGNED', 'Signée', 1),
(3, 'PR_NOTSIGNED', 'Non Signée', 1),
(4, 'PR_FAC', 'Facturée', 1);

-- --------------------------------------------------------

--
-- Structure de la table `am_c_prospectlevel`
--

CREATE TABLE `am_c_prospectlevel` (
  `code` varchar(12) NOT NULL,
  `label` varchar(30) DEFAULT NULL,
  `sortorder` smallint(6) DEFAULT NULL,
  `active` smallint(6) NOT NULL DEFAULT '1',
  `module` varchar(32) DEFAULT NULL
) ENGINE=InnoDB DEFAULT CHARSET=utf8;

--
-- Déchargement des données de la table `am_c_prospectlevel`
--

INSERT INTO `am_c_prospectlevel` (`code`, `label`, `sortorder`, `active`, `module`) VALUES
('PL_HIGH', 'High', 4, 1, NULL),
('PL_LOW', 'Low', 2, 1, NULL),
('PL_MEDIUM', 'Medium', 3, 1, NULL),
('PL_NONE', 'None', 1, 1, NULL);

-- --------------------------------------------------------

--
-- Structure de la table `am_c_regions`
--

CREATE TABLE `am_c_regions` (
  `rowid` int(11) NOT NULL,
  `code_region` int(11) NOT NULL,
  `fk_pays` int(11) NOT NULL,
  `cheflieu` varchar(50) DEFAULT NULL,
  `tncc` int(11) DEFAULT NULL,
  `nom` varchar(50) DEFAULT NULL,
  `active` tinyint(4) NOT NULL DEFAULT '1'
) ENGINE=InnoDB DEFAULT CHARSET=utf8;

--
-- Déchargement des données de la table `am_c_regions`
--

INSERT INTO `am_c_regions` (`rowid`, `code_region`, `fk_pays`, `cheflieu`, `tncc`, `nom`, `active`) VALUES
(1, 0, 0, '0', 0, '-', 1),
(101, 1, 1, '97105', 3, 'Guadeloupe', 1),
(102, 2, 1, '97209', 3, 'Martinique', 1),
(103, 3, 1, '97302', 3, 'Guyane', 1),
(104, 4, 1, '97411', 3, 'Réunion', 1),
(105, 11, 1, '75056', 1, 'Île-de-France', 1),
(106, 21, 1, '51108', 0, 'Champagne-Ardenne', 1),
(107, 22, 1, '80021', 0, 'Picardie', 1),
(108, 23, 1, '76540', 0, 'Haute-Normandie', 1),
(109, 24, 1, '45234', 2, 'Centre', 1),
(110, 25, 1, '14118', 0, 'Basse-Normandie', 1),
(111, 26, 1, '21231', 0, 'Bourgogne', 1),
(112, 31, 1, '59350', 2, 'Nord-Pas-de-Calais', 1),
(113, 41, 1, '57463', 0, 'Lorraine', 1),
(114, 42, 1, '67482', 1, 'Alsace', 1),
(115, 43, 1, '25056', 0, 'Franche-Comté', 1),
(116, 52, 1, '44109', 4, 'Pays de la Loire', 1),
(117, 53, 1, '35238', 0, 'Bretagne', 1),
(118, 54, 1, '86194', 2, 'Poitou-Charentes', 1),
(119, 72, 1, '33063', 1, 'Aquitaine', 1),
(120, 73, 1, '31555', 0, 'Midi-Pyrénées', 1),
(121, 74, 1, '87085', 2, 'Limousin', 1),
(122, 82, 1, '69123', 2, 'Rhône-Alpes', 1),
(123, 83, 1, '63113', 1, 'Auvergne', 1),
(124, 91, 1, '34172', 2, 'Languedoc-Roussillon', 1),
(125, 93, 1, '13055', 0, 'Provence-Alpes-Côte d\'Azur', 1),
(126, 94, 1, '2A004', 0, 'Corse', 1),
(201, 201, 2, '', 1, 'Flandre', 1),
(202, 202, 2, '', 2, 'Wallonie', 1),
(203, 203, 2, '', 3, 'Bruxelles-Capitale', 1),
(301, 301, 3, NULL, 1, 'Abruzzo', 1),
(302, 302, 3, NULL, 1, 'Basilicata', 1),
(303, 303, 3, NULL, 1, 'Calabria', 1),
(304, 304, 3, NULL, 1, 'Campania', 1),
(305, 305, 3, NULL, 1, 'Emilia-Romagna', 1),
(306, 306, 3, NULL, 1, 'Friuli-Venezia Giulia', 1),
(307, 307, 3, NULL, 1, 'Lazio', 1),
(308, 308, 3, NULL, 1, 'Liguria', 1),
(309, 309, 3, NULL, 1, 'Lombardia', 1),
(310, 310, 3, NULL, 1, 'Marche', 1),
(311, 311, 3, NULL, 1, 'Molise', 1),
(312, 312, 3, NULL, 1, 'Piemonte', 1),
(313, 313, 3, NULL, 1, 'Puglia', 1),
(314, 314, 3, NULL, 1, 'Sardegna', 1),
(315, 315, 3, NULL, 1, 'Sicilia', 1),
(316, 316, 3, NULL, 1, 'Toscana', 1),
(317, 317, 3, NULL, 1, 'Trentino-Alto Adige', 1),
(318, 318, 3, NULL, 1, 'Umbria', 1),
(319, 319, 3, NULL, 1, 'Valle d Aosta', 1),
(320, 320, 3, NULL, 1, 'Veneto', 1),
(401, 401, 4, '', 0, 'Andalucia', 1),
(402, 402, 4, '', 0, 'Aragón', 1),
(403, 403, 4, '', 0, 'Castilla y León', 1),
(404, 404, 4, '', 0, 'Castilla la Mancha', 1),
(405, 405, 4, '', 0, 'Canarias', 1),
(406, 406, 4, '', 0, 'Cataluña', 1),
(407, 407, 4, '', 0, 'Comunidad de Ceuta', 1),
(408, 408, 4, '', 0, 'Comunidad Foral de Navarra', 1),
(409, 409, 4, '', 0, 'Comunidad de Melilla', 1),
(410, 410, 4, '', 0, 'Cantabria', 1),
(411, 411, 4, '', 0, 'Comunidad Valenciana', 1),
(412, 412, 4, '', 0, 'Extemadura', 1),
(413, 413, 4, '', 0, 'Galicia', 1),
(414, 414, 4, '', 0, 'Islas Baleares', 1),
(415, 415, 4, '', 0, 'La Rioja', 1),
(416, 416, 4, '', 0, 'Comunidad de Madrid', 1),
(417, 417, 4, '', 0, 'Región de Murcia', 1),
(418, 418, 4, '', 0, 'Principado de Asturias', 1),
(419, 419, 4, '', 0, 'Pais Vasco', 1),
(420, 420, 4, '', 0, 'Otros', 1),
(501, 501, 5, '', 0, 'Deutschland', 1),
(601, 601, 6, '', 1, 'Cantons', 1),
(701, 701, 7, '', 0, 'England', 1),
(702, 702, 7, '', 0, 'Wales', 1),
(703, 703, 7, '', 0, 'Scotland', 1),
(704, 704, 7, '', 0, 'Northern Ireland', 1),
(1001, 1001, 10, '', 0, 'Ariana', 1),
(1002, 1002, 10, '', 0, 'Béja', 1),
(1003, 1003, 10, '', 0, 'Ben Arous', 1),
(1004, 1004, 10, '', 0, 'Bizerte', 1),
(1005, 1005, 10, '', 0, 'Gabès', 1),
(1006, 1006, 10, '', 0, 'Gafsa', 1),
(1007, 1007, 10, '', 0, 'Jendouba', 1),
(1008, 1008, 10, '', 0, 'Kairouan', 1),
(1009, 1009, 10, '', 0, 'Kasserine', 1),
(1010, 1010, 10, '', 0, 'Kébili', 1),
(1011, 1011, 10, '', 0, 'La Manouba', 1),
(1012, 1012, 10, '', 0, 'Le Kef', 1),
(1013, 1013, 10, '', 0, 'Mahdia', 1),
(1014, 1014, 10, '', 0, 'Médenine', 1),
(1015, 1015, 10, '', 0, 'Monastir', 1),
(1016, 1016, 10, '', 0, 'Nabeul', 1),
(1017, 1017, 10, '', 0, 'Sfax', 1),
(1018, 1018, 10, '', 0, 'Sidi Bouzid', 1),
(1019, 1019, 10, '', 0, 'Siliana', 1),
(1020, 1020, 10, '', 0, 'Sousse', 1),
(1021, 1021, 10, '', 0, 'Tataouine', 1),
(1022, 1022, 10, '', 0, 'Tozeur', 1),
(1023, 1023, 10, '', 0, 'Tunis', 1),
(1024, 1024, 10, '', 0, 'Zaghouan', 1),
(1101, 1101, 11, '', 0, 'United-States', 1),
(1201, 1201, 12, '', 0, 'Tanger-Tétouan', 1),
(1202, 1202, 12, '', 0, 'Gharb-Chrarda-Beni Hssen', 1),
(1203, 1203, 12, '', 0, 'Taza-Al Hoceima-Taounate', 1),
(1204, 1204, 12, '', 0, 'L\'Oriental', 1),
(1205, 1205, 12, '', 0, 'Fès-Boulemane', 1),
(1206, 1206, 12, '', 0, 'Meknès-Tafialet', 1),
(1207, 1207, 12, '', 0, 'Rabat-Salé-Zemour-Zaër', 1),
(1208, 1208, 12, '', 0, 'Grand Cassablanca', 1),
(1209, 1209, 12, '', 0, 'Chaouia-Ouardigha', 1),
(1210, 1210, 12, '', 0, 'Doukahla-Adba', 1),
(1211, 1211, 12, '', 0, 'Marrakech-Tensift-Al Haouz', 1),
(1212, 1212, 12, '', 0, 'Tadla-Azilal', 1),
(1213, 1213, 12, '', 0, 'Sous-Massa-Drâa', 1),
(1214, 1214, 12, '', 0, 'Guelmim-Es Smara', 1),
(1215, 1215, 12, '', 0, 'Laâyoune-Boujdour-Sakia el Hamra', 1),
(1216, 1216, 12, '', 0, 'Oued Ed-Dahab Lagouira', 1),
(1301, 1301, 13, '', 0, 'Algerie', 1),
(1401, 1401, 14, '', 0, 'Canada', 1),
(1701, 1701, 17, '', 0, 'Provincies van Nederland ', 1),
(2301, 2301, 23, '', 0, 'Norte', 1),
(2302, 2302, 23, '', 0, 'Litoral', 1),
(2303, 2303, 23, '', 0, 'Cuyana', 1),
(2304, 2304, 23, '', 0, 'Central', 1),
(2305, 2305, 23, '', 0, 'Patagonia', 1),
(2801, 2801, 28, '', 0, 'Australia', 1),
(4601, 4601, 46, '', 0, 'Barbados', 1),
(5601, 5601, 56, '', 0, 'Brasil', 1),
(6701, 6701, 67, NULL, NULL, 'Tarapacá', 1),
(6702, 6702, 67, NULL, NULL, 'Antofagasta', 1),
(6703, 6703, 67, NULL, NULL, 'Atacama', 1),
(6704, 6704, 67, NULL, NULL, 'Coquimbo', 1),
(6705, 6705, 67, NULL, NULL, 'Valparaíso', 1),
(6706, 6706, 67, NULL, NULL, 'General Bernardo O Higgins', 1),
(6707, 6707, 67, NULL, NULL, 'Maule', 1),
(6708, 6708, 67, NULL, NULL, 'Biobío', 1),
(6709, 6709, 67, NULL, NULL, 'Raucanía', 1),
(6710, 6710, 67, NULL, NULL, 'Los Lagos', 1),
(6711, 6711, 67, NULL, NULL, 'Aysén General Carlos Ibáñez del Campo', 1),
(6712, 6712, 67, NULL, NULL, 'Magallanes y Antártica Chilena', 1),
(6713, 6713, 67, NULL, NULL, 'Metropolitana de Santiago', 1),
(6714, 6714, 67, NULL, NULL, 'Los Ríos', 1),
(6715, 6715, 67, NULL, NULL, 'Arica y Parinacota', 1),
(7001, 7001, 70, '', 0, 'Colombie', 1),
(8601, 8601, 86, NULL, NULL, 'Central', 1),
(8602, 8602, 86, NULL, NULL, 'Oriental', 1),
(8603, 8603, 86, NULL, NULL, 'Occidental', 1),
(10201, 10201, 102, NULL, NULL, 'Αττική', 1),
(10202, 10202, 102, NULL, NULL, 'Στερεά Ελλάδα', 1),
(10203, 10203, 102, NULL, NULL, 'Κεντρική Μακεδονία', 1),
(10204, 10204, 102, NULL, NULL, 'Κρήτη', 1),
(10205, 10205, 102, NULL, NULL, 'Ανατολική Μακεδονία και Θράκη', 1),
(10206, 10206, 102, NULL, NULL, 'Ήπειρος', 1),
(10207, 10207, 102, NULL, NULL, 'Ιόνια νησιά', 1),
(10208, 10208, 102, NULL, NULL, 'Βόρειο Αιγαίο', 1),
(10209, 10209, 102, NULL, NULL, 'Πελοπόννησος', 1),
(10210, 10210, 102, NULL, NULL, 'Νότιο Αιγαίο', 1),
(10211, 10211, 102, NULL, NULL, 'Δυτική Ελλάδα', 1),
(10212, 10212, 102, NULL, NULL, 'Θεσσαλία', 1),
(10213, 10213, 102, NULL, NULL, 'Δυτική Μακεδονία', 1),
(11401, 11401, 114, '', 0, 'Honduras', 1),
(11701, 11701, 117, '', 0, 'India', 1),
(15201, 15201, 152, '', 0, 'Rivière Noire', 1),
(15202, 15202, 152, '', 0, 'Flacq', 1),
(15203, 15203, 152, '', 0, 'Grand Port', 1),
(15204, 15204, 152, '', 0, 'Moka', 1),
(15205, 15205, 152, '', 0, 'Pamplemousses', 1),
(15206, 15206, 152, '', 0, 'Plaines Wilhems', 1),
(15207, 15207, 152, '', 0, 'Port-Louis', 1),
(15208, 15208, 152, '', 0, 'Rivière du Rempart', 1),
(15209, 15209, 152, '', 0, 'Savanne', 1),
(15210, 15210, 152, '', 0, 'Rodrigues', 1),
(15211, 15211, 152, '', 0, 'Les îles Agaléga', 1),
(15212, 15212, 152, '', 0, 'Les écueils des Cargados Carajos', 1),
(15401, 15401, 154, '', 0, 'Mexique', 1),
(23201, 23201, 232, '', 0, 'Los Andes', 1),
(23202, 23202, 232, '', 0, 'Capital', 1),
(23203, 23203, 232, '', 0, 'Central', 1),
(23204, 23204, 232, '', 0, 'Cento Occidental', 1),
(23205, 23205, 232, '', 0, 'Guayana', 1),
(23206, 23206, 232, '', 0, 'Insular', 1),
(23207, 23207, 232, '', 0, 'Los Llanos', 1),
(23208, 23208, 232, '', 0, 'Nor-Oriental', 1),
(23209, 23209, 232, '', 0, 'Zuliana', 1);

-- --------------------------------------------------------

--
-- Structure de la table `am_c_revenuestamp`
--

CREATE TABLE `am_c_revenuestamp` (
  `rowid` int(11) NOT NULL,
  `fk_pays` int(11) NOT NULL,
  `taux` double NOT NULL,
  `note` varchar(128) DEFAULT NULL,
  `active` tinyint(4) NOT NULL DEFAULT '1',
  `accountancy_code_sell` varchar(15) DEFAULT NULL,
  `accountancy_code_buy` varchar(15) DEFAULT NULL
) ENGINE=InnoDB DEFAULT CHARSET=utf8;

--
-- Déchargement des données de la table `am_c_revenuestamp`
--

INSERT INTO `am_c_revenuestamp` (`rowid`, `fk_pays`, `taux`, `note`, `active`, `accountancy_code_sell`, `accountancy_code_buy`) VALUES
(101, 10, 0.4, 'Timbre fiscal', 1, NULL, NULL);

-- --------------------------------------------------------

--
-- Structure de la table `am_c_shipment_mode`
--

CREATE TABLE `am_c_shipment_mode` (
  `rowid` int(11) NOT NULL,
  `tms` timestamp NOT NULL DEFAULT CURRENT_TIMESTAMP ON UPDATE CURRENT_TIMESTAMP,
  `code` varchar(30) NOT NULL,
  `libelle` varchar(50) NOT NULL,
  `description` text,
  `tracking` varchar(255) NOT NULL DEFAULT '',
  `active` tinyint(4) DEFAULT '0',
  `module` varchar(32) DEFAULT NULL
) ENGINE=InnoDB DEFAULT CHARSET=utf8;

--
-- Déchargement des données de la table `am_c_shipment_mode`
--

INSERT INTO `am_c_shipment_mode` (`rowid`, `tms`, `code`, `libelle`, `description`, `tracking`, `active`, `module`) VALUES
(1, '2013-06-15 20:17:50', 'CATCH', 'Catch', 'Catch by client', '', 1, NULL),
(2, '2013-06-15 20:17:50', 'TRANS', 'Transporter', 'Generic transporter', '', 1, NULL),
(3, '2013-06-15 20:17:50', 'COLSUI', 'Colissimo Suivi', 'Colissimo Suivi', '', 0, NULL),
(4, '2013-06-15 20:17:50', 'LETTREMAX', 'Lettre Max', 'Courrier Suivi et Lettre Max', '', 0, NULL);

-- --------------------------------------------------------

--
-- Structure de la table `am_c_stcomm`
--

CREATE TABLE `am_c_stcomm` (
  `id` int(11) NOT NULL,
  `code` varchar(12) NOT NULL,
  `libelle` varchar(30) DEFAULT NULL,
  `active` tinyint(4) NOT NULL DEFAULT '1'
) ENGINE=InnoDB DEFAULT CHARSET=utf8;

--
-- Déchargement des données de la table `am_c_stcomm`
--

INSERT INTO `am_c_stcomm` (`id`, `code`, `libelle`, `active`) VALUES
(-1, 'ST_NO', 'Ne pas contacter', 1),
(0, 'ST_NEVER', 'Jamais contacté', 1),
(1, 'ST_TODO', 'A contacter', 1),
(2, 'ST_PEND', 'Contact en cours', 1),
(3, 'ST_DONE', 'Contactée', 1);

-- --------------------------------------------------------

--
-- Structure de la table `am_c_tva`
--

CREATE TABLE `am_c_tva` (
  `rowid` int(11) NOT NULL,
  `fk_pays` int(11) NOT NULL,
  `taux` double NOT NULL,
  `localtax1` double NOT NULL DEFAULT '0',
  `localtax1_type` varchar(10) DEFAULT NULL,
  `localtax2` double NOT NULL DEFAULT '0',
  `localtax2_type` varchar(10) DEFAULT NULL,
  `recuperableonly` int(11) NOT NULL DEFAULT '0',
  `note` varchar(128) DEFAULT NULL,
  `active` tinyint(4) NOT NULL DEFAULT '1',
  `accountancy_code_sell` varchar(15) DEFAULT NULL,
  `accountancy_code_buy` varchar(15) DEFAULT NULL
) ENGINE=InnoDB DEFAULT CHARSET=utf8;

--
-- Déchargement des données de la table `am_c_tva`
--

INSERT INTO `am_c_tva` (`rowid`, `fk_pays`, `taux`, `localtax1`, `localtax1_type`, `localtax2`, `localtax2_type`, `recuperableonly`, `note`, `active`, `accountancy_code_sell`, `accountancy_code_buy`) VALUES
(11, 1, 19.6, 0, '0', 0, '0', 0, 'VAT standard rate (France hors DOM-TOM)', 1, NULL, NULL),
(12, 1, 8.5, 0, '0', 0, '0', 0, 'VAT standard rate (DOM sauf Guyane et Saint-Martin)', 0, NULL, NULL),
(13, 1, 8.5, 0, '0', 0, '0', 1, 'VAT standard rate (DOM sauf Guyane et Saint-Martin), non perçu par le vendeur mais récupérable par acheteur', 0, NULL, NULL),
(14, 1, 5.5, 0, '0', 0, '0', 0, 'VAT reduced rate (France hors DOM-TOM)', 1, NULL, NULL),
(15, 1, 0, 0, '0', 0, '0', 0, 'VAT Rate 0 ou non applicable', 1, NULL, NULL),
(16, 1, 2.1, 0, '0', 0, '0', 0, 'VAT super-reduced rate', 1, NULL, NULL),
(17, 1, 7, 0, '0', 0, '0', 0, 'VAT reduced rate', 1, NULL, NULL),
(21, 2, 21, 0, '0', 0, '0', 0, 'VAT standard rate', 1, NULL, NULL),
(22, 2, 6, 0, '0', 0, '0', 0, 'VAT reduced rate', 1, NULL, NULL),
(23, 2, 0, 0, '0', 0, '0', 0, 'VAT Rate 0 ou non applicable', 1, NULL, NULL),
(24, 2, 12, 0, '0', 0, '0', 0, 'VAT reduced rate', 1, NULL, NULL),
(31, 3, 21, 0, '0', 0, '0', 0, 'VAT standard rate', 1, NULL, NULL),
(32, 3, 10, 0, '0', 0, '0', 0, 'VAT reduced rate', 1, NULL, NULL),
(33, 3, 4, 0, '0', 0, '0', 0, 'VAT super-reduced rate', 1, NULL, NULL),
(34, 3, 0, 0, '0', 0, '0', 0, 'VAT Rate 0', 1, NULL, NULL),
(41, 4, 21, 5.2, '3', -21, '1', 0, 'VAT standard rate', 1, NULL, NULL),
(42, 4, 10, 1.4, '3', -21, '1', 0, 'VAT reduced rate', 1, NULL, NULL),
(43, 4, 4, 0.5, '3', -21, '1', 0, 'VAT super-reduced rate', 1, NULL, NULL),
(44, 4, 0, 0, '3', -21, '1', 0, 'VAT Rate 0', 1, NULL, NULL),
(51, 5, 19, 0, '0', 0, '0', 0, 'allgemeine Ust.', 1, NULL, NULL),
(52, 5, 7, 0, '0', 0, '0', 0, 'ermäßigte USt.', 1, NULL, NULL),
(53, 5, 0, 0, '0', 0, '0', 0, 'keine USt.', 1, NULL, NULL),
(54, 5, 5.5, 0, '0', 0, '0', 0, 'USt. Forst', 0, NULL, NULL),
(55, 5, 10.7, 0, '0', 0, '0', 0, 'USt. Landwirtschaft', 0, NULL, NULL),
(61, 6, 8, 0, '0', 0, '0', 0, 'VAT standard rate', 1, NULL, NULL),
(62, 6, 3.8, 0, '0', 0, '0', 0, 'VAT reduced rate', 1, NULL, NULL),
(63, 6, 2.5, 0, '0', 0, '0', 0, 'VAT super-reduced rate', 1, NULL, NULL),
(64, 6, 0, 0, '0', 0, '0', 0, 'VAT Rate 0', 1, NULL, NULL),
(71, 7, 20, 0, '0', 0, '0', 0, 'VAT standard rate', 1, NULL, NULL),
(72, 7, 17.5, 0, '0', 0, '0', 0, 'VAT standard rate before 2011', 1, NULL, NULL),
(73, 7, 5, 0, '0', 0, '0', 0, 'VAT reduced rate', 1, NULL, NULL),
(74, 7, 0, 0, '0', 0, '0', 0, 'VAT Rate 0', 1, NULL, NULL),
(91, 9, 17, 0, '0', 0, '0', 0, 'VAT standard rate', 1, NULL, NULL),
(92, 9, 13, 0, '0', 0, '0', 0, 'VAT reduced rate 0', 1, NULL, NULL),
(93, 9, 3, 0, '0', 0, '0', 0, 'VAT super reduced rate 0', 1, NULL, NULL),
(94, 9, 0, 0, '0', 0, '0', 0, 'VAT Rate 0', 1, NULL, NULL),
(101, 10, 6, 1, '4', 0, '0', 0, 'VAT 6%', 1, NULL, NULL),
(102, 10, 12, 1, '4', 0, '0', 0, 'VAT 12%', 1, NULL, NULL),
(103, 10, 18, 1, '4', 0, '0', 0, 'VAT 18%', 1, NULL, NULL),
(104, 10, 7.5, 1, '4', 0, '0', 0, 'VAT 6% Majoré à 25% (7.5%)', 1, NULL, NULL),
(105, 10, 15, 1, '4', 0, '0', 0, 'VAT 12% Majoré à 25% (15%)', 1, NULL, NULL),
(106, 10, 22.5, 1, '4', 0, '0', 0, 'VAT 18% Majoré à 25% (22.5%)', 1, NULL, NULL),
(107, 10, 0, 1, '4', 0, '0', 0, 'VAT Rate 0', 1, NULL, NULL),
(111, 11, 0, 0, '0', 0, '0', 0, 'No Sales Tax', 1, NULL, NULL),
(112, 11, 4, 0, '0', 0, '0', 0, 'Sales Tax 4%', 1, NULL, NULL),
(113, 11, 6, 0, '0', 0, '0', 0, 'Sales Tax 6%', 1, NULL, NULL),
(121, 12, 20, 0, '0', 0, '0', 0, 'VAT standard rate', 1, NULL, NULL),
(122, 12, 14, 0, '0', 0, '0', 0, 'VAT reduced rate', 1, NULL, NULL),
(123, 12, 10, 0, '0', 0, '0', 0, 'VAT reduced rate', 1, NULL, NULL),
(124, 12, 7, 0, '0', 0, '0', 0, 'VAT super-reduced rate', 1, NULL, NULL),
(125, 12, 0, 0, '0', 0, '0', 0, 'VAT Rate 0', 1, NULL, NULL),
(141, 14, 7, 0, '0', 0, '0', 0, 'VAT standard rate', 1, NULL, NULL),
(142, 14, 0, 0, '0', 0, '0', 0, 'VAT Rate 0', 1, NULL, NULL),
(143, 14, 5, 9.975, '1', 0, NULL, 0, 'TPS and TVQ rate', 1, NULL, NULL),
(171, 17, 19, 0, '0', 0, '0', 0, 'Algemeen BTW tarief', 1, NULL, NULL),
(172, 17, 6, 0, '0', 0, '0', 0, 'Verlaagd BTW tarief', 1, NULL, NULL),
(173, 17, 0, 0, '0', 0, '0', 0, '0 BTW tarief', 1, NULL, NULL),
(174, 17, 21, 0, '0', 0, '0', 0, 'Algemeen BTW tarief (vanaf 1 oktober 2012)', 0, NULL, NULL),
(201, 20, 25, 0, '0', 0, '0', 0, 'VAT standard rate', 1, NULL, NULL),
(202, 20, 12, 0, '0', 0, '0', 0, 'VAT reduced rate', 1, NULL, NULL),
(203, 20, 6, 0, '0', 0, '0', 0, 'VAT super-reduced rate', 1, NULL, NULL),
(204, 20, 0, 0, '0', 0, '0', 0, 'VAT Rate 0', 1, NULL, NULL),
(231, 23, 21, 0, '0', 0, '0', 0, 'IVA standard rate', 1, NULL, NULL),
(232, 23, 10.5, 0, '0', 0, '0', 0, 'IVA reduced rate', 1, NULL, NULL),
(233, 23, 0, 0, '0', 0, '0', 0, 'IVA Rate 0', 1, NULL, NULL),
(241, 24, 19.25, 0, '0', 0, '0', 0, 'VAT standard rate', 1, NULL, NULL),
(242, 24, 0, 0, '0', 0, '0', 0, 'VAT Rate 0', 1, NULL, NULL),
(251, 25, 23, 0, '0', 0, '0', 0, 'VAT standard rate', 1, NULL, NULL),
(252, 25, 13, 0, '0', 0, '0', 0, 'VAT reduced rate', 1, NULL, NULL),
(253, 25, 0, 0, '0', 0, '0', 0, 'VAT Rate 0', 1, NULL, NULL),
(254, 25, 6, 0, '0', 0, '0', 0, 'VAT reduced rate', 1, NULL, NULL),
(271, 27, 19.6, 0, '0', 0, '0', 0, 'VAT standard rate (France hors DOM-TOM)', 1, NULL, NULL),
(272, 27, 8.5, 0, '0', 0, '0', 0, 'VAT standard rate (DOM sauf Guyane et Saint-Martin)', 0, NULL, NULL),
(273, 27, 8.5, 0, '0', 0, '0', 1, 'VAT standard rate (DOM sauf Guyane et Saint-Martin), non perçu par le vendeur mais récupérable par acheteur', 0, NULL, NULL),
(274, 27, 5.5, 0, '0', 0, '0', 0, 'VAT reduced rate (France hors DOM-TOM)', 0, NULL, NULL),
(275, 27, 0, 0, '0', 0, '0', 0, 'VAT Rate 0 ou non applicable', 1, NULL, NULL),
(276, 27, 2.1, 0, '0', 0, '0', 0, 'VAT super-reduced rate', 1, NULL, NULL),
(277, 27, 7, 0, '0', 0, '0', 0, 'VAT reduced rate', 1, NULL, NULL),
(281, 28, 10, 0, '0', 0, '0', 0, 'VAT standard rate', 1, NULL, NULL),
(282, 28, 0, 0, '0', 0, '0', 0, 'VAT Rate 0', 1, NULL, NULL),
(411, 41, 20, 0, '0', 0, '0', 0, 'VAT standard rate', 1, NULL, NULL),
(412, 41, 10, 0, '0', 0, '0', 0, 'VAT reduced rate', 1, NULL, NULL),
(413, 41, 0, 0, '0', 0, '0', 0, 'VAT Rate 0', 1, NULL, NULL),
(461, 46, 0, 0, '0', 0, '0', 0, 'No VAT', 1, NULL, NULL),
(462, 46, 15, 0, '0', 0, '0', 0, 'VAT 15%', 1, NULL, NULL),
(463, 46, 7.5, 0, '0', 0, '0', 0, 'VAT 7.5%', 1, NULL, NULL),
(561, 56, 0, 0, '0', 0, '0', 0, 'VAT reduced rate', 1, NULL, NULL),
(591, 59, 20, 0, '0', 0, '0', 0, 'VAT standard rate', 1, NULL, NULL),
(592, 59, 7, 0, '0', 0, '0', 0, 'VAT reduced rate', 1, NULL, NULL),
(593, 59, 0, 0, '0', 0, '0', 0, 'VAT Rate 0', 1, NULL, NULL),
(671, 67, 19, 0, '0', 0, '0', 0, 'VAT standard rate', 1, NULL, NULL),
(672, 67, 0, 0, '0', 0, '0', 0, 'VAT Rate 0', 1, NULL, NULL),
(801, 80, 25, 0, '0', 0, '0', 0, 'VAT standard rate', 1, NULL, NULL),
(802, 80, 0, 0, '0', 0, '0', 0, 'VAT Rate 0', 1, NULL, NULL),
(861, 86, 13, 0, '0', 0, '0', 0, 'IVA 13', 1, NULL, NULL),
(862, 86, 0, 0, '0', 0, '0', 0, 'SIN IVA', 1, NULL, NULL),
(1141, 114, 0, 0, '0', 0, '0', 0, 'No ISV', 1, NULL, NULL),
(1142, 114, 12, 0, '0', 0, '0', 0, 'ISV 12%', 1, NULL, NULL),
(1161, 116, 25.5, 0, '0', 0, '0', 0, 'VAT standard rate', 1, NULL, NULL),
(1162, 116, 7, 0, '0', 0, '0', 0, 'VAT reduced rate', 1, NULL, NULL),
(1163, 116, 0, 0, '0', 0, '0', 0, 'VAT rate 0', 1, NULL, NULL),
(1171, 117, 12.5, 0, '0', 0, '0', 0, 'VAT standard rate', 1, NULL, NULL),
(1172, 117, 4, 0, '0', 0, '0', 0, 'VAT reduced rate', 1, NULL, NULL),
(1173, 117, 1, 0, '0', 0, '0', 0, 'VAT super-reduced rate', 1, NULL, NULL),
(1174, 117, 0, 0, '0', 0, '0', 0, 'VAT Rate 0', 1, NULL, NULL),
(1231, 123, 0, 0, '0', 0, '0', 0, 'VAT Rate 0', 1, NULL, NULL),
(1232, 123, 5, 0, '0', 0, '0', 0, 'VAT Rate 5', 1, NULL, NULL),
(1401, 140, 15, 0, '0', 0, '0', 0, 'VAT standard rate', 1, NULL, NULL),
(1402, 140, 12, 0, '0', 0, '0', 0, 'VAT reduced rate', 1, NULL, NULL),
(1403, 140, 6, 0, '0', 0, '0', 0, 'VAT reduced rate', 1, NULL, NULL),
(1404, 140, 3, 0, '0', 0, '0', 0, 'VAT super-reduced rate', 1, NULL, NULL),
(1405, 140, 0, 0, '0', 0, '0', 0, 'VAT Rate 0', 1, NULL, NULL),
(1521, 152, 0, 0, '0', 0, '0', 0, 'VAT Rate 0', 1, NULL, NULL),
(1522, 152, 15, 0, '0', 0, '0', 0, 'VAT Rate 15', 1, NULL, NULL),
(1541, 154, 0, 0, '0', 0, '0', 0, 'No VAT', 1, NULL, NULL),
(1542, 154, 16, 0, '0', 0, '0', 0, 'VAT 16%', 1, NULL, NULL),
(1543, 154, 10, 0, '0', 0, '0', 0, 'VAT Frontero', 1, NULL, NULL),
(1662, 166, 15, 0, '0', 0, '0', 0, 'VAT standard rate', 1, NULL, NULL),
(1663, 166, 0, 0, '0', 0, '0', 0, 'VAT Rate 0', 1, NULL, NULL),
(1692, 169, 5, 0, '0', 0, '0', 0, 'VAT standard rate', 1, NULL, NULL),
(1693, 169, 0, 0, '0', 0, '0', 0, 'VAT Rate 0', 1, NULL, NULL),
(1731, 173, 25, 0, '0', 0, '0', 0, 'VAT standard rate', 1, NULL, NULL),
(1732, 173, 14, 0, '0', 0, '0', 0, 'VAT reduced rate', 1, NULL, NULL),
(1733, 173, 8, 0, '0', 0, '0', 0, 'VAT reduced rate', 1, NULL, NULL),
(1734, 173, 0, 0, '0', 0, '0', 0, 'VAT Rate 0', 1, NULL, NULL),
(1841, 184, 20, 0, '0', 0, '0', 0, 'VAT standard rate', 1, NULL, NULL),
(1842, 184, 7, 0, '0', 0, '0', 0, 'VAT reduced rate', 1, NULL, NULL),
(1843, 184, 3, 0, '0', 0, '0', 0, 'VAT reduced rate', 1, NULL, NULL),
(1844, 184, 0, 0, '0', 0, '0', 0, 'VAT Rate 0', 1, NULL, NULL),
(1881, 188, 24, 0, '0', 0, '0', 0, 'VAT standard rate', 1, NULL, NULL),
(1882, 188, 9, 0, '0', 0, '0', 0, 'VAT reduced rate', 1, NULL, NULL),
(1883, 188, 0, 0, '0', 0, '0', 0, 'VAT Rate 0', 1, NULL, NULL),
(1884, 188, 5, 0, '0', 0, '0', 0, 'VAT reduced rate', 1, NULL, NULL),
(1931, 193, 0, 0, '0', 0, '0', 0, 'No VAT in SPM', 1, NULL, NULL),
(2011, 201, 19, 0, '0', 0, '0', 0, 'VAT standard rate', 1, NULL, NULL),
(2012, 201, 10, 0, '0', 0, '0', 0, 'VAT reduced rate', 1, NULL, NULL),
(2013, 201, 0, 0, '0', 0, '0', 0, 'VAT Rate 0', 1, NULL, NULL),
(2021, 202, 20, 0, '0', 0, '0', 0, 'VAT standard rate', 1, NULL, NULL),
(2022, 202, 8.5, 0, '0', 0, '0', 0, 'VAT reduced rate', 1, NULL, NULL),
(2023, 202, 0, 0, '0', 0, '0', 0, 'VAT Rate 0', 1, NULL, NULL),
(2051, 205, 0, 0, '0', 0, '0', 0, 'No VAT', 1, NULL, NULL),
(2052, 205, 14, 0, '0', 0, '0', 0, 'VAT 14%', 1, NULL, NULL),
(2261, 226, 20, 0, '0', 0, '0', 0, 'VAT standart rate', 1, NULL, NULL),
(2262, 226, 0, 0, '0', 0, '0', 0, 'VAT Rate 0', 1, NULL, NULL),
(2321, 232, 0, 0, '0', 0, '0', 0, 'No VAT', 1, NULL, NULL),
(2322, 232, 12, 0, '0', 0, '0', 0, 'VAT 12%', 1, NULL, NULL),
(2323, 232, 8, 0, '0', 0, '0', 0, 'VAT 8%', 1, NULL, NULL),
(2461, 246, 0, 0, '0', 0, '0', 0, 'VAT Rate 0', 1, NULL, NULL);

-- --------------------------------------------------------

--
-- Structure de la table `am_c_typent`
--

CREATE TABLE `am_c_typent` (
  `id` int(11) NOT NULL,
  `code` varchar(12) NOT NULL,
  `libelle` varchar(30) DEFAULT NULL,
  `active` tinyint(4) NOT NULL DEFAULT '1',
  `module` varchar(32) DEFAULT NULL
) ENGINE=InnoDB DEFAULT CHARSET=utf8;

--
-- Déchargement des données de la table `am_c_typent`
--

INSERT INTO `am_c_typent` (`id`, `code`, `libelle`, `active`, `module`) VALUES
(0, 'TE_UNKNOWN', '-', 1, NULL),
(1, 'TE_STARTUP', 'Start-up', 0, NULL),
(2, 'TE_GROUP', 'Grand groupe', 1, NULL),
(3, 'TE_MEDIUM', 'PME/PMI', 1, NULL),
(4, 'TE_SMALL', 'TPE', 1, NULL),
(5, 'TE_ADMIN', 'Administration', 1, NULL),
(6, 'TE_WHOLE', 'Grossiste', 0, NULL),
(7, 'TE_RETAIL', 'Revendeur', 0, NULL),
(8, 'TE_PRIVATE', 'Particulier', 1, NULL),
(100, 'TE_OTHER', 'Autres', 1, NULL);

-- --------------------------------------------------------

--
-- Structure de la table `am_c_type_contact`
--

CREATE TABLE `am_c_type_contact` (
  `rowid` int(11) NOT NULL,
  `element` varchar(30) NOT NULL,
  `source` varchar(8) NOT NULL DEFAULT 'external',
  `code` varchar(32) NOT NULL,
  `libelle` varchar(64) NOT NULL,
  `active` tinyint(4) NOT NULL DEFAULT '1',
  `module` varchar(32) DEFAULT NULL
) ENGINE=InnoDB DEFAULT CHARSET=utf8;

--
-- Déchargement des données de la table `am_c_type_contact`
--

INSERT INTO `am_c_type_contact` (`rowid`, `element`, `source`, `code`, `libelle`, `active`, `module`) VALUES
(10, 'contrat', 'internal', 'SALESREPSIGN', 'Commercial signataire du contrat', 1, NULL),
(11, 'contrat', 'internal', 'SALESREPFOLL', 'Commercial suivi du contrat', 1, NULL),
(20, 'contrat', 'external', 'BILLING', 'Contact client facturation contrat', 1, NULL),
(21, 'contrat', 'external', 'CUSTOMER', 'Contact client suivi contrat', 1, NULL),
(22, 'contrat', 'external', 'SALESREPSIGN', 'Contact client signataire contrat', 1, NULL),
(31, 'propal', 'internal', 'SALESREPFOLL', 'Commercial à l\'origine de la propale', 1, NULL),
(40, 'propal', 'external', 'BILLING', 'Contact client facturation propale', 1, NULL),
(41, 'propal', 'external', 'CUSTOMER', 'Contact client suivi propale', 1, NULL),
(50, 'facture', 'internal', 'SALESREPFOLL', 'Responsable suivi du paiement', 1, NULL),
(60, 'facture', 'external', 'BILLING', 'Contact client facturation', 1, NULL),
(61, 'facture', 'external', 'SHIPPING', 'Contact client livraison', 1, NULL),
(62, 'facture', 'external', 'SERVICE', 'Contact client prestation', 1, NULL),
(70, 'invoice_supplier', 'internal', 'SALESREPFOLL', 'Responsable suivi du paiement', 1, NULL),
(71, 'invoice_supplier', 'external', 'BILLING', 'Contact fournisseur facturation', 1, NULL),
(72, 'invoice_supplier', 'external', 'SHIPPING', 'Contact fournisseur livraison', 1, NULL),
(73, 'invoice_supplier', 'external', 'SERVICE', 'Contact fournisseur prestation', 1, NULL),
(80, 'agenda', 'internal', 'ACTOR', 'Responsable', 1, NULL),
(81, 'agenda', 'internal', 'GUEST', 'Guest', 1, NULL),
(85, 'agenda', 'external', 'ACTOR', 'Responsable', 1, NULL),
(86, 'agenda', 'external', 'GUEST', 'Guest', 1, NULL),
(91, 'commande', 'internal', 'SALESREPFOLL', 'Responsable suivi de la commande', 1, NULL),
(100, 'commande', 'external', 'BILLING', 'Contact client facturation commande', 1, NULL),
(101, 'commande', 'external', 'CUSTOMER', 'Contact client suivi commande', 1, NULL),
(102, 'commande', 'external', 'SHIPPING', 'Contact client livraison commande', 1, NULL),
(120, 'fichinter', 'internal', 'INTERREPFOLL', 'Responsable suivi de l\'intervention', 1, NULL),
(121, 'fichinter', 'internal', 'INTERVENING', 'Intervenant', 1, NULL),
(130, 'fichinter', 'external', 'BILLING', 'Contact client facturation intervention', 1, NULL),
(131, 'fichinter', 'external', 'CUSTOMER', 'Contact client suivi de l\'intervention', 1, NULL),
(140, 'order_supplier', 'internal', 'SALESREPFOLL', 'Responsable suivi de la commande', 1, NULL),
(141, 'order_supplier', 'internal', 'SHIPPING', 'Responsable réception de la commande', 1, NULL),
(142, 'order_supplier', 'external', 'BILLING', 'Contact fournisseur facturation commande', 1, NULL),
(143, 'order_supplier', 'external', 'CUSTOMER', 'Contact fournisseur suivi commande', 1, NULL),
(145, 'order_supplier', 'external', 'SHIPPING', 'Contact fournisseur livraison commande', 1, NULL),
(160, 'project', 'internal', 'PROJECTLEADER', 'Chef de Projet', 1, NULL),
(161, 'project', 'internal', 'PROJECTCONTRIBUTOR', 'Intervenant', 1, NULL),
(170, 'project', 'external', 'PROJECTLEADER', 'Chef de Projet', 1, NULL),
(171, 'project', 'external', 'PROJECTCONTRIBUTOR', 'Intervenant', 1, NULL),
(180, 'project_task', 'internal', 'TASKEXECUTIVE', 'Responsable', 1, NULL),
(181, 'project_task', 'internal', 'TASKCONTRIBUTOR', 'Intervenant', 1, NULL),
(190, 'project_task', 'external', 'TASKEXECUTIVE', 'Responsable', 1, NULL),
(191, 'project_task', 'external', 'TASKCONTRIBUTOR', 'Intervenant', 1, NULL);

-- --------------------------------------------------------

--
-- Structure de la table `am_c_type_fees`
--

CREATE TABLE `am_c_type_fees` (
  `id` int(11) NOT NULL,
  `code` varchar(12) NOT NULL,
  `libelle` varchar(30) DEFAULT NULL,
  `active` tinyint(4) NOT NULL DEFAULT '1',
  `module` varchar(32) DEFAULT NULL
) ENGINE=InnoDB DEFAULT CHARSET=utf8;

--
-- Déchargement des données de la table `am_c_type_fees`
--

INSERT INTO `am_c_type_fees` (`id`, `code`, `libelle`, `active`, `module`) VALUES
(1, 'TF_OTHER', 'Other', 1, NULL),
(2, 'TF_TRIP', 'Trip', 1, NULL),
(3, 'TF_LUNCH', 'Lunch', 1, NULL);

-- --------------------------------------------------------

--
-- Structure de la table `am_c_type_resource`
--

CREATE TABLE `am_c_type_resource` (
  `rowid` int(11) NOT NULL,
  `code` varchar(32) NOT NULL,
  `label` varchar(64) NOT NULL,
  `active` tinyint(4) NOT NULL DEFAULT '1'
) ENGINE=InnoDB DEFAULT CHARSET=utf8;

-- --------------------------------------------------------

--
-- Structure de la table `am_c_ziptown`
--

CREATE TABLE `am_c_ziptown` (
  `rowid` int(11) NOT NULL,
  `code` varchar(5) DEFAULT NULL,
  `fk_county` int(11) DEFAULT NULL,
  `fk_pays` int(11) NOT NULL DEFAULT '0',
  `zip` varchar(10) NOT NULL,
  `town` varchar(255) NOT NULL,
  `active` tinyint(4) NOT NULL DEFAULT '1'
) ENGINE=InnoDB DEFAULT CHARSET=utf8;

-- --------------------------------------------------------

--
-- Structure de la table `am_deplacement`
--

CREATE TABLE `am_deplacement` (
  `rowid` int(11) NOT NULL,
  `ref` varchar(30) DEFAULT NULL,
  `entity` int(11) NOT NULL DEFAULT '1',
  `datec` datetime NOT NULL,
  `tms` timestamp NOT NULL DEFAULT CURRENT_TIMESTAMP ON UPDATE CURRENT_TIMESTAMP,
  `dated` datetime DEFAULT NULL,
  `fk_user` int(11) NOT NULL,
  `fk_user_author` int(11) DEFAULT NULL,
  `fk_user_modif` int(11) DEFAULT NULL,
  `type` varchar(12) NOT NULL,
  `fk_statut` int(11) NOT NULL DEFAULT '1',
  `km` double DEFAULT NULL,
  `fk_soc` int(11) DEFAULT NULL,
  `fk_projet` int(11) DEFAULT '0',
  `note_private` text,
  `note_public` text,
  `extraparams` varchar(255) DEFAULT NULL
) ENGINE=InnoDB DEFAULT CHARSET=utf8;

-- --------------------------------------------------------

--
-- Structure de la table `am_document_generator`
--

CREATE TABLE `am_document_generator` (
  `rowid` int(10) UNSIGNED NOT NULL,
  `name` varchar(255) NOT NULL,
  `classfile` varchar(255) NOT NULL,
  `class` varchar(255) NOT NULL
) ENGINE=InnoDB DEFAULT CHARSET=utf8;

-- --------------------------------------------------------

--
-- Structure de la table `am_document_model`
--

CREATE TABLE `am_document_model` (
  `rowid` int(11) NOT NULL,
  `nom` varchar(50) DEFAULT NULL,
  `entity` int(11) NOT NULL DEFAULT '1',
  `type` varchar(20) NOT NULL,
  `libelle` varchar(255) DEFAULT NULL,
  `description` text
) ENGINE=InnoDB DEFAULT CHARSET=utf8;

--
-- Déchargement des données de la table `am_document_model`
--

INSERT INTO `am_document_model` (`rowid`, `nom`, `entity`, `type`, `libelle`, `description`) VALUES
(3, 'soleil', 1, 'ficheinter', NULL, NULL),
(4, 'rouget', 1, 'shipping', NULL, NULL),
(5, 'typhon', 1, 'delivery', NULL, NULL),
(11, 'azur', 1, 'propal', NULL, NULL),
(12, 'einstein', 1, 'order', NULL, NULL),
(13, 'crabe', 1, 'invoice', NULL, NULL),
(14, 'muscadet', 1, 'order_supplier', NULL, NULL),
(15, 'html_cerfafr', 1, 'donation', NULL, NULL);

-- --------------------------------------------------------

--
-- Structure de la table `am_domain`
--

CREATE TABLE `am_domain` (
  `rowid` int(11) NOT NULL,
  `datec` datetime DEFAULT NULL,
  `label` varchar(255) DEFAULT NULL,
  `note` text
) ENGINE=InnoDB DEFAULT CHARSET=utf8;

-- --------------------------------------------------------

--
-- Structure de la table `am_don`
--

CREATE TABLE `am_don` (
  `rowid` int(11) NOT NULL,
  `ref` varchar(30) DEFAULT NULL,
  `entity` int(11) NOT NULL DEFAULT '1',
  `tms` timestamp NOT NULL DEFAULT CURRENT_TIMESTAMP ON UPDATE CURRENT_TIMESTAMP,
  `fk_statut` smallint(6) NOT NULL DEFAULT '0',
  `datec` datetime DEFAULT NULL,
  `datedon` datetime DEFAULT NULL,
  `amount` double DEFAULT '0',
  `fk_paiement` int(11) DEFAULT NULL,
  `firstname` varchar(50) DEFAULT NULL,
  `lastname` varchar(50) DEFAULT NULL,
  `societe` varchar(50) DEFAULT NULL,
  `address` text,
  `zip` varchar(10) DEFAULT NULL,
  `town` varchar(50) DEFAULT NULL,
  `country` varchar(50) DEFAULT NULL,
  `email` varchar(255) DEFAULT NULL,
  `phone` varchar(24) DEFAULT NULL,
  `phone_mobile` varchar(24) DEFAULT NULL,
  `public` smallint(6) NOT NULL DEFAULT '1',
  `fk_don_projet` int(11) DEFAULT NULL,
  `fk_user_author` int(11) NOT NULL,
  `fk_user_valid` int(11) DEFAULT NULL,
  `note_private` text,
  `note_public` text,
  `model_pdf` varchar(255) DEFAULT NULL,
  `import_key` varchar(14) DEFAULT NULL
) ENGINE=InnoDB DEFAULT CHARSET=utf8;

-- --------------------------------------------------------

--
-- Structure de la table `am_ecm_directories`
--

CREATE TABLE `am_ecm_directories` (
  `rowid` int(11) NOT NULL,
  `label` varchar(64) NOT NULL,
  `entity` int(11) NOT NULL DEFAULT '1',
  `fk_parent` int(11) DEFAULT NULL,
  `description` varchar(255) NOT NULL,
  `cachenbofdoc` int(11) NOT NULL DEFAULT '0',
  `fullpath` varchar(255) DEFAULT NULL,
  `extraparams` varchar(255) DEFAULT NULL,
  `date_c` datetime DEFAULT NULL,
  `date_m` timestamp NOT NULL DEFAULT CURRENT_TIMESTAMP ON UPDATE CURRENT_TIMESTAMP,
  `fk_user_c` int(11) DEFAULT NULL,
  `fk_user_m` int(11) DEFAULT NULL,
  `acl` text
) ENGINE=InnoDB DEFAULT CHARSET=utf8;

-- --------------------------------------------------------

--
-- Structure de la table `am_element_contact`
--

CREATE TABLE `am_element_contact` (
  `rowid` int(11) NOT NULL,
  `datecreate` datetime DEFAULT NULL,
  `statut` smallint(6) DEFAULT '5',
  `element_id` int(11) NOT NULL,
  `fk_c_type_contact` int(11) NOT NULL,
  `fk_socpeople` int(11) NOT NULL
) ENGINE=InnoDB DEFAULT CHARSET=utf8;

-- --------------------------------------------------------

--
-- Structure de la table `am_element_element`
--

CREATE TABLE `am_element_element` (
  `rowid` int(11) NOT NULL,
  `fk_source` int(11) NOT NULL,
  `sourcetype` varchar(32) NOT NULL,
  `fk_target` int(11) NOT NULL,
  `targettype` varchar(32) NOT NULL
) ENGINE=InnoDB DEFAULT CHARSET=utf8;

-- --------------------------------------------------------

--
-- Structure de la table `am_element_lock`
--

CREATE TABLE `am_element_lock` (
  `rowid` int(11) NOT NULL,
  `fk_element` int(11) NOT NULL,
  `elementtype` varchar(32) NOT NULL,
  `datel` datetime DEFAULT NULL,
  `datem` datetime DEFAULT NULL,
  `sessionid` varchar(255) DEFAULT NULL
) ENGINE=InnoDB DEFAULT CHARSET=utf8;

-- --------------------------------------------------------

--
-- Structure de la table `am_element_resources`
--

CREATE TABLE `am_element_resources` (
  `rowid` int(11) NOT NULL,
  `resource_id` int(11) DEFAULT NULL,
  `resource_type` varchar(64) DEFAULT NULL,
  `element_id` int(11) DEFAULT NULL,
  `element_type` varchar(64) DEFAULT NULL,
  `busy` int(11) DEFAULT NULL,
  `mandatory` int(11) DEFAULT NULL,
  `fk_user_create` int(11) DEFAULT NULL,
  `tms` timestamp NOT NULL DEFAULT CURRENT_TIMESTAMP ON UPDATE CURRENT_TIMESTAMP
) ENGINE=InnoDB DEFAULT CHARSET=utf8;

-- --------------------------------------------------------

--
-- Structure de la table `am_element_tag`
--

CREATE TABLE `am_element_tag` (
  `rowid` int(11) NOT NULL,
  `entity` int(11) NOT NULL DEFAULT '1',
  `lang` varchar(5) NOT NULL,
  `tag` varchar(255) NOT NULL,
  `fk_element` int(11) NOT NULL,
  `element` varchar(64) NOT NULL
) ENGINE=InnoDB DEFAULT CHARSET=utf8;

-- --------------------------------------------------------

--
-- Structure de la table `am_entrepot`
--

CREATE TABLE `am_entrepot` (
  `rowid` int(11) NOT NULL,
  `datec` datetime DEFAULT NULL,
  `tms` timestamp NOT NULL DEFAULT CURRENT_TIMESTAMP ON UPDATE CURRENT_TIMESTAMP,
  `label` varchar(255) NOT NULL,
  `entity` int(11) NOT NULL DEFAULT '1',
  `description` text,
  `lieu` varchar(64) DEFAULT NULL,
  `address` varchar(255) DEFAULT NULL,
  `zip` varchar(10) DEFAULT NULL,
  `town` varchar(50) DEFAULT NULL,
  `fk_departement` int(11) DEFAULT NULL,
  `fk_pays` int(11) DEFAULT '0',
  `statut` tinyint(4) DEFAULT '1',
  `valo_pmp` float(12,4) DEFAULT NULL,
  `fk_user_author` int(11) DEFAULT NULL,
  `import_key` varchar(14) DEFAULT NULL
) ENGINE=InnoDB DEFAULT CHARSET=utf8;

--
-- Déchargement des données de la table `am_entrepot`
--

INSERT INTO `am_entrepot` (`rowid`, `datec`, `tms`, `label`, `entity`, `description`, `lieu`, `address`, `zip`, `town`, `fk_departement`, `fk_pays`, `statut`, `valo_pmp`, `fk_user_author`, `import_key`) VALUES
(1, '2014-01-19 01:04:36', '2014-01-18 21:04:36', 'deltarelay', 1, '', 'drogenbos', '15 Dorent', '1620', 'Drogenbos', NULL, 2, 1, NULL, 5, NULL);

-- --------------------------------------------------------

--
-- Structure de la table `am_events`
--

CREATE TABLE `am_events` (
  `rowid` int(11) NOT NULL,
  `tms` timestamp NOT NULL DEFAULT CURRENT_TIMESTAMP ON UPDATE CURRENT_TIMESTAMP,
  `type` varchar(32) NOT NULL,
  `entity` int(11) NOT NULL DEFAULT '1',
  `dateevent` datetime DEFAULT NULL,
  `fk_user` int(11) DEFAULT NULL,
  `description` varchar(250) NOT NULL,
  `ip` varchar(32) NOT NULL,
  `user_agent` varchar(255) DEFAULT NULL,
  `fk_object` int(11) DEFAULT NULL
) ENGINE=InnoDB DEFAULT CHARSET=utf8;

-- --------------------------------------------------------

--
-- Structure de la table `am_event_element`
--

CREATE TABLE `am_event_element` (
  `rowid` int(11) NOT NULL,
  `fk_source` int(11) NOT NULL,
  `fk_target` int(11) NOT NULL,
  `targettype` varchar(32) NOT NULL
) ENGINE=InnoDB DEFAULT CHARSET=utf8;

-- --------------------------------------------------------

--
-- Structure de la table `am_expedition`
--

CREATE TABLE `am_expedition` (
  `rowid` int(11) NOT NULL,
  `tms` timestamp NOT NULL DEFAULT CURRENT_TIMESTAMP ON UPDATE CURRENT_TIMESTAMP,
  `ref` varchar(30) NOT NULL,
  `entity` int(11) NOT NULL DEFAULT '1',
  `fk_soc` int(11) NOT NULL,
  `ref_ext` varchar(30) DEFAULT NULL,
  `ref_int` varchar(30) DEFAULT NULL,
  `ref_customer` varchar(30) DEFAULT NULL,
  `date_creation` datetime DEFAULT NULL,
  `fk_user_author` int(11) DEFAULT NULL,
  `date_valid` datetime DEFAULT NULL,
  `fk_user_valid` int(11) DEFAULT NULL,
  `date_expedition` datetime DEFAULT NULL,
  `date_delivery` datetime DEFAULT NULL,
  `fk_address` int(11) DEFAULT NULL,
  `fk_shipping_method` int(11) DEFAULT NULL,
  `tracking_number` varchar(50) DEFAULT NULL,
  `fk_statut` smallint(6) DEFAULT '0',
  `height` float DEFAULT NULL,
  `width` float DEFAULT NULL,
  `size_units` int(11) DEFAULT NULL,
  `size` float DEFAULT NULL,
  `weight_units` int(11) DEFAULT NULL,
  `weight` float DEFAULT NULL,
  `note_private` text,
  `note_public` text,
  `model_pdf` varchar(255) DEFAULT NULL
) ENGINE=InnoDB DEFAULT CHARSET=utf8;

-- --------------------------------------------------------

--
-- Structure de la table `am_expeditiondet`
--

CREATE TABLE `am_expeditiondet` (
  `rowid` int(11) NOT NULL,
  `fk_expedition` int(11) NOT NULL,
  `fk_origin_line` int(11) DEFAULT NULL,
  `fk_entrepot` int(11) DEFAULT NULL,
  `qty` double DEFAULT NULL,
  `rang` int(11) DEFAULT '0'
) ENGINE=InnoDB DEFAULT CHARSET=utf8;

-- --------------------------------------------------------

--
-- Structure de la table `am_expeditiondet_batch`
--

CREATE TABLE `am_expeditiondet_batch` (
  `rowid` int(11) NOT NULL,
  `fk_expeditiondet` int(11) NOT NULL,
  `eatby` date DEFAULT NULL,
  `sellby` date DEFAULT NULL,
  `batch` varchar(30) DEFAULT NULL,
  `qty` double NOT NULL DEFAULT '0',
  `fk_origin_stock` int(11) NOT NULL
) ENGINE=InnoDB DEFAULT CHARSET=utf8;

-- --------------------------------------------------------

--
-- Structure de la table `am_export_compta`
--

CREATE TABLE `am_export_compta` (
  `rowid` int(11) NOT NULL,
  `ref` varchar(12) NOT NULL,
  `date_export` datetime NOT NULL,
  `fk_user` int(11) NOT NULL,
  `note` text
) ENGINE=InnoDB DEFAULT CHARSET=utf8;

-- --------------------------------------------------------

--
-- Structure de la table `am_export_model`
--

CREATE TABLE `am_export_model` (
  `rowid` int(11) NOT NULL,
  `fk_user` int(11) NOT NULL DEFAULT '0',
  `label` varchar(50) NOT NULL,
  `type` varchar(20) NOT NULL,
  `field` text NOT NULL,
  `filter` text
) ENGINE=InnoDB DEFAULT CHARSET=utf8;

-- --------------------------------------------------------

--
-- Structure de la table `am_extrafields`
--

CREATE TABLE `am_extrafields` (
  `rowid` int(11) NOT NULL,
  `name` varchar(64) NOT NULL,
  `entity` int(11) NOT NULL DEFAULT '1',
  `elementtype` varchar(64) NOT NULL DEFAULT 'member',
  `tms` timestamp NOT NULL DEFAULT CURRENT_TIMESTAMP ON UPDATE CURRENT_TIMESTAMP,
  `label` varchar(255) NOT NULL,
  `type` varchar(8) DEFAULT NULL,
  `size` varchar(8) DEFAULT NULL,
  `fieldunique` int(11) DEFAULT '0',
  `fieldrequired` int(11) DEFAULT '0',
  `pos` int(11) DEFAULT '0',
  `param` text
) ENGINE=InnoDB DEFAULT CHARSET=utf8;

-- --------------------------------------------------------

--
-- Structure de la table `am_facture`
--

CREATE TABLE `am_facture` (
  `rowid` int(11) NOT NULL,
  `facnumber` varchar(30) NOT NULL,
  `entity` int(11) NOT NULL DEFAULT '1',
  `ref_ext` varchar(255) DEFAULT NULL,
  `ref_int` varchar(255) DEFAULT NULL,
  `ref_client` varchar(255) DEFAULT NULL,
  `type` smallint(6) NOT NULL DEFAULT '0',
  `increment` varchar(10) DEFAULT NULL,
  `fk_soc` int(11) NOT NULL,
  `datec` datetime DEFAULT NULL,
  `datef` date DEFAULT NULL,
  `date_valid` date DEFAULT NULL,
  `tms` timestamp NOT NULL DEFAULT CURRENT_TIMESTAMP ON UPDATE CURRENT_TIMESTAMP,
  `paye` smallint(6) NOT NULL DEFAULT '0',
  `amount` double(24,8) NOT NULL DEFAULT '0.00000000',
  `remise_percent` double DEFAULT '0',
  `remise_absolue` double DEFAULT '0',
  `remise` double DEFAULT '0',
  `close_code` varchar(16) DEFAULT NULL,
  `close_note` varchar(128) DEFAULT NULL,
  `tva` double(24,8) DEFAULT '0.00000000',
  `localtax1` double(24,8) DEFAULT '0.00000000',
  `localtax2` double(24,8) DEFAULT '0.00000000',
  `revenuestamp` double(24,8) DEFAULT '0.00000000',
  `total` double(24,8) DEFAULT '0.00000000',
  `total_ttc` double(24,8) DEFAULT '0.00000000',
  `fk_statut` smallint(6) NOT NULL DEFAULT '0',
  `fk_user_author` int(11) DEFAULT NULL,
  `fk_user_valid` int(11) DEFAULT NULL,
  `fk_facture_source` int(11) DEFAULT NULL,
  `fk_projet` int(11) DEFAULT NULL,
  `fk_account` int(11) DEFAULT NULL,
  `fk_currency` varchar(3) DEFAULT NULL,
  `fk_cond_reglement` int(11) NOT NULL DEFAULT '1',
  `fk_mode_reglement` int(11) DEFAULT NULL,
  `date_lim_reglement` date DEFAULT NULL,
  `note_private` text,
  `note_public` text,
  `model_pdf` varchar(255) DEFAULT NULL,
  `import_key` varchar(14) DEFAULT NULL,
  `extraparams` varchar(255) DEFAULT NULL
) ENGINE=InnoDB DEFAULT CHARSET=utf8;

--
-- Déchargement des données de la table `am_facture`
--

INSERT INTO `am_facture` (`rowid`, `facnumber`, `entity`, `ref_ext`, `ref_int`, `ref_client`, `type`, `increment`, `fk_soc`, `datec`, `datef`, `date_valid`, `tms`, `paye`, `amount`, `remise_percent`, `remise_absolue`, `remise`, `close_code`, `close_note`, `tva`, `localtax1`, `localtax2`, `revenuestamp`, `total`, `total_ttc`, `fk_statut`, `fk_user_author`, `fk_user_valid`, `fk_facture_source`, `fk_projet`, `fk_account`, `fk_currency`, `fk_cond_reglement`, `fk_mode_reglement`, `date_lim_reglement`, `note_private`, `note_public`, `model_pdf`, `import_key`, `extraparams`) VALUES
(1, 'FA1301-0001', 1, NULL, NULL, NULL, 0, NULL, 1, '2013-06-19 13:39:03', '2013-01-15', '2013-06-19', '2015-02-18 09:22:13', 1, 0.00000000, NULL, NULL, 0, NULL, NULL, 3689.70000000, 0.00000000, 0.00000000, 0.00000000, 17570.00000000, 21259.70000000, 2, 1, 1, NULL, NULL, NULL, NULL, 2, 2, '2013-02-14', NULL, NULL, 'crabe', NULL, NULL),
(2, 'FA1301-0002', 1, NULL, NULL, NULL, 0, NULL, 1, '2013-06-19 13:54:05', '2013-01-15', '2013-06-19', '2014-01-17 12:55:04', 1, 0.00000000, NULL, NULL, 0, NULL, NULL, 3307.50000000, 0.00000000, 0.00000000, 0.00000000, 15750.00000000, 19057.50000000, 2, 1, 1, NULL, NULL, NULL, NULL, 2, 2, '2013-02-14', NULL, NULL, 'crabe', NULL, NULL),
(3, 'FA1301-0003', 1, NULL, NULL, NULL, 0, NULL, 1, '2013-06-19 14:01:58', '2013-01-31', '2013-06-19', '2014-01-17 12:55:04', 1, 0.00000000, NULL, NULL, 0, NULL, NULL, 1439.83000000, 0.00000000, 0.00000000, 0.00000000, 6856.40000000, 8296.23000000, 2, 1, 1, NULL, NULL, NULL, NULL, 2, 2, '2013-03-02', NULL, NULL, 'crabe', NULL, NULL),
(4, 'FA1301-0004', 1, NULL, NULL, NULL, 0, NULL, 1, '2013-06-19 14:10:39', '2013-01-31', '2013-06-19', '2014-01-17 12:55:04', 1, 0.00000000, NULL, NULL, 0, NULL, NULL, 3969.00000000, 0.00000000, 0.00000000, 0.00000000, 18900.00000000, 22869.00000000, 2, 1, 1, NULL, NULL, NULL, NULL, 2, 2, '2013-03-02', NULL, NULL, 'crabe', NULL, NULL),
(5, 'FA1301-0005', 1, NULL, NULL, NULL, 0, NULL, 1, '2013-06-19 14:18:13', '2013-01-31', '2013-06-19', '2014-01-17 12:55:04', 1, 0.00000000, NULL, NULL, 0, NULL, NULL, 4321.80000000, 0.00000000, 0.00000000, 0.00000000, 20580.00000000, 24901.80000000, 2, 1, 1, NULL, NULL, NULL, NULL, 2, 2, '2013-03-02', NULL, NULL, 'crabe', NULL, NULL),
(6, 'FA1302-0006', 1, NULL, NULL, NULL, 0, NULL, 1, '2013-06-19 14:24:30', '2013-02-16', '2013-06-19', '2014-01-17 12:55:04', 1, 0.00000000, NULL, NULL, 0, NULL, NULL, 3638.25000000, 0.00000000, 0.00000000, 0.00000000, 17325.00000000, 20963.25000000, 2, 1, 1, NULL, NULL, NULL, NULL, 2, 2, '2013-03-18', NULL, NULL, 'crabe', NULL, NULL),
(7, 'FA1302-0007', 1, NULL, NULL, NULL, 0, NULL, 1, '2013-06-19 14:32:38', '2013-02-16', '2013-06-19', '2014-01-17 12:55:04', 1, 0.00000000, NULL, NULL, 0, NULL, NULL, 3961.65000000, 0.00000000, 0.00000000, 0.00000000, 18865.00000000, 22826.65000000, 2, 1, 1, NULL, NULL, NULL, NULL, 2, 2, '2013-03-18', NULL, NULL, 'crabe', NULL, NULL),
(8, 'FA1302-0008', 1, NULL, NULL, NULL, 0, NULL, 1, '2013-06-19 14:40:30', '2013-02-28', '2013-06-19', '2014-01-17 12:55:04', 1, 0.00000000, NULL, NULL, 0, NULL, NULL, 2863.35000000, 0.00000000, 0.00000000, 0.00000000, 13635.00000000, 16498.35000000, 2, 1, 1, NULL, NULL, NULL, NULL, 2, 2, '2013-03-30', NULL, NULL, 'crabe', NULL, NULL),
(9, 'FA1302-0009', 1, NULL, NULL, NULL, 0, NULL, 1, '2013-06-19 14:43:59', '2013-02-28', '2013-06-19', '2014-01-17 12:55:05', 1, 0.00000000, NULL, NULL, 0, NULL, NULL, 3241.35000000, 0.00000000, 0.00000000, 0.00000000, 15435.00000000, 18676.35000000, 2, 1, 1, NULL, NULL, NULL, NULL, 2, 2, '2013-03-30', NULL, NULL, 'crabe', NULL, NULL),
(10, 'FA1302-0010', 1, NULL, NULL, NULL, 0, NULL, 1, '2013-06-19 14:47:23', '2013-02-28', '2013-06-19', '2014-01-17 12:55:05', 1, 0.00000000, NULL, NULL, 0, NULL, NULL, 1136.87000000, 0.00000000, 0.00000000, 0.00000000, 5413.60000000, 6550.47000000, 2, 1, 1, NULL, NULL, NULL, NULL, 2, 2, '2013-03-30', NULL, NULL, 'crabe', NULL, NULL),
(11, 'FA1303-0011', 1, NULL, NULL, NULL, 0, NULL, 1, '2013-06-19 14:58:20', '2013-03-15', '2013-06-19', '2014-01-17 12:55:05', 1, 0.00000000, NULL, NULL, 0, NULL, NULL, 3499.65000000, 0.00000000, 0.00000000, 0.00000000, 16665.00000000, 20164.65000000, 2, 1, 1, NULL, NULL, NULL, NULL, 2, 2, '2013-04-14', NULL, NULL, 'crabe', NULL, NULL),
(12, 'FA1303-0012', 1, NULL, NULL, NULL, 0, NULL, 1, '2013-06-19 15:01:57', '2013-03-15', '2013-06-19', '2014-01-17 12:55:05', 1, 0.00000000, NULL, NULL, 0, NULL, NULL, 3961.65000000, 0.00000000, 0.00000000, 0.00000000, 18865.00000000, 22826.65000000, 2, 1, 1, NULL, NULL, NULL, NULL, 2, 2, '2013-04-14', NULL, NULL, 'crabe', NULL, NULL),
(13, 'FA1303-0013', 1, NULL, NULL, NULL, 0, NULL, 1, '2013-06-19 15:05:49', '2013-03-31', '2013-06-19', '2014-01-17 12:55:05', 1, 0.00000000, NULL, NULL, 0, NULL, NULL, 3181.50000000, 0.00000000, 0.00000000, 0.00000000, 15150.00000000, 18331.50000000, 2, 1, 1, NULL, NULL, NULL, NULL, 2, 2, '2013-04-30', NULL, NULL, 'crabe', NULL, NULL),
(14, 'FA1303-0014', 1, NULL, NULL, NULL, 0, NULL, 1, '2013-06-19 15:10:12', '2013-03-31', '2013-06-19', '2014-01-17 12:56:34', 1, 0.00000000, NULL, NULL, 0, NULL, NULL, 3601.50000000, 0.00000000, 0.00000000, 0.00000000, 17150.00000000, 20751.50000000, 2, 1, 1, NULL, NULL, NULL, NULL, 2, 2, '2013-04-30', NULL, NULL, 'crabe', NULL, NULL),
(15, 'FA1303-0015', 1, NULL, NULL, NULL, 0, NULL, 2, '2013-06-19 16:00:26', '2013-03-31', '2013-07-12', '2013-07-12 16:23:55', 1, 0.00000000, NULL, NULL, 0, NULL, NULL, 929.25000000, 0.00000000, 0.00000000, 0.00000000, 4425.00000000, 5354.25000000, 2, 1, 2, NULL, NULL, NULL, NULL, 1, 2, '2013-03-31', NULL, NULL, 'crabe', NULL, NULL),
(16, 'FA1303-0016', 1, NULL, NULL, NULL, 0, NULL, 1, '2013-06-19 16:02:50', '2013-03-31', '2013-06-19', '2014-01-17 12:55:05', 1, 0.00000000, NULL, NULL, 0, NULL, NULL, 1369.53000000, 0.00000000, 0.00000000, 0.00000000, 6521.60000000, 7891.13000000, 2, 1, 1, NULL, NULL, NULL, NULL, 2, 2, '2013-04-30', NULL, NULL, 'crabe', NULL, NULL),
(17, 'FA1304-0017', 1, NULL, NULL, NULL, 0, NULL, 1, '2013-06-19 16:05:56', '2013-04-09', '2013-06-19', '2014-01-17 12:55:05', 1, 0.00000000, NULL, NULL, 0, NULL, NULL, 3181.50000000, 0.00000000, 0.00000000, 0.00000000, 15150.00000000, 18331.50000000, 2, 1, 1, NULL, NULL, NULL, NULL, 2, 2, '2013-05-09', NULL, NULL, 'crabe', NULL, NULL),
(18, 'FA1304-0018', 1, NULL, NULL, NULL, 0, NULL, 1, '2013-06-19 16:08:26', '2013-04-09', '2013-06-19', '2014-01-17 12:55:05', 1, 0.00000000, NULL, NULL, 0, NULL, NULL, 3601.50000000, 0.00000000, 0.00000000, 0.00000000, 17150.00000000, 20751.50000000, 2, 1, 1, NULL, NULL, NULL, NULL, 2, 2, '2013-05-09', NULL, NULL, 'crabe', NULL, NULL),
(19, 'FA1304-0019', 1, NULL, NULL, NULL, 0, NULL, 1, '2013-06-19 16:11:13', '2013-04-30', '2013-06-19', '2014-01-17 12:55:05', 1, 0.00000000, NULL, NULL, 0, NULL, NULL, 3499.65000000, 0.00000000, 0.00000000, 0.00000000, 16665.00000000, 20164.65000000, 2, 1, 1, NULL, NULL, NULL, NULL, 2, 2, '2013-05-30', NULL, NULL, 'crabe', NULL, NULL),
(20, 'FA1304-0020', 1, NULL, NULL, NULL, 0, NULL, 1, '2013-06-19 16:13:34', '2013-04-30', '2013-06-19', '2014-01-17 12:55:05', 1, 0.00000000, NULL, NULL, 0, NULL, NULL, 3961.65000000, 0.00000000, 0.00000000, 0.00000000, 18865.00000000, 22826.65000000, 2, 1, 1, NULL, NULL, NULL, NULL, 2, 2, '2013-05-30', NULL, NULL, 'crabe', NULL, NULL),
(21, 'FA1304-0021', 1, NULL, NULL, NULL, 0, NULL, 1, '2013-06-19 16:16:29', '2013-04-30', '2013-06-19', '2014-01-17 12:55:05', 1, 0.00000000, NULL, NULL, 0, NULL, NULL, 1408.09000000, 0.00000000, 0.00000000, 0.00000000, 6705.20000000, 8113.29000000, 2, 1, 1, NULL, NULL, NULL, NULL, 2, 2, '2013-05-30', NULL, NULL, 'crabe', NULL, NULL),
(22, 'FA1305-0022', 1, NULL, NULL, NULL, 0, NULL, 1, '2013-06-19 16:19:58', '2013-05-13', '2013-06-19', '2014-01-17 12:55:05', 1, 0.00000000, NULL, NULL, 0, NULL, NULL, 3181.50000000, 0.00000000, 0.00000000, 0.00000000, 15150.00000000, 18331.50000000, 2, 1, 1, NULL, NULL, NULL, NULL, 2, 2, '2013-06-12', NULL, NULL, 'crabe', NULL, NULL),
(23, 'FA1305-0023', 1, NULL, NULL, NULL, 0, NULL, 1, '2013-06-19 16:23:13', '2013-05-13', '2013-06-19', '2014-01-17 12:55:05', 1, 0.00000000, NULL, NULL, 0, NULL, NULL, 3601.50000000, 0.00000000, 0.00000000, 0.00000000, 17150.00000000, 20751.50000000, 2, 1, 1, NULL, NULL, NULL, NULL, 2, 2, '2013-06-12', NULL, NULL, 'crabe', NULL, NULL),
(24, 'FA1305-0024', 1, NULL, NULL, NULL, 0, NULL, 1, '2013-06-19 16:26:07', '2013-05-28', '2013-08-16', '2014-01-17 12:55:05', 1, 0.00000000, NULL, NULL, 0, NULL, NULL, 3719.10000000, 0.00000000, 0.00000000, 0.00000000, 17710.00000000, 21429.10000000, 2, 1, 2, NULL, NULL, NULL, NULL, 2, 2, '2013-06-27', NULL, NULL, 'crabe', NULL, NULL),
(25, 'FA1305-0025', 1, NULL, NULL, NULL, 0, NULL, 1, '2013-06-19 16:29:54', '2013-05-28', '2013-08-16', '2014-01-17 12:55:05', 1, 0.00000000, NULL, NULL, 0, NULL, NULL, 3961.65000000, 0.00000000, 0.00000000, 0.00000000, 18865.00000000, 22826.65000000, 2, 1, 2, NULL, NULL, NULL, NULL, 2, 2, '2013-06-27', NULL, NULL, 'crabe', NULL, NULL),
(26, 'FA1305-0026', 1, NULL, NULL, NULL, 0, NULL, 1, '2013-06-19 16:43:48', '2013-05-31', '2013-08-16', '2014-01-17 12:55:05', 1, 0.00000000, NULL, NULL, 0, NULL, NULL, 2014.41000000, 0.00000000, 0.00000000, 0.00000000, 9592.40000000, 11606.81000000, 2, 1, 2, NULL, NULL, NULL, NULL, 2, 2, '2013-06-30', NULL, NULL, 'crabe', NULL, NULL),
(27, 'FA1306-0027', 1, NULL, NULL, NULL, 0, NULL, 3, '2013-06-19 16:46:58', '2013-06-10', '2013-06-19', '2015-02-18 09:16:03', 1, 0.00000000, NULL, NULL, 0, NULL, NULL, 837.90000000, 0.00000000, 0.00000000, 0.00000000, 3990.00000000, 4827.90000000, 2, 1, 1, NULL, NULL, NULL, NULL, 1, 2, '2013-06-10', NULL, NULL, 'crabe', NULL, NULL),
(28, 'FA1306-0028', 1, NULL, NULL, NULL, 0, NULL, 1, '2013-06-22 12:44:18', '2013-06-16', '2013-06-22', '2014-01-17 12:55:05', 1, 0.00000000, NULL, NULL, 0, NULL, NULL, 3601.50000000, 0.00000000, 0.00000000, 0.00000000, 17150.00000000, 20751.50000000, 2, 2, 2, NULL, NULL, NULL, NULL, 2, 2, '2013-07-16', NULL, NULL, 'crabe', NULL, NULL),
(29, 'FA1306-0029', 1, NULL, NULL, NULL, 0, NULL, 1, '2013-06-22 12:55:35', '2013-06-16', '2013-06-22', '2014-01-17 12:55:05', 1, 0.00000000, NULL, NULL, 0, NULL, NULL, 3423.00000000, 0.00000000, 0.00000000, 0.00000000, 16300.00000000, 19723.00000000, 2, 2, 2, NULL, NULL, NULL, NULL, 2, 2, '2013-07-16', NULL, NULL, 'crabe', NULL, NULL),
(30, 'FA1306-0030', 1, NULL, NULL, NULL, 0, NULL, 1, '2013-06-22 13:28:38', '2013-06-25', '2013-06-22', '2014-01-17 12:55:05', 1, 0.00000000, NULL, NULL, 0, NULL, NULL, 3601.50000000, 0.00000000, 0.00000000, 0.00000000, 17150.00000000, 20751.50000000, 2, 2, 2, NULL, NULL, NULL, NULL, 2, 2, '2013-07-25', NULL, NULL, 'crabe', NULL, NULL),
(31, 'FA1306-0031', 1, NULL, NULL, NULL, 0, NULL, 1, '2013-06-22 13:36:20', '2013-06-25', '2013-06-22', '2014-01-17 12:55:05', 1, 0.00000000, NULL, NULL, 0, NULL, NULL, 3423.00000000, 0.00000000, 0.00000000, 0.00000000, 16300.00000000, 19723.00000000, 2, 2, 2, NULL, NULL, NULL, NULL, 2, 2, '2013-07-25', NULL, NULL, 'crabe', NULL, NULL),
(32, 'FA1306-0032', 1, NULL, NULL, NULL, 0, NULL, 1, '2013-07-03 14:05:23', '2013-06-30', '2013-07-03', '2014-01-17 12:55:05', 1, 0.00000000, NULL, NULL, 0, NULL, NULL, 1965.93000000, 0.00000000, 0.00000000, 0.00000000, 9361.60000000, 11327.53000000, 2, 2, 2, NULL, NULL, NULL, NULL, 2, 2, '2013-07-30', NULL, NULL, 'crabe', NULL, NULL),
(34, 'FA1307-0033', 1, NULL, NULL, NULL, 0, NULL, 2, '2013-07-12 20:36:50', '2013-07-12', '2013-07-12', '2013-07-12 16:42:47', 1, 0.00000000, NULL, NULL, 0, NULL, NULL, 850.50000000, 0.00000000, 0.00000000, 0.00000000, 4050.00000000, 4900.50000000, 2, 2, 2, NULL, NULL, NULL, NULL, 1, 2, '2013-07-12', NULL, NULL, 'crabe', NULL, NULL),
(35, 'FA1307-0034', 1, NULL, NULL, NULL, 0, NULL, 1, '2013-07-12 20:47:15', '2013-07-12', '2013-08-16', '2014-01-17 12:55:05', 1, 0.00000000, NULL, NULL, 0, NULL, NULL, 8283.45000000, 0.00000000, 0.00000000, 0.00000000, 39445.00000000, 47728.45000000, 2, 2, 2, NULL, NULL, NULL, NULL, 2, 2, '2013-08-11', NULL, NULL, 'crabe', NULL, NULL),
(36, 'FA1307-0035', 1, NULL, NULL, NULL, 0, NULL, 1, '2013-07-12 20:59:26', '2013-07-12', '2013-07-12', '2014-01-17 12:55:05', 1, 0.00000000, NULL, NULL, 0, NULL, NULL, 7776.30000000, 0.00000000, 0.00000000, 0.00000000, 37030.00000000, 44806.30000000, 2, 2, 2, NULL, NULL, NULL, NULL, 2, 2, '2013-08-11', NULL, NULL, 'crabe', NULL, NULL),
(37, 'FA1308-0036', 1, NULL, NULL, NULL, 0, NULL, 1, '2013-08-01 11:55:53', '2013-08-01', '2013-08-01', '2013-09-03 14:39:59', 0, 0.00000000, NULL, NULL, 0, NULL, NULL, 1842.21000000, 0.00000000, 0.00000000, 0.00000000, 8772.45000000, 10614.66000000, 0, 2, 2, NULL, NULL, NULL, NULL, 2, 2, '2013-08-31', NULL, NULL, 'crabe', NULL, NULL),
(38, 'FA1308-0037', 1, NULL, NULL, NULL, 0, NULL, 1, '2013-08-15 20:10:42', '2013-08-15', '2013-08-15', '2014-01-17 12:55:05', 1, 0.00000000, NULL, NULL, 0, NULL, NULL, 3601.50000000, 0.00000000, 0.00000000, 0.00000000, 17150.00000000, 20751.50000000, 2, 2, 2, NULL, NULL, NULL, NULL, 2, 2, '2013-09-14', NULL, NULL, 'crabe', NULL, NULL),
(39, 'FA1308-0038', 1, NULL, NULL, NULL, 0, NULL, 1, '2013-08-15 20:19:19', '2013-08-15', '2013-08-15', '2014-01-17 12:55:05', 1, 0.00000000, NULL, NULL, 0, NULL, NULL, 3381.00000000, 0.00000000, 0.00000000, 0.00000000, 16100.00000000, 19481.00000000, 2, 2, 2, NULL, NULL, NULL, NULL, 2, 2, '2013-09-14', NULL, NULL, 'crabe', NULL, NULL),
(41, 'FA1308-0039', 1, NULL, NULL, NULL, 0, NULL, 1, '2013-08-15 20:40:51', '2013-08-15', '2013-08-15', '2014-01-17 12:55:05', 1, 0.00000000, NULL, NULL, 0, NULL, NULL, 331.80000000, 0.00000000, 0.00000000, 0.00000000, 1580.00000000, 1911.80000000, 2, 2, 2, NULL, NULL, NULL, NULL, 3, 2, '2013-09-30', NULL, NULL, 'crabe', NULL, NULL),
(42, 'FA1308-0040', 1, NULL, NULL, NULL, 0, NULL, 1, '2013-08-26 12:43:24', '2013-08-26', '2013-08-26', '2014-01-17 12:55:05', 1, 0.00000000, NULL, NULL, 0, NULL, NULL, 3961.65000000, 0.00000000, 0.00000000, 0.00000000, 18865.00000000, 22826.65000000, 2, 2, 2, NULL, NULL, NULL, NULL, 2, 2, '2013-09-25', NULL, NULL, 'crabe', NULL, NULL),
(43, 'FA1308-0041', 1, NULL, NULL, NULL, 0, NULL, 1, '2013-08-26 13:06:40', '2013-08-26', '2013-08-26', '2014-01-17 12:55:05', 1, 0.00000000, NULL, NULL, 0, NULL, NULL, 3719.10000000, 0.00000000, 0.00000000, 0.00000000, 17710.00000000, 21429.10000000, 2, 2, 2, NULL, NULL, NULL, NULL, 2, 2, '2013-09-25', NULL, NULL, 'crabe', NULL, NULL),
(46, 'FA1309-0042', 1, NULL, NULL, NULL, 0, NULL, 1, '2013-09-03 18:43:27', '2013-09-03', '2013-09-03', '2014-01-17 12:55:05', 1, 0.00000000, NULL, NULL, 0, NULL, NULL, 1929.57000000, 0.00000000, 0.00000000, 0.00000000, 9188.45000000, 11118.02000000, 2, 2, 2, NULL, NULL, NULL, NULL, 2, 2, '2013-10-03', NULL, NULL, 'crabe', NULL, NULL),
(47, 'FA1309-0043', 1, NULL, NULL, NULL, 0, NULL, 1, '2013-09-10 17:09:04', '2013-09-10', '2013-09-10', '2014-01-17 12:55:05', 1, 0.00000000, NULL, NULL, 0, NULL, NULL, 3601.50000000, 0.00000000, 0.00000000, 0.00000000, 17150.00000000, 20751.50000000, 2, 2, 2, NULL, NULL, NULL, NULL, 2, 2, '2013-10-10', NULL, NULL, 'crabe', NULL, NULL),
(48, 'FA1309-0044', 1, NULL, NULL, NULL, 0, NULL, 1, '2013-09-10 17:30:21', '2013-09-10', '2013-09-10', '2014-01-17 12:55:05', 1, 0.00000000, NULL, NULL, 0, NULL, NULL, 3381.00000000, 0.00000000, 0.00000000, 0.00000000, 16100.00000000, 19481.00000000, 2, 2, 2, NULL, NULL, NULL, NULL, 2, 2, '2013-10-10', NULL, NULL, 'crabe', NULL, NULL),
(49, 'FA1309-0045', 1, NULL, NULL, NULL, 0, NULL, 1, '2013-09-29 18:58:07', '2013-09-29', '2013-09-29', '2014-01-17 12:55:05', 1, 0.00000000, NULL, NULL, 0, NULL, NULL, 3961.65000000, 0.00000000, 0.00000000, 0.00000000, 18865.00000000, 22826.65000000, 2, 2, 2, NULL, NULL, NULL, NULL, 2, 2, '2013-10-29', NULL, NULL, 'crabe', NULL, NULL),
(50, 'FA1309-0046', 1, NULL, NULL, NULL, 0, NULL, 1, '2013-09-29 19:01:50', '2013-09-29', '2013-09-29', '2014-01-17 12:55:05', 1, 0.00000000, NULL, NULL, 0, NULL, NULL, 3719.10000000, 0.00000000, 0.00000000, 0.00000000, 17710.00000000, 21429.10000000, 2, 2, 2, NULL, NULL, NULL, NULL, 2, 2, '2013-10-29', NULL, NULL, 'crabe', NULL, NULL),
(53, 'FA1309-0047', 1, NULL, NULL, NULL, 0, NULL, 6, '2013-09-29 19:24:09', '2013-09-29', '2013-09-29', '2015-02-18 09:01:41', 1, 0.00000000, NULL, NULL, 0, NULL, NULL, 210.00000000, 0.00000000, 0.00000000, 0.00000000, 1000.00000000, 1210.00000000, 2, 2, 2, NULL, NULL, NULL, NULL, 1, 2, '2013-09-29', NULL, NULL, 'crabe', NULL, NULL),
(54, 'FA1309-0048', 1, NULL, NULL, NULL, 0, NULL, 8, '2013-09-29 19:34:26', '2013-09-29', '2013-09-29', '2013-11-07 16:06:58', 0, 0.00000000, NULL, NULL, 0, NULL, NULL, 262.50000000, 0.00000000, 0.00000000, 0.00000000, 1250.00000000, 1512.50000000, 0, 2, 2, NULL, NULL, NULL, NULL, 2, 2, '2013-10-29', NULL, NULL, 'crabe', NULL, NULL),
(55, 'FA1309-0049', 1, NULL, NULL, NULL, 0, NULL, 7, '2013-09-29 19:44:39', '2013-09-29', '2013-09-29', '2015-02-18 09:16:35', 1, 0.00000000, NULL, NULL, 0, NULL, NULL, 787.50000000, 0.00000000, 0.00000000, 0.00000000, 3750.00000000, 4537.50000000, 2, 2, 2, NULL, NULL, NULL, NULL, 2, 2, '2013-10-29', NULL, NULL, 'crabe', NULL, NULL),
(56, 'FA1309-0050', 1, NULL, NULL, NULL, 0, NULL, 1, '2013-09-30 17:32:25', '2013-09-30', '2013-09-30', '2014-01-17 12:55:05', 1, 0.00000000, NULL, NULL, 0, NULL, NULL, 1782.23000000, 0.00000000, 0.00000000, 0.00000000, 8486.85000000, 10269.08000000, 2, 2, 2, NULL, NULL, NULL, NULL, 2, 2, '2013-10-30', NULL, NULL, 'crabe', NULL, NULL),
(57, 'FA1310-0051', 1, NULL, NULL, NULL, 0, NULL, 1, '2013-10-14 19:32:39', '2013-10-14', '2013-10-14', '2014-01-17 12:55:05', 1, 0.00000000, NULL, NULL, 0, NULL, NULL, 3961.65000000, 0.00000000, 0.00000000, 0.00000000, 18865.00000000, 22826.65000000, 2, 2, 2, NULL, NULL, NULL, NULL, 2, 2, '2013-11-13', NULL, NULL, 'crabe', NULL, NULL),
(58, 'FA1310-0052', 1, NULL, NULL, NULL, 0, NULL, 1, '2013-10-14 19:35:36', '2013-10-14', '2013-10-14', '2014-01-17 12:55:05', 1, 0.00000000, NULL, NULL, 0, NULL, NULL, 3719.10000000, 0.00000000, 0.00000000, 0.00000000, 17710.00000000, 21429.10000000, 2, 2, 2, NULL, NULL, NULL, NULL, 2, 2, '2013-11-13', NULL, NULL, 'crabe', NULL, NULL),
(59, 'FA1310-0053', 1, NULL, NULL, NULL, 0, NULL, 7, '2013-10-23 14:05:47', '2013-10-23', '2013-10-23', '2013-10-23 10:07:50', 0, 0.00000000, NULL, NULL, 0, NULL, NULL, 630.00000000, 0.00000000, 0.00000000, 0.00000000, 3000.00000000, 3630.00000000, 0, 2, 2, NULL, NULL, NULL, NULL, 2, 2, '2013-11-22', NULL, NULL, 'crabe', NULL, NULL),
(60, 'FA1310-0054', 1, NULL, NULL, NULL, 0, NULL, 1, '2013-10-31 13:10:25', '2013-10-31', '2013-10-31', '2014-01-17 12:55:05', 1, 0.00000000, NULL, NULL, 0, NULL, NULL, 4321.80000000, 0.00000000, 0.00000000, 0.00000000, 20580.00000000, 24901.80000000, 2, 2, 2, NULL, NULL, NULL, NULL, 2, 2, '2013-11-30', NULL, NULL, 'crabe', NULL, NULL),
(61, 'FA1310-0055', 1, NULL, NULL, NULL, 0, NULL, 1, '2013-10-31 13:23:20', '2013-10-31', '2013-10-31', '2014-01-17 12:55:05', 1, 0.00000000, NULL, NULL, 0, NULL, NULL, 3742.20000000, 0.00000000, 0.00000000, 0.00000000, 17820.00000000, 21562.20000000, 2, 2, 2, NULL, NULL, NULL, NULL, 2, 2, '2013-11-30', NULL, NULL, 'crabe', NULL, NULL),
(62, 'FA1311-0056', 1, NULL, NULL, NULL, 0, NULL, 1, '2013-11-07 12:45:06', '2013-10-31', '2013-11-08', '2014-01-17 12:55:05', 1, 0.00000000, NULL, NULL, 0, NULL, NULL, 2593.99000000, 0.00000000, 0.00000000, 0.00000000, 12352.35000000, 14946.34000000, 2, 2, 2, NULL, NULL, NULL, NULL, 2, 2, '2013-11-30', NULL, NULL, 'crabe', NULL, NULL),
(66, 'FA1311-0057', 1, NULL, NULL, NULL, 0, NULL, 8, '2013-11-08 15:07:38', '2013-10-31', '2013-11-08', '2015-02-18 09:17:39', 1, 0.00000000, NULL, NULL, 0, NULL, NULL, 218.40000000, 0.00000000, 0.00000000, 0.00000000, 1040.00000000, 1258.40000000, 2, 2, 2, NULL, NULL, NULL, NULL, 2, 2, '2013-11-30', NULL, NULL, 'crabe', NULL, NULL),
(67, 'FA1311-0058', 1, NULL, NULL, NULL, 0, NULL, 7, '2013-11-12 16:41:31', '2013-11-12', '2013-11-12', '2015-02-18 09:16:35', 1, 0.00000000, NULL, NULL, 0, NULL, NULL, 1787.10000000, 0.00000000, 0.00000000, 0.00000000, 8510.00000000, 10297.10000000, 2, 2, 2, NULL, NULL, NULL, NULL, 1, 2, '2013-11-12', NULL, NULL, 'crabe', NULL, NULL),
(68, 'FA1311-0059', 1, NULL, NULL, NULL, 0, NULL, 1, '2013-11-14 16:43:08', '2013-11-14', '2013-11-14', '2014-01-17 12:55:05', 1, 0.00000000, NULL, NULL, 0, NULL, NULL, 3241.35000000, 0.00000000, 0.00000000, 0.00000000, 15435.00000000, 18676.35000000, 2, 2, 2, NULL, NULL, NULL, NULL, 2, 2, '2013-12-14', NULL, NULL, 'crabe', NULL, NULL),
(69, 'FA1311-0060', 1, NULL, NULL, NULL, 0, NULL, 1, '2013-11-14 16:50:42', '2013-11-14', '2013-11-14', '2014-01-17 12:55:05', 1, 0.00000000, NULL, NULL, 0, NULL, NULL, 3042.90000000, 0.00000000, 0.00000000, 0.00000000, 14490.00000000, 17532.90000000, 2, 2, 2, NULL, NULL, NULL, NULL, 2, 2, '2013-12-14', NULL, NULL, 'crabe', NULL, NULL),
(70, 'FA1311-0061', 1, NULL, NULL, NULL, 0, NULL, 9, '2013-11-27 13:24:52', '2013-11-27', '2013-11-27', '2015-02-18 09:17:07', 1, 0.00000000, NULL, NULL, 0, NULL, NULL, 168.00000000, 0.00000000, 0.00000000, 0.00000000, 800.00000000, 968.00000000, 2, 2, 2, NULL, NULL, NULL, NULL, 1, 2, '2013-11-27', NULL, NULL, 'crabe', NULL, NULL),
(71, 'FA1311-0062', 1, NULL, NULL, NULL, 0, NULL, 1, '2013-11-30 13:46:48', '2013-11-30', '2013-11-30', '2014-01-17 12:55:05', 1, 0.00000000, NULL, NULL, 0, NULL, NULL, 3601.50000000, 0.00000000, 0.00000000, 0.00000000, 17150.00000000, 20751.50000000, 2, 2, 2, NULL, NULL, NULL, NULL, 2, 2, '2013-12-30', NULL, NULL, 'crabe', NULL, NULL),
(72, 'FA1311-0063', 1, NULL, NULL, NULL, 0, NULL, 1, '2013-11-30 13:53:48', '2013-11-30', '2013-11-30', '2014-01-17 12:55:05', 1, 0.00000000, NULL, NULL, 0, NULL, NULL, 3381.00000000, 0.00000000, 0.00000000, 0.00000000, 16100.00000000, 19481.00000000, 2, 2, 2, NULL, NULL, NULL, NULL, 2, 2, '2013-12-30', NULL, NULL, 'crabe', NULL, NULL),
(74, 'FA1312-0064', 1, NULL, NULL, NULL, 0, NULL, 7, '2013-12-02 12:08:32', '2013-12-02', '2013-12-02', '2015-02-18 09:16:35', 1, 0.00000000, NULL, NULL, 0, NULL, NULL, 1476.30000000, 0.00000000, 0.00000000, 0.00000000, 7030.00000000, 8506.30000000, 2, 2, 2, NULL, NULL, NULL, NULL, 1, 2, '2013-12-02', NULL, NULL, 'crabe', NULL, NULL),
(75, 'FA1312-0065', 1, NULL, NULL, NULL, 0, NULL, 1, '2013-12-03 12:55:13', '2013-12-03', '2013-12-03', '2014-01-17 12:55:05', 1, 0.00000000, NULL, NULL, 0, NULL, NULL, 2622.55000000, 0.00000000, 0.00000000, 0.00000000, 12488.35000000, 15110.90000000, 2, 2, 2, NULL, NULL, NULL, NULL, 2, 2, '2014-01-02', NULL, NULL, 'crabe', NULL, NULL),
(76, 'FA1312-0066', 1, NULL, NULL, NULL, 0, NULL, 1, '2013-12-12 15:47:01', '2013-12-12', '2013-12-12', '2015-02-18 09:25:56', 1, 0.00000000, NULL, NULL, 0, NULL, NULL, 3641.40000000, 0.00000000, 0.00000000, 0.00000000, 17340.00000000, 20981.40000000, 2, 2, 2, NULL, NULL, NULL, NULL, 2, 2, '2014-01-11', NULL, NULL, 'crabe', NULL, NULL),
(77, 'FA1312-0067', 1, NULL, NULL, NULL, 0, NULL, 1, '2013-12-12 15:53:21', '2013-12-12', '2013-12-12', '2015-02-18 09:25:56', 1, 0.00000000, NULL, NULL, 0, NULL, NULL, 3381.00000000, 0.00000000, 0.00000000, 0.00000000, 16100.00000000, 19481.00000000, 2, 2, 2, NULL, NULL, NULL, NULL, 2, 2, '2014-01-11', NULL, NULL, 'crabe', NULL, NULL),
(78, 'FA1401-0068', 1, NULL, NULL, NULL, 0, NULL, 1, '2014-01-02 13:12:27', '2014-01-02', '2014-01-02', '2015-02-18 09:25:56', 1, 0.00000000, NULL, NULL, 0, NULL, NULL, 3961.65000000, 0.00000000, 0.00000000, 0.00000000, 18865.00000000, 22826.65000000, 2, 2, 2, NULL, NULL, NULL, NULL, 2, 2, '2014-02-01', NULL, NULL, 'crabe', NULL, NULL),
(79, 'FA1401-0069', 1, NULL, NULL, NULL, 0, NULL, 1, '2014-01-02 13:14:58', '2014-01-02', '2014-01-02', '2015-02-18 09:25:56', 1, 0.00000000, NULL, NULL, 0, NULL, NULL, 3719.10000000, 0.00000000, 0.00000000, 0.00000000, 17710.00000000, 21429.10000000, 2, 2, 2, NULL, NULL, NULL, NULL, 2, 2, '2014-02-01', NULL, NULL, 'crabe', NULL, NULL),
(80, 'FA1401-0070', 1, NULL, NULL, NULL, 0, NULL, 1, '2014-01-10 13:57:52', '2014-01-10', '2014-01-10', '2015-02-18 09:25:56', 1, 0.00000000, NULL, NULL, 0, NULL, NULL, 2314.86000000, 0.00000000, 0.00000000, 0.00000000, 11023.15000000, 13338.01000000, 2, 2, 2, NULL, NULL, NULL, NULL, 2, 2, '2014-02-09', NULL, NULL, 'crabe', NULL, NULL),
(82, 'FA1401-0071', 1, NULL, NULL, NULL, 0, NULL, 1, '2014-01-20 13:09:27', '2012-12-31', '2014-01-20', '2014-01-20 09:30:37', 1, 0.00000000, NULL, NULL, 0, NULL, NULL, 36724.79000000, 0.00000000, 0.00000000, 0.00000000, 174879.96000000, 211604.75000000, 2, 5, 5, NULL, NULL, NULL, NULL, 1, 2, '2012-12-31', NULL, NULL, 'crabe', NULL, NULL),
(83, 'AV1401-0001', 1, NULL, NULL, NULL, 2, NULL, 1, '2014-01-20 13:17:27', '2014-01-20', '2014-02-11', '2014-02-11 08:26:13', 0, 0.00000000, NULL, NULL, 0, NULL, NULL, -36724.79000000, 0.00000000, 0.00000000, 0.00000000, -174879.96000000, -211604.75000000, 1, 5, 5, 82, NULL, NULL, NULL, 0, 2, '2014-01-20', NULL, NULL, 'crabe', NULL, NULL),
(84, 'FA1401-0072', 1, NULL, NULL, NULL, 0, NULL, 11, '2014-01-22 12:58:34', '2014-01-22', '2014-01-22', '2015-02-18 09:18:03', 1, 0.00000000, NULL, NULL, 0, NULL, NULL, 252.00000000, 0.00000000, 0.00000000, 0.00000000, 1200.00000000, 1452.00000000, 2, 5, 5, NULL, NULL, NULL, NULL, 1, 2, '2014-01-22', NULL, NULL, 'crabe', NULL, NULL),
(85, 'FA1401-0073', 1, NULL, NULL, NULL, 0, NULL, 1, '2014-01-23 16:09:51', '2014-01-23', '2014-01-23', '2015-02-18 09:25:56', 1, 0.00000000, NULL, NULL, 0, NULL, NULL, 6256.14000000, 0.00000000, 0.00000000, 0.00000000, 29791.09000000, 36047.23000000, 2, 5, 5, NULL, NULL, NULL, NULL, 1, 2, '2014-01-23', NULL, NULL, 'crabe', NULL, NULL),
(86, 'FA1401-0074', 1, NULL, NULL, NULL, 0, NULL, 3, '2014-01-24 13:47:01', '2014-01-24', '2014-01-24', '2015-02-18 09:16:03', 1, 0.00000000, NULL, NULL, 0, NULL, NULL, 966.00000000, 0.00000000, 0.00000000, 0.00000000, 4600.00000000, 5566.00000000, 2, 5, 5, NULL, NULL, NULL, NULL, 1, 2, '2014-01-24', NULL, NULL, 'crabe', NULL, NULL),
(87, 'FA1402-0075', 1, NULL, NULL, NULL, 0, NULL, 1, '2014-01-29 14:15:14', '2014-02-04', '2014-02-05', '2015-02-18 09:35:36', 1, 0.00000000, NULL, NULL, 0, NULL, NULL, 8366.20000000, 0.00000000, 0.00000000, 0.00000000, 39838.95000000, 48205.15000000, 2, 5, 5, NULL, NULL, NULL, NULL, 1, 2, '2014-02-04', NULL, NULL, 'crabe', NULL, NULL),
(88, 'FA1402-0076', 1, NULL, NULL, NULL, 0, NULL, 1, '2014-02-04 15:08:34', '2014-01-31', '2014-03-07', '2015-02-19 13:53:49', 1, 0.00000000, NULL, NULL, 0, NULL, NULL, 1215.73000000, 0.00000000, 0.00000000, 0.00000000, 5789.13000000, 7004.86000000, 2, 5, 5, NULL, NULL, NULL, NULL, 1, 2, '2014-02-15', NULL, NULL, 'crabe', NULL, NULL),
(90, 'FA1402-0077', 1, NULL, NULL, NULL, 0, NULL, 1, '2014-02-14 12:11:11', '2014-02-20', '2014-02-20', '2015-02-19 13:54:01', 1, 0.00000000, NULL, NULL, 0, NULL, NULL, 6475.42000000, 0.00000000, 0.00000000, 0.00000000, 30835.28000000, 37310.70000000, 2, 5, 5, NULL, NULL, NULL, NULL, 1, 2, '2014-02-20', NULL, NULL, 'crabe', NULL, NULL),
(92, 'FA1403-0078', 1, NULL, NULL, NULL, 0, NULL, 1, '2014-03-03 13:00:49', '2014-03-03', '2014-03-14', '2015-02-19 13:54:14', 1, 0.00000000, NULL, NULL, 0, NULL, NULL, 6562.56000000, 0.00000000, 0.00000000, 0.00000000, 31250.25000000, 37812.81000000, 2, 5, 5, NULL, NULL, NULL, NULL, 1, 2, '2014-03-03', NULL, NULL, 'crabe', NULL, NULL),
(94, 'FA1403-0079', 1, NULL, NULL, NULL, 0, NULL, 1, '2014-03-07 14:48:17', '2014-03-07', '2014-03-07', '2015-02-19 13:54:24', 1, 0.00000000, NULL, NULL, 0, NULL, NULL, 890.03000000, 0.00000000, 0.00000000, 0.00000000, 4238.24000000, 5128.27000000, 2, 5, 5, NULL, NULL, NULL, NULL, 1, 2, '2014-03-07', NULL, NULL, 'crabe', NULL, NULL),
(95, 'FA1403-0080', 1, NULL, NULL, NULL, 0, NULL, 1, '2014-03-12 12:54:04', '2014-03-12', '2014-03-12', '2015-02-19 13:54:35', 1, 0.00000000, NULL, NULL, 0, NULL, NULL, 109.66000000, 0.00000000, 0.00000000, 0.00000000, 522.21000000, 631.87000000, 2, 5, 5, NULL, NULL, NULL, NULL, 1, 2, '2014-03-12', NULL, NULL, 'crabe', NULL, NULL),
(96, 'FA1403-0081', 1, NULL, NULL, NULL, 0, NULL, 1, '2014-03-14 14:46:05', '2014-03-14', '2014-03-14', '2015-02-19 13:54:46', 1, 0.00000000, NULL, NULL, 0, NULL, NULL, 6562.56000000, 0.00000000, 0.00000000, 0.00000000, 31250.25000000, 37812.81000000, 2, 5, 5, NULL, NULL, NULL, NULL, 1, 2, '2014-03-14', NULL, NULL, 'crabe', NULL, NULL),
(97, 'FA1404-0082', 1, NULL, NULL, NULL, 0, NULL, 1, '2014-04-02 13:07:35', '2014-03-31', '2014-04-02', '2015-02-19 13:55:25', 1, 0.00000000, NULL, NULL, 0, NULL, NULL, 7122.58000000, 0.00000000, 0.00000000, 0.00000000, 33916.88000000, 41039.46000000, 2, 5, 5, NULL, NULL, NULL, NULL, 1, 2, '2014-03-31', NULL, NULL, 'crabe', NULL, NULL),
(98, 'FA1404-0083', 1, NULL, NULL, NULL, 0, NULL, 1, '2014-04-03 15:25:56', '2014-03-31', '2014-04-03', '2015-02-19 13:55:13', 1, 0.00000000, NULL, NULL, 0, NULL, NULL, 934.65000000, 0.00000000, 0.00000000, 0.00000000, 4450.72000000, 5385.37000000, 2, 5, 5, NULL, NULL, NULL, NULL, 1, 2, '2014-03-31', NULL, NULL, 'crabe', NULL, NULL),
(99, 'FA1404-0084', 1, NULL, NULL, NULL, 0, NULL, 1, '2014-04-15 13:07:31', '2014-04-15', '2014-04-15', '2015-02-19 13:55:41', 1, 0.00000000, NULL, NULL, 0, NULL, NULL, 7423.09000000, 0.00000000, 0.00000000, 0.00000000, 35347.97000000, 42771.06000000, 2, 5, 5, NULL, NULL, NULL, NULL, 1, 2, '2014-04-15', NULL, NULL, 'crabe', NULL, NULL),
(100, 'FA1404-0085', 1, NULL, NULL, NULL, 0, NULL, 1, '2014-04-15 13:42:20', '2014-04-15', '2014-04-15', '2015-02-19 13:55:32', 1, 0.00000000, NULL, NULL, 0, NULL, NULL, 1069.40000000, 0.00000000, 0.00000000, 0.00000000, 5092.38000000, 6161.78000000, 2, 5, 5, NULL, NULL, NULL, NULL, 1, 2, '2014-04-15', NULL, NULL, 'crabe', NULL, NULL),
(105, 'FA1405-0086', 1, NULL, NULL, NULL, 0, NULL, 1, '2014-05-02 11:03:57', '2014-05-02', '2014-05-02', '2015-02-19 13:55:52', 1, 0.00000000, NULL, NULL, 0, NULL, NULL, 6824.13000000, 0.00000000, 0.00000000, 0.00000000, 32495.87000000, 39320.00000000, 2, 5, 5, NULL, NULL, NULL, NULL, 1, 2, '2014-05-02', NULL, NULL, 'crabe', NULL, NULL),
(106, 'FA1405-0087', 1, NULL, NULL, NULL, 0, NULL, 6, '2014-05-11 14:22:05', '2014-05-11', '2014-05-11', '2014-12-15 09:54:59', 1, 0.00000000, NULL, NULL, 0, NULL, NULL, 73.50000000, 0.00000000, 0.00000000, 0.00000000, 350.00000000, 423.50000000, 2, 2, 2, NULL, NULL, NULL, NULL, 1, 2, '2014-05-11', NULL, NULL, 'crabe', NULL, NULL),
(107, 'FA1405-0088', 1, NULL, NULL, NULL, 0, NULL, 15, '2014-05-11 14:37:00', '2014-05-11', '2014-05-11', '2015-02-18 09:18:36', 1, 0.00000000, NULL, NULL, 0, NULL, NULL, 84.00000000, 0.00000000, 0.00000000, 0.00000000, 400.00000000, 484.00000000, 2, 2, 2, NULL, NULL, NULL, NULL, 1, 0, '2014-05-11', NULL, NULL, 'crabe', NULL, NULL),
(108, 'FA1405-0089', 1, NULL, NULL, NULL, 0, NULL, 1, '2014-05-16 11:47:16', '2014-05-16', '2014-05-16', '2015-02-19 13:56:01', 1, 0.00000000, NULL, NULL, 0, NULL, NULL, 6899.88000000, 0.00000000, 0.00000000, 0.00000000, 32856.56000000, 39756.44000000, 2, 5, 5, NULL, NULL, NULL, NULL, 1, 2, '2014-05-16', NULL, NULL, 'crabe', NULL, NULL),
(109, 'FA1405-0090', 1, NULL, NULL, NULL, 0, NULL, 1, '2014-05-22 08:42:44', '2014-05-22', '2014-05-22', '2015-02-19 13:56:14', 1, 0.00000000, NULL, NULL, 0, NULL, NULL, 937.00000000, 0.00000000, 0.00000000, 0.00000000, 4461.92000000, 5398.92000000, 2, 5, 5, NULL, NULL, NULL, NULL, 1, 2, '2014-05-22', NULL, NULL, 'crabe', NULL, NULL),
(110, 'FA1405-0091', 1, NULL, NULL, NULL, 0, NULL, 1, '2014-05-31 15:41:08', '2014-05-31', '2014-06-16', '2015-02-19 13:56:43', 1, 0.00000000, NULL, NULL, 0, NULL, NULL, 7092.97000000, 0.00000000, 0.00000000, 0.00000000, 33775.98000000, 40868.95000000, 2, 1, 4, NULL, NULL, NULL, NULL, 1, 2, '2014-05-31', NULL, NULL, 'crabe', NULL, NULL),
(112, 'FA1406-0092', 1, NULL, NULL, NULL, 0, NULL, 16, '2014-06-03 12:43:00', '2014-06-03', '2014-06-03', '2015-02-18 09:19:00', 1, 0.00000000, NULL, NULL, 0, NULL, NULL, 42.00000000, 0.00000000, 0.00000000, 0.00000000, 200.00000000, 242.00000000, 2, 2, 2, NULL, NULL, NULL, NULL, 1, 4, '2014-06-03', NULL, NULL, 'crabe', NULL, NULL),
(113, 'FA1406-0093', 1, NULL, NULL, NULL, 0, NULL, 1, '2014-06-06 14:56:11', '2014-06-06', '2014-06-06', '2015-02-19 13:56:52', 1, 0.00000000, NULL, NULL, 0, NULL, NULL, 1291.95000000, 0.00000000, 0.00000000, 0.00000000, 6152.16000000, 7444.11000000, 2, 5, 5, NULL, NULL, NULL, NULL, 1, 2, '2014-06-06', NULL, NULL, 'crabe', NULL, NULL),
(115, 'FA1406-0094', 1, NULL, NULL, NULL, 0, NULL, 1, '2014-06-16 14:16:01', '2014-06-16', '2014-06-16', '2015-02-19 13:57:11', 1, 0.00000000, NULL, NULL, 0, NULL, NULL, 6294.27000000, 0.00000000, 0.00000000, 0.00000000, 29972.59000000, 36266.86000000, 2, 4, 4, NULL, NULL, NULL, NULL, 1, 2, '2014-06-16', NULL, NULL, 'crabe', NULL, NULL),
(117, 'FA1406-0095', 1, NULL, NULL, NULL, 0, NULL, 1, '2014-06-19 16:25:25', '2014-06-19', '2014-06-19', '2015-02-19 13:57:20', 1, 0.00000000, NULL, NULL, 0, NULL, NULL, 372.96000000, 0.00000000, 0.00000000, 0.00000000, 1776.00000000, 2148.96000000, 2, 4, 4, NULL, NULL, NULL, NULL, 1, 2, '2014-06-19', NULL, NULL, 'crabe', NULL, NULL),
(118, 'FA1406-0096', 1, NULL, NULL, NULL, 0, NULL, 1, '2014-06-26 14:09:42', '2014-06-30', '2014-06-30', '2015-02-19 13:57:33', 1, 0.00000000, NULL, NULL, 0, NULL, NULL, 7738.88000000, 0.00000000, 0.00000000, 0.00000000, 36851.75000000, 44590.63000000, 2, 4, 4, NULL, NULL, NULL, NULL, 1, 2, '2014-06-30', NULL, NULL, 'crabe', NULL, NULL),
(119, 'FA1407-0097', 1, NULL, NULL, NULL, 0, NULL, 1, '2014-07-04 12:17:21', '2014-07-04', '2014-07-04', '2015-02-19 13:57:43', 1, 0.00000000, NULL, NULL, 0, NULL, NULL, 1150.02000000, 0.00000000, 0.00000000, 0.00000000, 5476.28000000, 6626.30000000, 2, 4, 4, NULL, NULL, NULL, NULL, 1, 2, '2014-07-04', NULL, NULL, 'crabe', NULL, NULL),
(120, 'FA1407-0098', 1, NULL, NULL, NULL, 0, NULL, 1, '2014-07-15 12:22:44', '2014-07-15', '2014-07-15', '2015-02-19 13:57:57', 1, 0.00000000, NULL, NULL, 0, NULL, NULL, 7643.56000000, 0.00000000, 0.00000000, 0.00000000, 36397.87000000, 44041.43000000, 2, 4, 4, NULL, NULL, NULL, NULL, 1, 2, '2014-07-15', NULL, NULL, 'crabe', NULL, NULL),
(121, 'FA1407-0099', 1, NULL, NULL, NULL, 0, NULL, 18, '2014-07-23 14:46:14', '2014-07-23', '2014-07-25', '2015-02-19 14:04:01', 1, 0.00000000, NULL, NULL, 0, NULL, NULL, 84.00000000, 0.00000000, 0.00000000, 0.00000000, 400.00000000, 484.00000000, 2, 4, 4, NULL, NULL, NULL, NULL, 10, 4, '2014-09-06', NULL, NULL, 'crabe', NULL, NULL),
(122, 'FA1407-0100', 1, NULL, NULL, NULL, 0, NULL, 1, '2014-07-30 13:01:14', '2014-08-01', '2014-07-30', '2015-02-19 13:58:07', 1, 0.00000000, NULL, NULL, 0, NULL, NULL, 7579.53000000, 0.00000000, 0.00000000, 0.00000000, 36092.97000000, 43672.50000000, 2, 4, 4, NULL, NULL, NULL, NULL, 1, 2, '2014-08-01', NULL, NULL, 'crabe', NULL, NULL),
(123, 'FA1408-0101', 1, NULL, NULL, NULL, 0, NULL, 1, '2014-08-07 12:23:31', '2014-08-07', '2014-08-07', '2015-02-19 13:59:00', 1, 0.00000000, NULL, NULL, 0, NULL, NULL, 856.41000000, 0.00000000, 0.00000000, 0.00000000, 4078.16000000, 4934.57000000, 2, 4, 4, NULL, NULL, NULL, NULL, 1, 2, '2014-08-07', NULL, NULL, 'crabe', NULL, NULL),
(124, 'FA1408-0102', 1, NULL, NULL, NULL, 0, NULL, 1, '2014-08-18 15:14:36', '2014-08-18', '2014-08-18', '2015-02-19 13:59:35', 1, 0.00000000, NULL, NULL, 0, NULL, NULL, 7092.25000000, 0.00000000, 0.00000000, 0.00000000, 33772.51000000, 40864.76000000, 2, 4, 4, NULL, NULL, NULL, NULL, 1, 2, '2014-08-18', NULL, NULL, 'crabe', NULL, NULL),
(125, 'FA1408-0103', 1, NULL, NULL, NULL, 0, NULL, 1, '2014-08-27 13:48:54', '2014-08-27', '2014-08-27', '2015-02-19 14:01:28', 1, 0.00000000, NULL, NULL, 0, NULL, NULL, 7119.80000000, 0.00000000, 0.00000000, 0.00000000, 33903.76000000, 41023.56000000, 2, 4, 4, NULL, NULL, NULL, NULL, 1, 2, '2014-08-27', NULL, NULL, 'crabe', NULL, NULL),
(127, 'FA1409-0104', 1, NULL, NULL, NULL, 0, NULL, 1, '2014-09-04 12:03:39', '2014-08-31', '2014-09-04', '2015-02-19 14:02:39', 1, 0.00000000, NULL, NULL, 0, NULL, NULL, 856.41000000, 0.00000000, 0.00000000, 0.00000000, 4078.16000000, 4934.57000000, 2, 4, 4, NULL, NULL, NULL, NULL, 1, 2, '2014-08-31', NULL, NULL, 'crabe', NULL, NULL),
(128, 'FA1409-0105', 1, NULL, NULL, NULL, 0, NULL, 1, '2014-09-15 12:27:54', '2014-09-15', '2014-09-15', '2015-02-19 14:05:01', 1, 0.00000000, NULL, NULL, 0, NULL, NULL, 7055.39000000, 0.00000000, 0.00000000, 0.00000000, 33597.01000000, 40652.40000000, 2, 4, 4, NULL, NULL, NULL, NULL, 1, 2, '2014-09-15', NULL, NULL, 'crabe', NULL, NULL),
(129, 'FA1409-0106', 1, NULL, NULL, NULL, 0, NULL, 19, '2014-09-22 11:34:26', '2014-09-22', '2014-09-22', '2015-12-14 18:35:43', 0, 0.00000000, NULL, NULL, 0, 'badcustomer', NULL, 0.00000000, 0.00000000, 0.00000000, 0.00000000, 1436.73000000, 1436.73000000, 3, 4, 4, NULL, NULL, NULL, NULL, 2, 0, '2014-10-22', NULL, NULL, 'crabe', NULL, NULL),
(130, 'FA1409-0107', 1, NULL, NULL, NULL, 0, NULL, 20, '2014-09-22 11:45:38', '2014-09-22', '2014-09-22', '2015-02-19 14:08:09', 1, 0.00000000, NULL, NULL, 0, NULL, NULL, 0.00000000, 0.00000000, 0.00000000, 0.00000000, 1245.17000000, 1245.17000000, 2, 4, 4, NULL, NULL, NULL, NULL, 2, 0, '2014-10-22', NULL, NULL, 'crabe', NULL, NULL),
(131, 'FA1409-0108', 1, NULL, NULL, NULL, 0, NULL, 20, '2014-09-22 11:54:41', '2014-09-22', '2014-09-22', '2015-02-19 14:08:09', 1, 0.00000000, NULL, NULL, 0, NULL, NULL, 0.00000000, 0.00000000, 0.00000000, 0.00000000, 2777.69000000, 2777.69000000, 2, 4, 4, NULL, NULL, NULL, NULL, 2, 0, '2014-10-22', NULL, NULL, 'crabe', NULL, NULL),
(132, 'FA1409-0109', 1, NULL, NULL, NULL, 0, NULL, 1, '2014-09-29 16:09:43', '2014-09-30', '2014-09-29', '2015-02-19 14:05:30', 1, 0.00000000, NULL, NULL, 0, NULL, NULL, 8658.94000000, 0.00000000, 0.00000000, 0.00000000, 41232.97000000, 49891.91000000, 2, 4, 4, NULL, NULL, NULL, NULL, 1, 2, '2014-09-30', NULL, NULL, 'crabe', NULL, NULL),
(134, 'FA1410-0110', 1, NULL, NULL, NULL, 0, NULL, 21, '2014-10-06 16:07:24', '2014-09-30', '2014-10-06', '2015-02-18 08:56:08', 1, 0.00000000, NULL, NULL, 0, NULL, NULL, 924.00000000, 0.00000000, 0.00000000, 0.00000000, 4400.00000000, 5324.00000000, 2, 4, 4, NULL, NULL, NULL, NULL, 1, 2, '2014-09-30', NULL, NULL, 'crabe', NULL, NULL),
(135, 'FA1410-0111', 1, NULL, NULL, NULL, 0, NULL, 22, '2014-10-07 13:04:13', '2014-10-07', '2014-10-07', '2015-02-18 08:58:22', 1, 0.00000000, NULL, NULL, 0, NULL, NULL, 789.60000000, 0.00000000, 0.00000000, 0.00000000, 3760.00000000, 4549.60000000, 2, 5, 5, NULL, NULL, NULL, NULL, 1, 2, '2014-10-07', NULL, NULL, 'crabe', NULL, NULL),
(136, 'FA1410-0112', 1, NULL, NULL, NULL, 0, NULL, 1, '2014-10-15 14:51:47', '2014-10-15', '2014-10-15', '2015-02-19 14:06:15', 1, 0.00000000, NULL, NULL, 0, NULL, NULL, 7749.35000000, 0.00000000, 0.00000000, 0.00000000, 36901.59000000, 44650.94000000, 2, 4, 4, NULL, NULL, NULL, NULL, 1, 2, '2014-10-15', NULL, NULL, 'crabe', NULL, NULL),
(137, 'FA1410-0113', 1, NULL, NULL, NULL, 0, NULL, 1, '2014-10-21 10:24:51', '2014-10-21', '2014-10-21', '2015-02-19 14:07:26', 1, 0.00000000, NULL, NULL, 0, NULL, NULL, 857.03000000, 0.00000000, 0.00000000, 0.00000000, 4081.08000000, 4938.11000000, 2, 4, 4, NULL, NULL, NULL, NULL, 1, 2, '2014-10-21', NULL, NULL, 'crabe', NULL, NULL),
(138, 'FA1410-0114', 1, NULL, NULL, NULL, 0, NULL, 1, '2014-10-21 14:11:56', '2014-10-21', '2014-10-21', '2015-02-19 14:09:01', 1, 0.00000000, NULL, NULL, 0, NULL, NULL, 126.00000000, 0.00000000, 0.00000000, 0.00000000, 600.00000000, 726.00000000, 2, 4, 4, NULL, NULL, NULL, NULL, 10, 0, '2014-12-05', NULL, NULL, 'crabe', NULL, NULL),
(139, 'FA1410-0115', 1, NULL, NULL, NULL, 0, NULL, 23, '2014-10-23 15:08:16', '2014-10-23', '2014-10-23', '2015-12-14 18:37:23', 0, 0.00000000, NULL, NULL, 0, 'badcustomer', NULL, 42.00000000, 0.00000000, 0.00000000, 0.00000000, 200.00000000, 242.00000000, 3, 4, 4, NULL, NULL, NULL, NULL, 10, 0, '2014-12-07', NULL, NULL, 'crabe', NULL, NULL),
(140, 'FA1410-0116', 1, NULL, NULL, NULL, 0, NULL, 1, '2014-10-31 14:47:57', '2014-10-31', '2014-10-31', '2015-02-19 14:09:01', 1, 0.00000000, NULL, NULL, 0, NULL, NULL, 126.00000000, 0.00000000, 0.00000000, 0.00000000, 600.00000000, 726.00000000, 2, 4, 4, NULL, NULL, NULL, NULL, 10, 0, '2014-12-15', NULL, NULL, 'crabe', NULL, NULL),
(141, 'FA1410-0117', 1, NULL, NULL, NULL, 0, NULL, 1, '2014-10-31 14:52:30', '2014-10-31', '2014-10-31', '2015-02-19 14:09:01', 1, 0.00000000, NULL, NULL, 0, NULL, NULL, 8383.10000000, 0.00000000, 0.00000000, 0.00000000, 39919.53000000, 48302.63000000, 2, 4, 4, NULL, NULL, NULL, NULL, 1, 2, '2014-10-31', NULL, NULL, 'crabe', NULL, NULL),
(142, 'FA1411-0118', 1, NULL, NULL, NULL, 0, NULL, 21, '2014-11-03 13:17:57', '2014-10-31', '2014-11-03', '2015-02-18 08:56:08', 1, 0.00000000, NULL, NULL, 0, NULL, NULL, 966.00000000, 0.00000000, 0.00000000, 0.00000000, 4600.00000000, 5566.00000000, 2, 4, 4, NULL, NULL, NULL, NULL, 1, 2, '2014-11-03', NULL, NULL, 'crabe', NULL, NULL),
(143, 'FA1411-0119', 1, NULL, NULL, NULL, 0, NULL, 22, '2014-11-03 16:37:10', '2014-10-31', '2014-11-03', '2015-02-18 08:58:22', 1, 0.00000000, NULL, NULL, 0, NULL, NULL, 693.00000000, 0.00000000, 0.00000000, 0.00000000, 3300.00000000, 3993.00000000, 2, 4, 4, NULL, NULL, NULL, NULL, 1, 2, '2014-11-03', NULL, NULL, 'crabe', NULL, NULL),
(144, 'FA1411-0120', 1, NULL, NULL, NULL, 0, NULL, 22, '2014-11-14 16:40:32', '2014-11-14', '2014-11-14', '2015-02-18 08:58:22', 1, 0.00000000, NULL, NULL, 0, NULL, NULL, 2106.72000000, 0.00000000, 0.00000000, 0.00000000, 10032.00000000, 12138.72000000, 2, 4, 4, NULL, NULL, NULL, NULL, 10, 0, '2014-12-29', NULL, NULL, 'crabe', NULL, NULL),
(145, 'FA1411-0121', 1, NULL, NULL, NULL, 0, NULL, 1, '2014-11-14 17:06:44', '2014-11-14', '2014-11-14', '2015-02-19 14:10:07', 1, 0.00000000, NULL, NULL, 0, NULL, NULL, 1010.37000000, 0.00000000, 0.00000000, 0.00000000, 4811.28000000, 5821.65000000, 2, 4, 4, NULL, NULL, NULL, NULL, 1, 2, '2014-11-14', NULL, NULL, 'crabe', NULL, NULL),
(146, 'FA1411-0122', 1, NULL, NULL, NULL, 0, NULL, 1, '2014-11-17 15:12:47', '2014-11-17', '2014-12-08', '2015-02-19 14:10:07', 1, 0.00000000, NULL, NULL, 0, NULL, NULL, 6534.14000000, 0.00000000, 0.00000000, 0.00000000, 31114.81000000, 37648.95000000, 2, 4, 4, NULL, NULL, NULL, NULL, 1, 2, '2014-11-17', NULL, NULL, 'crabe', NULL, NULL),
(147, 'FA1411-0123', 1, NULL, NULL, NULL, 0, NULL, 1, '2014-11-17 16:02:11', '2014-11-17', '2014-11-17', '2015-02-19 14:10:07', 1, 0.00000000, NULL, NULL, 0, NULL, NULL, 857.03000000, 0.00000000, 0.00000000, 0.00000000, 4081.08000000, 4938.11000000, 2, 4, 4, NULL, NULL, NULL, NULL, 1, 2, '2014-11-17', NULL, NULL, 'crabe', NULL, NULL),
(148, 'FA1411-0124', 1, NULL, NULL, NULL, 0, NULL, 1, '2014-11-28 14:55:34', '2014-11-28', '2014-11-28', '2015-02-19 14:10:07', 1, 0.00000000, NULL, NULL, 0, NULL, NULL, 7137.50000000, 0.00000000, 0.00000000, 0.00000000, 33988.00000000, 41125.50000000, 2, 4, 4, NULL, NULL, NULL, NULL, 1, 2, '2014-11-28', NULL, NULL, 'crabe', NULL, NULL),
(149, 'FA1411-0125', 1, NULL, NULL, NULL, 0, NULL, 21, '2014-11-28 17:10:48', '2014-11-28', '2014-11-28', '2015-02-18 08:56:08', 1, 0.00000000, NULL, NULL, 0, NULL, NULL, 819.00000000, 0.00000000, 0.00000000, 0.00000000, 3900.00000000, 4719.00000000, 2, 4, 4, NULL, NULL, NULL, NULL, 1, 2, '2014-11-28', NULL, NULL, 'crabe', NULL, NULL),
(150, 'FA1412-0126', 1, NULL, NULL, NULL, 0, NULL, 22, '2014-12-02 11:26:40', '2014-12-02', '2014-12-02', '2014-12-15 09:53:27', 1, 0.00000000, NULL, NULL, 0, NULL, NULL, 766.50000000, 0.00000000, 0.00000000, 0.00000000, 3650.00000000, 4416.50000000, 2, 4, 4, NULL, NULL, NULL, NULL, 1, 2, '2014-12-02', NULL, NULL, 'crabe', NULL, NULL),
(151, 'FA1412-0127', 1, NULL, NULL, NULL, 0, NULL, 1, '2014-12-03 17:23:46', '2014-12-03', '2014-12-03', '2015-02-19 14:10:07', 1, 0.00000000, NULL, NULL, 0, NULL, NULL, 126.00000000, 0.00000000, 0.00000000, 0.00000000, 600.00000000, 726.00000000, 2, 4, 4, NULL, NULL, NULL, NULL, 10, 0, '2015-01-17', NULL, NULL, 'crabe', NULL, NULL),
(152, 'FA1412-0128', 1, NULL, NULL, NULL, 0, NULL, 1, '2014-12-05 14:54:51', '2014-12-05', '2014-12-05', '2015-02-19 14:11:11', 1, 0.00000000, NULL, NULL, 0, NULL, NULL, 1093.42000000, 0.00000000, 0.00000000, 0.00000000, 5206.76000000, 6300.18000000, 2, 4, 4, NULL, NULL, NULL, NULL, 1, 2, '2014-12-05', NULL, NULL, 'crabe', NULL, NULL),
(153, 'FA1412-0129', 1, NULL, NULL, NULL, 0, NULL, 1, '2014-12-15 13:04:30', '2014-12-15', '2014-12-15', '2015-02-19 14:11:11', 1, 0.00000000, NULL, NULL, 0, NULL, NULL, 7846.12000000, 0.00000000, 0.00000000, 0.00000000, 37362.46000000, 45208.58000000, 2, 4, 4, NULL, NULL, NULL, NULL, 1, 2, '2014-12-15', NULL, NULL, 'crabe', NULL, NULL),
(154, 'FA1412-0130', 1, NULL, NULL, NULL, 0, NULL, 1, '2014-12-30 18:00:16', '2014-12-30', '2014-12-30', '2015-02-19 14:11:11', 1, 0.00000000, NULL, NULL, 0, NULL, NULL, 8263.83000000, 0.00000000, 0.00000000, 0.00000000, 39351.54000000, 47615.37000000, 2, 4, 4, NULL, NULL, NULL, NULL, 1, 2, '2014-12-30', NULL, NULL, 'crabe', NULL, NULL),
(155, 'FA1412-0131', 1, NULL, NULL, NULL, 0, NULL, 1, '2014-12-30 18:04:53', '2014-12-30', '2014-12-30', '2015-02-19 14:14:32', 1, 0.00000000, NULL, NULL, 0, NULL, NULL, 126.00000000, 0.00000000, 0.00000000, 0.00000000, 600.00000000, 726.00000000, 2, 4, 4, NULL, NULL, NULL, NULL, 1, 0, '2014-12-30', NULL, NULL, 'crabe', NULL, NULL),
(156, 'FA1412-0132', 1, NULL, NULL, NULL, 0, NULL, 1, '2014-12-31 13:43:15', '2014-12-31', '2014-12-31', '2015-02-19 14:18:11', 1, 0.00000000, NULL, NULL, 0, NULL, NULL, 1096.70000000, 0.00000000, 0.00000000, 0.00000000, 5222.40000000, 6319.10000000, 2, 4, 4, NULL, NULL, NULL, NULL, 1, 2, '2014-12-31', NULL, NULL, 'crabe', NULL, NULL),
(157, 'FA1412-0134', 1, NULL, NULL, NULL, 0, NULL, 22, '2014-12-31 17:49:29', '2014-12-31', '2014-12-31', '2015-02-18 08:58:22', 1, 0.00000000, NULL, NULL, 0, NULL, NULL, 813.75000000, 0.00000000, 0.00000000, 0.00000000, 3875.00000000, 4688.75000000, 2, 4, 4, NULL, NULL, NULL, NULL, 1, 2, '2014-12-31', NULL, NULL, 'crabe', NULL, NULL),
(158, 'FA1412-0133', 1, NULL, NULL, NULL, 0, NULL, 21, '2014-12-31 17:50:13', '2014-12-31', '2015-01-12', '2015-02-18 09:20:32', 1, 0.00000000, NULL, NULL, 0, NULL, NULL, 1936.20000000, 0.00000000, 0.00000000, 0.00000000, 9220.00000000, 11156.20000000, 2, 4, 4, NULL, NULL, NULL, NULL, 1, 2, '2014-12-31', NULL, NULL, 'crabe', NULL, NULL),
(159, 'FA1501-0135', 1, NULL, NULL, NULL, 0, NULL, 1, '2015-01-15 14:13:32', '2015-01-15', '2015-01-15', '2015-02-23 14:13:49', 1, 0.00000000, NULL, NULL, 0, NULL, NULL, 7409.99000000, 0.00000000, 0.00000000, 0.00000000, 35285.67000000, 42695.66000000, 2, 4, 4, NULL, NULL, NULL, NULL, 1, 2, '2015-01-15', NULL, NULL, 'crabe', NULL, NULL),
(160, 'FA1501-0136', 1, NULL, NULL, NULL, 0, NULL, 24, '2015-01-15 15:47:35', '2015-01-15', '2015-01-15', '2015-08-27 08:49:01', 1, 0.00000000, NULL, NULL, 0, NULL, NULL, 208.91000000, 0.00000000, 0.00000000, 0.00000000, 994.80000000, 1203.71000000, 2, 4, 4, NULL, NULL, NULL, NULL, 10, 0, '2015-03-01', NULL, NULL, 'crabe', NULL, NULL),
(161, 'FA1501-0137', 1, NULL, NULL, NULL, 0, NULL, 23, '2015-01-23 12:52:26', '2015-01-23', '2015-01-23', '2015-03-19 11:00:36', 1, 0.00000000, NULL, NULL, 0, NULL, NULL, 336.00000000, 0.00000000, 0.00000000, 0.00000000, 1600.00000000, 1936.00000000, 2, 4, 4, NULL, NULL, NULL, NULL, 10, 0, '2015-03-09', NULL, NULL, 'crabe', NULL, NULL),
(162, 'FA1501-0138', 1, NULL, NULL, NULL, 0, NULL, 1, '2015-01-30 11:28:32', '2015-01-31', '2015-02-04', '2015-03-05 13:31:39', 0, 0.00000000, NULL, NULL, 0, 'discount_vat', NULL, 8015.10000000, 0.00000000, 0.00000000, 0.00000000, 38167.05000000, 46182.15000000, 2, 4, 4, NULL, NULL, NULL, NULL, 1, 2, '2015-01-31', NULL, NULL, 'crabe', NULL, NULL),
(163, 'FA1501-0139', 1, NULL, NULL, NULL, 0, NULL, 24, '2015-01-30 11:32:51', '2015-01-31', '2015-01-30', '2015-02-05 11:37:53', 1, 0.00000000, NULL, NULL, 0, NULL, NULL, 229.80000000, 0.00000000, 0.00000000, 0.00000000, 1094.28000000, 1324.08000000, 2, 4, 4, NULL, NULL, NULL, NULL, 1, 0, '2015-01-31', NULL, NULL, 'crabe', NULL, NULL),
(164, 'FA1501-0140', 1, NULL, NULL, NULL, 0, NULL, 1, '2015-01-30 12:27:31', '2015-01-31', '2015-01-30', '2015-03-05 13:33:51', 1, 0.00000000, NULL, NULL, 0, NULL, NULL, 126.00000000, 0.00000000, 0.00000000, 0.00000000, 600.00000000, 726.00000000, 2, 4, 4, NULL, NULL, NULL, NULL, 1, 0, '2015-01-31', NULL, NULL, 'crabe', NULL, NULL),
(165, 'FA1502-0141', 1, NULL, NULL, NULL, 0, NULL, 1, '2015-02-03 18:07:02', '2015-02-03', '2015-02-03', '2015-03-05 13:33:51', 1, 0.00000000, NULL, NULL, 0, NULL, NULL, 736.74000000, 0.00000000, 0.00000000, 0.00000000, 3508.28000000, 4245.02000000, 2, 4, 4, NULL, NULL, NULL, NULL, 1, 2, '2015-02-03', NULL, NULL, 'crabe', NULL, NULL),
(166, 'FA1502-0142', 1, NULL, NULL, NULL, 0, NULL, 21, '2015-02-09 10:50:40', '2015-01-31', '2015-02-09', '2015-04-24 09:37:37', 1, 0.00000000, NULL, NULL, 0, NULL, NULL, 1213.80000000, 0.00000000, 0.00000000, 0.00000000, 5780.00000000, 6993.80000000, 2, 4, 4, NULL, NULL, NULL, NULL, 1, 2, '2015-01-31', NULL, NULL, 'crabe', NULL, NULL),
(167, 'FA1502-0143', 1, NULL, NULL, NULL, 0, NULL, 25, '2015-02-09 15:01:31', '2015-02-09', '2015-02-09', '2015-04-24 09:47:22', 1, 0.00000000, NULL, NULL, 0, NULL, NULL, 420.00000000, 0.00000000, 0.00000000, 0.00000000, 2000.00000000, 2420.00000000, 2, 4, 4, NULL, NULL, NULL, NULL, 10, 0, '2015-03-26', NULL, NULL, 'crabe', NULL, NULL),
(168, 'FA1502-0144', 1, NULL, NULL, NULL, 0, NULL, 26, '2015-02-09 15:25:58', '2015-02-09', '2015-02-09', '2015-04-24 09:47:54', 1, 0.00000000, NULL, NULL, 0, NULL, NULL, 420.00000000, 0.00000000, 0.00000000, 0.00000000, 2000.00000000, 2420.00000000, 2, 4, 4, NULL, NULL, NULL, NULL, 10, 0, '2015-03-26', NULL, NULL, 'crabe', NULL, NULL),
(169, 'FA1502-0145', 1, NULL, NULL, NULL, 0, NULL, 27, '2015-02-16 13:40:07', '2015-02-16', '2015-02-16', '2015-02-19 09:48:27', 1, 0.00000000, NULL, NULL, 0, NULL, NULL, 105.00000000, 0.00000000, 0.00000000, 0.00000000, 500.00000000, 605.00000000, 2, 4, 4, NULL, NULL, NULL, NULL, 1, 2, '2015-02-16', NULL, NULL, 'crabe', NULL, NULL);
INSERT INTO `am_facture` (`rowid`, `facnumber`, `entity`, `ref_ext`, `ref_int`, `ref_client`, `type`, `increment`, `fk_soc`, `datec`, `datef`, `date_valid`, `tms`, `paye`, `amount`, `remise_percent`, `remise_absolue`, `remise`, `close_code`, `close_note`, `tva`, `localtax1`, `localtax2`, `revenuestamp`, `total`, `total_ttc`, `fk_statut`, `fk_user_author`, `fk_user_valid`, `fk_facture_source`, `fk_projet`, `fk_account`, `fk_currency`, `fk_cond_reglement`, `fk_mode_reglement`, `date_lim_reglement`, `note_private`, `note_public`, `model_pdf`, `import_key`, `extraparams`) VALUES
(170, 'FA1502-0146', 1, NULL, NULL, NULL, 0, NULL, 1, '2015-02-17 10:49:03', '2015-02-17', '2015-02-17', '2015-04-24 09:38:23', 1, 0.00000000, NULL, NULL, 0, NULL, NULL, 7124.76000000, 0.00000000, 0.00000000, 0.00000000, 33927.45000000, 41052.21000000, 2, 4, 4, NULL, NULL, NULL, NULL, 1, 2, '2015-02-17', NULL, NULL, 'crabe', NULL, NULL),
(171, 'FA1502-0147', 1, NULL, NULL, NULL, 0, NULL, 24, '2015-02-17 10:57:13', '2015-02-17', '2015-02-17', '2015-02-18 09:02:42', 1, 0.00000000, NULL, NULL, 0, NULL, NULL, 208.91000000, 0.00000000, 0.00000000, 0.00000000, 994.80000000, 1203.71000000, 2, 4, 4, NULL, NULL, NULL, NULL, 1, 0, '2015-02-17', NULL, NULL, 'crabe', NULL, NULL),
(172, 'FA1502-0148', 1, NULL, NULL, NULL, 0, NULL, 1, '2015-02-26 14:47:49', '2015-02-28', '2015-02-26', '2015-04-24 09:39:03', 1, 0.00000000, NULL, NULL, 0, NULL, NULL, 7026.51000000, 0.00000000, 0.00000000, 0.00000000, 33459.57000000, 40486.08000000, 2, 4, 4, NULL, NULL, NULL, NULL, 1, 2, '2015-02-28', NULL, NULL, 'crabe', NULL, NULL),
(173, 'FA1502-0149', 1, NULL, NULL, NULL, 0, NULL, 24, '2015-02-26 14:49:53', '2015-02-28', '2015-02-26', '2015-03-02 10:11:43', 1, 0.00000000, NULL, NULL, 0, NULL, NULL, 208.91000000, 0.00000000, 0.00000000, 0.00000000, 994.80000000, 1203.71000000, 2, 4, 4, NULL, NULL, NULL, NULL, 1, 0, '2015-02-28', NULL, NULL, 'crabe', NULL, NULL),
(174, 'FA1502-0150', 1, NULL, NULL, NULL, 0, NULL, 1, '2015-02-27 11:28:34', '2015-02-27', '2015-02-27', '2015-04-24 09:39:03', 1, 0.00000000, NULL, NULL, 0, NULL, NULL, 126.00000000, 0.00000000, 0.00000000, 0.00000000, 600.00000000, 726.00000000, 2, 4, 4, NULL, NULL, NULL, NULL, 1, 0, '2015-02-27', NULL, NULL, 'crabe', NULL, NULL),
(175, 'FA1503-0151', 1, NULL, NULL, NULL, 0, NULL, 24, '2015-03-02 12:28:29', '2015-03-02', '2015-03-02', '2015-09-16 08:15:29', 1, 0.00000000, NULL, NULL, 0, NULL, NULL, 11.76000000, 0.00000000, 0.00000000, 0.00000000, 56.00000000, 67.76000000, 2, 4, 4, NULL, NULL, NULL, NULL, 1, 0, '2015-03-02', NULL, NULL, 'crabe', NULL, NULL),
(176, 'FA1503-0152', 1, NULL, NULL, NULL, 0, NULL, 28, '2015-03-02 13:15:54', '2015-03-02', '2015-03-02', '2015-12-14 18:32:53', 1, 0.00000000, NULL, NULL, 0, NULL, NULL, 745.50000000, 0.00000000, 0.00000000, 0.00000000, 3550.00000000, 4295.50000000, 2, 4, 4, NULL, NULL, NULL, NULL, 10, 0, '2015-04-16', NULL, NULL, 'crabe', NULL, NULL),
(177, 'FA1503-0153', 1, NULL, NULL, NULL, 0, NULL, 1, '2015-03-03 13:28:54', '2015-03-03', '2015-03-03', '2015-04-24 09:40:02', 1, 0.00000000, NULL, NULL, 0, NULL, NULL, 906.67000000, 0.00000000, 0.00000000, 0.00000000, 4317.48000000, 5224.15000000, 2, 4, 4, NULL, NULL, NULL, NULL, 1, 2, '2015-03-03', NULL, NULL, 'crabe', NULL, NULL),
(178, 'FA1503-0154', 1, NULL, NULL, NULL, 0, NULL, 21, '2015-03-10 15:28:00', '2015-03-10', '2015-03-10', '2015-05-07 07:11:53', 1, 0.00000000, NULL, NULL, 0, NULL, NULL, 1176.00000000, 0.00000000, 0.00000000, 0.00000000, 5600.00000000, 6776.00000000, 2, 4, 4, NULL, NULL, NULL, NULL, 1, 2, '2015-03-10', NULL, NULL, 'crabe', NULL, NULL),
(179, 'FA1503-0155', 1, NULL, NULL, NULL, 0, NULL, 1, '2015-03-16 12:27:39', '2015-03-16', '2015-03-16', '2015-04-24 09:40:02', 1, 0.00000000, NULL, NULL, 0, NULL, NULL, 7027.38000000, 0.00000000, 0.00000000, 0.00000000, 33463.71000000, 40491.09000000, 2, 4, 4, NULL, NULL, NULL, NULL, 1, 2, '2015-03-16', NULL, NULL, 'crabe', NULL, NULL),
(180, 'FA1503-0156', 1, NULL, NULL, NULL, 0, NULL, 24, '2015-03-16 12:30:57', '2015-03-16', '2015-03-16', '2015-03-25 09:53:41', 1, 0.00000000, NULL, NULL, 0, NULL, NULL, 208.91000000, 0.00000000, 0.00000000, 0.00000000, 994.80000000, 1203.71000000, 2, 4, 4, NULL, NULL, NULL, NULL, 1, 0, '2015-03-16', NULL, NULL, 'crabe', NULL, NULL),
(181, 'FA1503-0157', 1, NULL, NULL, NULL, 0, NULL, 1, '2015-03-31 13:39:57', '2015-03-31', '2015-03-31', '2015-09-15 06:34:19', 1, 0.00000000, NULL, NULL, 0, NULL, NULL, 9205.69000000, 0.00000000, 0.00000000, 0.00000000, 43836.51000000, 53042.20000000, 2, 4, 4, NULL, NULL, NULL, NULL, 1, 2, '2015-03-31', NULL, NULL, 'crabe', NULL, NULL),
(182, 'FA1503-0158', 1, NULL, NULL, NULL, 0, NULL, 24, '2015-03-31 13:49:48', '2015-03-31', '2015-03-31', '2015-04-24 07:28:10', 1, 0.00000000, NULL, NULL, 0, NULL, NULL, 269.59000000, 0.00000000, 0.00000000, 0.00000000, 1283.76000000, 1553.35000000, 2, 4, 4, NULL, NULL, NULL, NULL, 1, 0, '2015-03-31', NULL, NULL, 'crabe', NULL, NULL),
(183, 'FA1503-0159', 1, NULL, NULL, NULL, 0, NULL, 1, '2015-03-31 13:51:21', '2015-03-31', '2015-03-31', '2015-09-15 06:37:18', 1, 0.00000000, NULL, NULL, 0, NULL, NULL, 126.00000000, 0.00000000, 0.00000000, 0.00000000, 600.00000000, 726.00000000, 2, 4, 4, NULL, NULL, NULL, NULL, 1, 0, '2015-03-31', NULL, NULL, 'crabe', NULL, NULL),
(184, 'FA1504-0160', 1, NULL, NULL, NULL, 0, NULL, 1, '2015-04-01 12:51:04', '2015-04-01', '2015-04-01', '2015-09-15 06:37:18', 1, 0.00000000, NULL, NULL, 0, NULL, NULL, 958.14000000, 0.00000000, 0.00000000, 0.00000000, 4562.56000000, 5520.70000000, 2, 4, 4, NULL, NULL, NULL, NULL, 1, 2, '2015-04-01', NULL, NULL, 'crabe', NULL, NULL),
(185, 'FA1504-0161', 1, NULL, NULL, NULL, 0, NULL, 1, '2015-04-15 14:51:04', '2015-04-15', '2015-04-15', '2015-09-15 06:37:18', 1, 0.00000000, NULL, NULL, 0, NULL, NULL, 7543.50000000, 0.00000000, 0.00000000, 0.00000000, 35921.44000000, 43464.94000000, 2, 4, 4, NULL, NULL, NULL, NULL, 1, 2, '2015-04-15', NULL, NULL, 'crabe', NULL, NULL),
(186, 'FA1504-0162', 1, NULL, NULL, NULL, 0, NULL, 24, '2015-04-15 14:55:53', '2015-04-15', '2015-04-15', '2015-06-01 11:57:37', 1, 0.00000000, NULL, NULL, 0, NULL, NULL, 122.41000000, 0.00000000, 0.00000000, 0.00000000, 582.90000000, 705.31000000, 2, 4, 4, NULL, NULL, NULL, NULL, 1, 0, '2015-04-15', NULL, NULL, 'crabe', NULL, NULL),
(187, 'FA1504-0163', 1, NULL, NULL, NULL, 0, NULL, 24, '2015-04-30 15:22:38', '2015-04-30', '2015-05-04', '2015-06-01 11:56:16', 1, 0.00000000, NULL, NULL, 0, NULL, NULL, 224.88000000, 0.00000000, 0.00000000, 0.00000000, 1070.85000000, 1295.73000000, 2, 4, 4, NULL, NULL, NULL, NULL, 1, 0, '2015-04-30', NULL, NULL, 'crabe', NULL, NULL),
(188, 'FA1504-0164', 1, NULL, NULL, NULL, 0, NULL, 1, '2015-04-30 15:23:00', '2015-04-30', '2015-05-04', '2015-09-15 06:37:18', 1, 0.00000000, NULL, NULL, 0, NULL, NULL, 8116.12000000, 0.00000000, 0.00000000, 0.00000000, 38648.16000000, 46764.28000000, 2, 4, 4, NULL, NULL, NULL, NULL, 1, 2, '2015-04-30', NULL, NULL, 'crabe', NULL, NULL),
(189, 'FA1504-0165', 1, NULL, NULL, NULL, 0, NULL, 1, '2015-04-30 15:23:46', '2015-04-30', '2015-05-05', '2015-09-15 06:37:18', 1, 0.00000000, NULL, NULL, 0, NULL, NULL, 976.05000000, 0.00000000, 0.00000000, 0.00000000, 4647.88000000, 5623.93000000, 2, 4, 4, NULL, NULL, NULL, NULL, 1, 2, '2015-04-30', NULL, NULL, 'crabe', NULL, NULL),
(190, 'FA1504-0166', 1, NULL, NULL, NULL, 0, NULL, 1, '2015-04-30 15:24:23', '2015-04-30', '2015-04-30', '2015-09-15 06:37:18', 1, 0.00000000, NULL, NULL, 0, NULL, NULL, 126.00000000, 0.00000000, 0.00000000, 0.00000000, 600.00000000, 726.00000000, 2, 4, 4, NULL, NULL, NULL, NULL, 1, 0, '2015-04-30', NULL, NULL, 'crabe', NULL, NULL),
(191, 'FA1504-0167', 1, NULL, NULL, NULL, 0, NULL, 21, '2015-04-30 15:32:06', '2015-04-30', '2015-05-20', '2015-06-02 11:00:22', 1, 0.00000000, NULL, NULL, 0, NULL, NULL, 903.00000000, 0.00000000, 0.00000000, 0.00000000, 4300.00000000, 5203.00000000, 2, 4, 4, NULL, NULL, NULL, NULL, 1, 2, '2015-04-30', NULL, NULL, 'crabe', NULL, NULL),
(192, 'FA1505-0168', 1, NULL, NULL, NULL, 0, NULL, 1, '2015-05-18 13:17:14', '2015-05-18', '2015-05-18', '2015-09-15 06:37:18', 1, 0.00000000, NULL, NULL, 0, NULL, NULL, 6961.10000000, 0.00000000, 0.00000000, 0.00000000, 33147.95000000, 40109.05000000, 2, 4, 4, NULL, NULL, NULL, NULL, 1, 2, '2015-05-18', NULL, NULL, 'crabe', NULL, NULL),
(193, 'FA1505-0169', 1, NULL, NULL, NULL, 0, NULL, 24, '2015-05-18 14:16:28', '2015-05-18', '2015-05-18', '2015-08-27 08:48:15', 1, 0.00000000, NULL, NULL, 0, NULL, NULL, 183.99000000, 0.00000000, 0.00000000, 0.00000000, 876.15000000, 1060.14000000, 2, 4, 4, NULL, NULL, NULL, NULL, 1, 0, '2015-05-18', NULL, NULL, 'crabe', NULL, NULL),
(194, 'FA1505-0170', 1, NULL, NULL, NULL, 0, NULL, 1, '2015-05-29 12:32:59', '2015-05-29', '2015-05-29', '2015-09-15 06:37:19', 1, 0.00000000, NULL, NULL, 0, NULL, NULL, 7526.76000000, 0.00000000, 0.00000000, 0.00000000, 35841.69000000, 43368.45000000, 2, 4, 4, NULL, NULL, NULL, NULL, 1, 2, '2015-05-29', NULL, NULL, 'crabe', NULL, NULL),
(195, 'FA1505-0171', 1, NULL, NULL, NULL, 0, NULL, 24, '2015-05-29 12:33:36', '2015-05-29', '2015-05-29', '2015-06-18 07:54:14', 1, 0.00000000, NULL, NULL, 0, NULL, NULL, 204.44000000, 0.00000000, 0.00000000, 0.00000000, 973.50000000, 1177.94000000, 2, 4, 4, NULL, NULL, NULL, NULL, 1, 0, '2015-05-29', NULL, NULL, 'crabe', NULL, NULL),
(196, 'FA1505-0172', 1, NULL, NULL, NULL, 0, NULL, 1, '2015-05-29 12:34:12', '2015-05-29', '2015-05-29', '2015-09-15 06:37:19', 1, 0.00000000, NULL, NULL, 0, NULL, NULL, 126.00000000, 0.00000000, 0.00000000, 0.00000000, 600.00000000, 726.00000000, 2, 4, 4, NULL, NULL, NULL, NULL, 1, 0, '2015-05-29', NULL, NULL, 'crabe', NULL, NULL),
(197, 'FA1505-0173', 1, NULL, NULL, NULL, 0, NULL, 1, '2015-05-29 12:35:11', '2015-05-31', '2015-06-02', '2015-09-15 06:37:19', 1, 0.00000000, NULL, NULL, 0, NULL, NULL, 705.89000000, 0.00000000, 0.00000000, 0.00000000, 3361.36000000, 4067.25000000, 2, 4, 4, NULL, NULL, NULL, NULL, 1, 2, '2015-05-31', NULL, NULL, 'crabe', NULL, NULL),
(200, 'FA1506-0174', 1, NULL, NULL, NULL, 0, NULL, 21, '2015-06-02 15:37:22', '2015-06-02', '2015-06-05', '2015-06-16 07:24:30', 1, 0.00000000, NULL, NULL, 0, NULL, NULL, 1037.40000000, 0.00000000, 0.00000000, 0.00000000, 4940.00000000, 5977.40000000, 2, 4, 4, NULL, NULL, NULL, NULL, 1, 2, '2015-06-02', NULL, NULL, 'crabe', NULL, NULL),
(201, 'FA1506-0175', 1, NULL, NULL, NULL, 0, NULL, 1, '2015-06-15 14:07:18', '2015-06-15', '2015-06-15', '2015-09-30 09:24:23', 1, 0.00000000, NULL, NULL, 0, NULL, NULL, 6841.64000000, 0.00000000, 0.00000000, 0.00000000, 32579.09000000, 39420.73000000, 2, 4, 4, NULL, NULL, NULL, NULL, 1, 2, '2015-06-15', NULL, NULL, 'crabe', NULL, NULL),
(202, 'FA1506-0176', 1, NULL, NULL, NULL, 0, NULL, 24, '2015-06-16 10:46:29', '2015-06-16', '2015-06-16', '2015-06-18 07:51:29', 1, 0.00000000, NULL, NULL, 0, NULL, NULL, 183.99000000, 0.00000000, 0.00000000, 0.00000000, 876.15000000, 1060.14000000, 2, 4, 4, NULL, NULL, NULL, NULL, 1, 0, '2015-06-16', NULL, NULL, 'crabe', NULL, NULL),
(203, 'FA1506-0177', 1, NULL, NULL, NULL, 0, NULL, 1, '2015-06-30 10:46:18', '2015-06-30', '2015-06-30', '2015-09-30 09:25:15', 1, 0.00000000, NULL, NULL, 0, NULL, NULL, 9244.59000000, 0.00000000, 0.00000000, 0.00000000, 44021.82000000, 53266.41000000, 2, 4, 4, NULL, NULL, NULL, NULL, 1, 2, '2015-06-30', NULL, NULL, 'crabe', NULL, NULL),
(204, 'FA1506-0178', 1, NULL, NULL, NULL, 0, NULL, 24, '2015-06-30 10:51:59', '2015-06-30', '2015-06-30', '2015-08-27 08:45:54', 1, 0.00000000, NULL, NULL, 0, NULL, NULL, 245.32000000, 0.00000000, 0.00000000, 0.00000000, 1168.20000000, 1413.52000000, 2, 4, 4, NULL, NULL, NULL, NULL, 1, 0, '2015-06-30', NULL, NULL, 'crabe', NULL, NULL),
(205, 'FA1506-0179', 1, NULL, NULL, NULL, 0, NULL, 1, '2015-06-30 10:54:48', '2015-06-30', '2015-06-30', '2015-09-30 09:25:15', 1, 0.00000000, NULL, NULL, 0, NULL, NULL, 126.00000000, 0.00000000, 0.00000000, 0.00000000, 600.00000000, 726.00000000, 2, 4, 4, NULL, NULL, NULL, NULL, 1, 0, '2015-06-30', NULL, NULL, 'crabe', NULL, NULL),
(206, 'FA1506-0180', 1, NULL, NULL, NULL, 0, NULL, 1, '2015-06-30 10:56:46', '2015-06-30', '2015-07-06', '2015-09-30 09:25:15', 1, 0.00000000, NULL, NULL, 0, NULL, NULL, 791.82000000, 0.00000000, 0.00000000, 0.00000000, 3770.56000000, 4562.38000000, 2, 4, 4, NULL, NULL, NULL, NULL, 1, 2, '2015-06-30', NULL, NULL, 'crabe', NULL, NULL),
(208, 'FA1507-0181', 1, NULL, NULL, NULL, 0, NULL, 21, '2015-07-09 14:01:46', '2015-06-30', '2015-07-09', '2015-09-25 06:46:58', 1, 0.00000000, NULL, NULL, 0, NULL, NULL, 831.60000000, 0.00000000, 0.00000000, 0.00000000, 3960.00000000, 4791.60000000, 2, 4, 4, NULL, NULL, NULL, NULL, 1, 2, '2015-07-09', NULL, NULL, 'crabe', NULL, NULL),
(209, 'FA1507-0182', 1, NULL, NULL, NULL, 0, NULL, 1, '2015-07-15 17:56:45', '2015-07-15', '2015-07-15', '2015-09-30 09:25:15', 1, 0.00000000, NULL, NULL, 0, NULL, NULL, 8249.56000000, 0.00000000, 0.00000000, 0.00000000, 39283.57000000, 47533.13000000, 2, 4, 4, NULL, NULL, NULL, NULL, 1, 2, '2015-07-15', NULL, NULL, 'crabe', NULL, NULL),
(210, 'FA1507-0183', 1, NULL, NULL, NULL, 0, NULL, 1, '2015-07-30 13:01:12', '2015-07-31', '2015-07-31', '2015-09-30 09:27:42', 1, 0.00000000, NULL, NULL, 0, NULL, NULL, 126.00000000, 0.00000000, 0.00000000, 0.00000000, 600.00000000, 726.00000000, 2, 4, 4, NULL, NULL, NULL, NULL, 1, 0, '2015-07-31', NULL, NULL, 'crabe', NULL, NULL),
(211, 'FA1507-0184', 1, NULL, NULL, NULL, 0, NULL, 24, '2015-07-31 12:22:10', '2015-07-31', '2015-07-31', '2015-09-01 07:38:26', 1, 0.00000000, NULL, NULL, 0, NULL, NULL, 224.88000000, 0.00000000, 0.00000000, 0.00000000, 1070.85000000, 1295.73000000, 2, 4, 4, NULL, NULL, NULL, NULL, 1, 0, '2015-07-31', NULL, NULL, 'crabe', NULL, NULL),
(212, 'FA1507-0185', 1, NULL, NULL, NULL, 0, NULL, 1, '2015-07-31 12:22:36', '2015-07-31', '2015-08-04', '2015-12-31 22:12:56', 1, 0.00000000, NULL, NULL, 0, NULL, NULL, 836.53000000, 0.00000000, 0.00000000, 0.00000000, 3983.45000000, 4819.98000000, 2, 4, 4, NULL, NULL, NULL, NULL, 1, 2, '2015-07-31', NULL, NULL, 'crabe', NULL, NULL),
(213, 'FA1507-0186', 1, NULL, NULL, NULL, 0, NULL, 1, '2015-07-31 12:22:51', '2015-07-31', '2015-07-31', '2015-09-30 09:27:43', 1, 0.00000000, NULL, NULL, 0, NULL, NULL, 8335.01000000, 0.00000000, 0.00000000, 0.00000000, 39690.47000000, 48025.48000000, 2, 4, 4, NULL, NULL, NULL, NULL, 1, 2, '2015-07-31', NULL, NULL, 'crabe', NULL, NULL),
(214, 'FA1508-0187', 1, NULL, NULL, NULL, 0, NULL, 1, '2015-08-14 16:50:54', '2015-08-14', '2015-08-14', '2015-12-31 22:12:56', 1, 0.00000000, NULL, NULL, 0, NULL, NULL, 7583.52000000, 0.00000000, 0.00000000, 0.00000000, 36111.99000000, 43695.51000000, 2, 4, 4, NULL, NULL, NULL, NULL, 1, 2, '2015-08-14', NULL, NULL, 'crabe', NULL, NULL),
(215, 'FA1508-0188', 1, NULL, NULL, NULL, 0, NULL, 24, '2015-08-31 14:00:31', '2015-08-15', '2015-08-31', '2015-09-16 08:15:29', 1, 0.00000000, NULL, NULL, 0, NULL, NULL, 204.44000000, 0.00000000, 0.00000000, 0.00000000, 973.50000000, 1177.94000000, 2, 4, 4, NULL, NULL, NULL, NULL, 1, 0, '2015-08-31', NULL, NULL, 'crabe', NULL, NULL),
(216, 'FA1508-0189', 1, NULL, NULL, NULL, 0, NULL, 24, '2015-08-31 14:02:25', '2015-08-31', '2015-08-31', '2015-09-16 08:15:29', 1, 0.00000000, NULL, NULL, 0, NULL, NULL, 224.88000000, 0.00000000, 0.00000000, 0.00000000, 1070.85000000, 1295.73000000, 2, 4, 4, NULL, NULL, NULL, NULL, 1, 0, '2015-08-31', NULL, NULL, 'crabe', NULL, NULL),
(217, 'FA1508-0190', 1, NULL, NULL, NULL, 0, NULL, 1, '2015-08-31 15:39:36', '2015-08-31', '2015-08-31', '2015-12-31 22:12:56', 1, 0.00000000, NULL, NULL, 0, NULL, NULL, 126.00000000, 0.00000000, 0.00000000, 0.00000000, 600.00000000, 726.00000000, 2, 4, 4, NULL, NULL, NULL, NULL, 1, 0, '2015-08-31', NULL, NULL, 'crabe', NULL, NULL),
(219, 'FA1509-0191', 1, NULL, NULL, NULL, 0, NULL, 21, '2015-09-14 14:06:59', '2015-09-14', '2015-09-14', '2015-09-25 06:46:58', 1, 0.00000000, NULL, NULL, 0, NULL, NULL, 2352.00000000, 0.00000000, 0.00000000, 0.00000000, 11200.00000000, 13552.00000000, 2, 4, 4, NULL, NULL, NULL, NULL, 1, 2, '2015-09-14', NULL, NULL, 'crabe', NULL, NULL),
(220, 'FA1509-0192', 1, NULL, NULL, NULL, 0, NULL, 24, '2015-09-15 11:48:18', '2015-09-15', '2015-09-15', '2015-09-30 09:23:01', 1, 0.00000000, NULL, NULL, 0, NULL, NULL, 224.88000000, 0.00000000, 0.00000000, 0.00000000, 1070.85000000, 1295.73000000, 2, 4, 4, NULL, NULL, NULL, NULL, 1, 0, '2015-09-15', NULL, NULL, 'crabe', NULL, NULL),
(221, 'FA1509-0193', 1, NULL, NULL, NULL, 0, NULL, 7, '2015-09-21 13:17:40', '2015-09-21', '2015-09-21', '2015-10-26 10:10:48', 1, 0.00000000, NULL, NULL, 0, NULL, NULL, 13083.00000000, 0.00000000, 0.00000000, 0.00000000, 62300.00000000, 75383.00000000, 2, 4, 4, NULL, NULL, NULL, NULL, 10, 0, '2015-11-05', NULL, NULL, 'crabe', NULL, NULL),
(222, 'FA1509-0194', 1, NULL, NULL, NULL, 0, NULL, 24, '2015-09-30 13:10:11', '2015-09-30', '2015-09-30', '2016-01-06 19:40:03', 1, 0.00000000, NULL, NULL, 0, NULL, NULL, 224.88000000, 0.00000000, 0.00000000, 0.00000000, 1070.85000000, 1295.73000000, 2, 4, 4, NULL, NULL, NULL, NULL, 1, 0, '2015-09-30', NULL, NULL, 'crabe', NULL, NULL),
(223, 'FA1509-0195', 1, NULL, NULL, NULL, 0, NULL, 1, '2015-09-30 13:10:59', '2015-09-30', '2015-09-30', '2016-02-24 21:38:33', 1, 0.00000000, NULL, NULL, 0, NULL, NULL, 126.00000000, 0.00000000, 0.00000000, 0.00000000, 600.00000000, 726.00000000, 2, 4, 4, NULL, NULL, NULL, NULL, 1, 0, '2015-09-30', NULL, NULL, 'crabe', NULL, NULL),
(224, 'FA1510-0196', 1, NULL, NULL, NULL, 0, NULL, 7, '2015-10-02 15:34:18', '2015-09-30', '2015-10-02', '2015-11-16 11:16:06', 1, 0.00000000, NULL, NULL, 0, NULL, NULL, 6510.00000000, 0.00000000, 0.00000000, 0.00000000, 31000.00000000, 37510.00000000, 2, 4, 4, NULL, NULL, NULL, NULL, 10, 0, '2015-11-16', NULL, NULL, 'crabe', NULL, NULL),
(225, 'FA1510-0197', 1, NULL, NULL, NULL, 0, NULL, 24, '2015-10-15 16:13:51', '2015-10-15', '2015-10-15', '2016-01-06 19:39:01', 1, 0.00000000, NULL, NULL, 0, NULL, NULL, 224.88000000, 0.00000000, 0.00000000, 0.00000000, 1070.85000000, 1295.73000000, 2, 4, 4, NULL, NULL, NULL, NULL, 1, 0, '2015-10-15', NULL, NULL, 'crabe', NULL, NULL),
(226, 'FA1510-0198', 1, NULL, NULL, NULL, 0, NULL, 7, '2015-10-29 17:39:50', '2015-10-30', '2015-11-17', '2015-12-14 18:28:34', 1, 0.00000000, NULL, NULL, 0, NULL, NULL, 15388.80000000, 0.00000000, 0.00000000, 0.00000000, 73280.00000000, 88668.80000000, 2, 4, 4, NULL, NULL, NULL, NULL, 2, 0, '2015-11-30', NULL, NULL, 'crabe', NULL, NULL),
(227, 'FA1510-0199', 1, NULL, NULL, NULL, 0, NULL, 1, '2015-10-30 15:42:27', '2015-10-30', '2015-10-30', '2016-03-08 16:16:46', 1, 0.00000000, NULL, NULL, 0, NULL, NULL, 126.00000000, 0.00000000, 0.00000000, 0.00000000, 600.00000000, 726.00000000, 2, 4, 4, NULL, NULL, NULL, NULL, 1, 0, '2015-10-30', NULL, NULL, 'crabe', NULL, NULL),
(228, 'FA1510-0200', 1, NULL, NULL, NULL, 0, NULL, 24, '2015-10-30 15:43:52', '2015-10-31', '2015-10-30', '2015-12-30 10:49:54', 1, 0.00000000, NULL, NULL, 0, NULL, NULL, 298.85000000, 0.00000000, 0.00000000, 0.00000000, 1423.08000000, 1721.93000000, 2, 4, 4, NULL, NULL, NULL, NULL, 1, 0, '2015-10-31', NULL, NULL, 'crabe', NULL, NULL),
(229, 'FA1511-0201', 1, NULL, NULL, NULL, 0, NULL, 29, '2015-11-03 15:41:59', '2015-10-31', '2015-11-03', '2016-02-24 21:36:59', 1, 0.00000000, NULL, NULL, 0, NULL, NULL, 231.00000000, 0.00000000, 0.00000000, 0.00000000, 1100.00000000, 1331.00000000, 2, 4, 4, NULL, NULL, NULL, NULL, 1, 0, '2015-11-03', NULL, NULL, 'crabe', NULL, NULL),
(230, 'FA1511-0202', 1, NULL, NULL, NULL, 0, NULL, 30, '2015-11-10 17:40:47', '2015-11-10', '2015-11-10', '2015-11-16 11:19:58', 1, 0.00000000, NULL, NULL, 0, NULL, NULL, 52.50000000, 0.00000000, 0.00000000, 0.00000000, 250.00000000, 302.50000000, 2, 4, 4, NULL, NULL, NULL, NULL, 1, 0, '2015-11-10', NULL, NULL, 'crabe', NULL, NULL),
(231, 'FA1511-0203', 1, NULL, NULL, NULL, 0, NULL, 30, '2015-11-10 18:27:43', '2015-11-10', '2015-11-10', '2015-11-16 11:19:58', 1, 0.00000000, NULL, NULL, 0, NULL, NULL, 42.00000000, 0.00000000, 0.00000000, 0.00000000, 200.00000000, 242.00000000, 2, 4, 4, NULL, NULL, NULL, NULL, 1, 0, '2015-11-10', NULL, NULL, 'crabe', NULL, NULL),
(232, 'FA1511-0204', 1, NULL, NULL, NULL, 0, NULL, 24, '2015-11-16 13:54:27', '2015-11-15', '2015-11-16', '2016-02-24 21:46:49', 1, 0.00000000, NULL, NULL, 0, NULL, NULL, 335.80000000, 0.00000000, 0.00000000, 0.00000000, 1599.06000000, 1934.86000000, 2, 4, 4, NULL, NULL, NULL, NULL, 1, 0, '2015-11-16', NULL, NULL, 'crabe', NULL, NULL),
(233, 'FA1511-0205', 1, NULL, NULL, NULL, 0, NULL, 7, '2015-11-30 13:56:45', '2015-11-30', '2015-11-30', '2015-12-14 18:28:34', 1, 0.00000000, NULL, NULL, 0, NULL, NULL, 13989.82000000, 0.00000000, 0.00000000, 0.00000000, 66618.18000000, 80608.00000000, 2, 4, 4, NULL, NULL, NULL, NULL, 2, 0, '2015-12-30', NULL, NULL, 'crabe', NULL, NULL),
(234, 'FA1511-0206', 1, NULL, NULL, NULL, 0, NULL, 1, '2015-11-30 13:57:54', '2015-11-30', '2015-11-30', '2016-03-08 16:16:46', 1, 0.00000000, NULL, NULL, 0, NULL, NULL, 210.00000000, 0.00000000, 0.00000000, 0.00000000, 1000.00000000, 1210.00000000, 2, 4, 4, NULL, NULL, NULL, NULL, 1, 0, '2015-11-30', NULL, NULL, 'crabe', NULL, NULL),
(235, 'FA1511-0207', 1, NULL, NULL, NULL, 0, NULL, 24, '2015-11-30 14:42:31', '2015-11-30', '2015-11-30', '2015-12-31 22:20:26', 1, 0.00000000, NULL, NULL, 0, NULL, NULL, 224.14000000, 0.00000000, 0.00000000, 0.00000000, 1067.31000000, 1291.45000000, 2, 4, 4, NULL, NULL, NULL, NULL, 1, 0, '2015-11-30', NULL, NULL, 'crabe', NULL, NULL),
(236, 'FA1512-0208', 1, NULL, NULL, NULL, 0, NULL, 29, '2015-12-02 14:05:20', '2015-12-02', '2015-12-07', '2016-02-24 21:36:59', 1, 0.00000000, NULL, NULL, 0, NULL, NULL, 2911.27000000, 0.00000000, 0.00000000, 0.00000000, 13863.20000000, 16774.47000000, 2, 4, 4, NULL, NULL, NULL, NULL, 1, 0, '2015-12-02', NULL, NULL, 'crabe', NULL, NULL),
(237, 'FA1512-0209', 1, NULL, NULL, NULL, 0, NULL, 7, '2015-12-14 11:25:53', '2015-12-14', '2015-12-14', '2016-01-15 13:02:06', 1, 0.00000000, NULL, NULL, 0, NULL, NULL, 8018.01000000, 0.00000000, 0.00000000, 0.00000000, 38181.00000000, 46199.01000000, 2, 4, 4, NULL, NULL, NULL, NULL, 2, 0, '2016-01-13', NULL, NULL, 'crabe', NULL, NULL),
(238, 'FA1512-0210', 1, NULL, NULL, NULL, 0, NULL, 24, '2015-12-21 13:40:25', '2015-12-15', '2015-12-21', '2016-03-20 15:14:28', 1, 0.00000000, NULL, NULL, 0, NULL, NULL, 224.14000000, 0.00000000, 0.00000000, 0.00000000, 1067.31000000, 1291.45000000, 2, 4, 4, NULL, NULL, NULL, NULL, 1, 0, '2015-12-21', NULL, NULL, 'crabe', NULL, NULL),
(239, 'FA1512-0211', 1, NULL, NULL, NULL, 0, NULL, 21, '2015-12-28 17:56:20', '2015-12-15', '2015-12-28', '2015-12-31 22:07:44', 1, 0.00000000, NULL, NULL, 0, NULL, NULL, 1894.20000000, 0.00000000, 0.00000000, 0.00000000, 9020.00000000, 10914.20000000, 2, 4, 4, NULL, NULL, NULL, NULL, 1, 2, '2015-12-15', NULL, NULL, 'crabe', NULL, NULL),
(240, 'FA1512-0212', 1, NULL, NULL, NULL, 0, NULL, 21, '2015-12-29 14:54:09', '2015-12-31', '2015-12-31', '2016-01-06 19:41:33', 1, 0.00000000, NULL, NULL, 0, NULL, NULL, 1386.00000000, 0.00000000, 0.00000000, 0.00000000, 6600.00000000, 7986.00000000, 2, 4, 4, NULL, NULL, NULL, NULL, 1, 2, '2015-12-31', NULL, NULL, 'crabe', NULL, NULL),
(241, 'FA1512-0213', 1, NULL, NULL, NULL, 0, NULL, 7, '2015-12-31 13:38:48', '2016-01-05', '2016-01-04', '2016-01-30 12:49:31', 1, 0.00000000, NULL, NULL, 0, NULL, NULL, 8018.01000000, 0.00000000, 0.00000000, 0.00000000, 38181.00000000, 46199.01000000, 2, 4, 4, NULL, NULL, NULL, NULL, 2, 0, '2016-02-04', NULL, NULL, 'crabe', NULL, NULL),
(242, 'FA1512-0214', 1, NULL, NULL, NULL, 0, NULL, 24, '2015-12-31 13:47:26', '2016-01-05', '2015-12-31', '2016-03-10 09:48:44', 1, 0.00000000, NULL, NULL, 0, NULL, NULL, 329.50000000, 0.00000000, 0.00000000, 0.00000000, 1569.06000000, 1898.56000000, 2, 4, 4, NULL, NULL, NULL, NULL, 1, 0, '2016-01-05', NULL, NULL, 'crabe', NULL, NULL),
(243, 'FA1601-0216', 1, NULL, NULL, NULL, 0, NULL, 29, '2016-01-04 13:57:56', '2016-01-05', '2016-01-08', '2016-02-24 21:36:59', 1, 0.00000000, NULL, NULL, 0, NULL, NULL, 210.00000000, 0.00000000, 0.00000000, 0.00000000, 1000.00000000, 1210.00000000, 2, 4, 4, NULL, NULL, NULL, NULL, 0, 0, '2016-01-05', NULL, NULL, 'crabe', NULL, NULL),
(244, 'FA1601-0215', 1, NULL, NULL, NULL, 0, NULL, 29, '2016-01-04 13:58:54', '2016-01-05', '2016-01-04', '2016-02-24 21:36:59', 1, 0.00000000, NULL, NULL, 0, NULL, NULL, 5017.32000000, 0.00000000, 0.00000000, 0.00000000, 23892.00000000, 28909.32000000, 2, 4, 4, NULL, NULL, NULL, NULL, 1, 0, '2016-01-05', NULL, NULL, 'crabe', NULL, NULL),
(245, 'FA1601-0217', 1, NULL, NULL, NULL, 0, NULL, 21, '2016-01-08 14:03:17', '2016-01-05', '2016-01-08', '2016-02-03 18:15:53', 1, 0.00000000, NULL, NULL, 0, NULL, NULL, 1570.80000000, 0.00000000, 0.00000000, 0.00000000, 7480.00000000, 9050.80000000, 2, 4, 4, NULL, NULL, NULL, NULL, 1, 2, '2016-01-08', NULL, NULL, 'crabe', NULL, NULL),
(246, 'FA1601-0218', 1, NULL, NULL, NULL, 0, NULL, 24, '2016-01-18 12:51:43', '2016-01-15', '2016-01-18', '2016-03-24 15:49:16', 1, 0.00000000, NULL, NULL, 0, NULL, NULL, 294.53000000, 0.00000000, 0.00000000, 0.00000000, 1402.50000000, 1697.03000000, 2, 4, 4, NULL, NULL, NULL, NULL, 1, 0, '2016-01-18', NULL, NULL, 'crabe', NULL, NULL),
(247, 'FA1601-0219', 1, NULL, NULL, NULL, 0, NULL, 7, '2016-01-26 12:35:46', '2016-01-15', '2016-01-26', '2016-02-19 07:44:32', 1, 0.00000000, NULL, NULL, 0, NULL, NULL, 7344.79000000, 0.00000000, 0.00000000, 0.00000000, 34975.21000000, 42320.00000000, 2, 4, 4, NULL, NULL, NULL, NULL, 2, 0, '2016-02-25', NULL, NULL, 'crabe', NULL, NULL),
(248, 'FA1602-0220', 1, NULL, NULL, NULL, 0, NULL, 24, '2016-02-01 18:19:24', '2016-01-31', '2016-02-01', '2016-04-18 16:14:50', 1, 0.00000000, NULL, NULL, 0, NULL, NULL, 294.53000000, 0.00000000, 0.00000000, 0.00000000, 1402.50000000, 1697.03000000, 2, 4, 4, NULL, NULL, NULL, NULL, 1, 0, '2016-02-01', NULL, NULL, 'crabe', NULL, NULL),
(249, 'FA1602-0221', 1, NULL, NULL, NULL, 0, NULL, 7, '2016-02-01 18:20:32', '2016-01-31', '2016-02-01', '2016-03-08 11:44:58', 1, 0.00000000, NULL, NULL, 0, NULL, NULL, 7344.79000000, 0.00000000, 0.00000000, 0.00000000, 34975.21000000, 42320.00000000, 2, 4, 4, NULL, NULL, NULL, NULL, 2, 0, '2016-03-02', NULL, NULL, 'crabe', NULL, NULL),
(250, 'FA1602-0222', 1, NULL, NULL, NULL, 0, NULL, 29, '2016-02-01 18:29:48', '2016-01-31', '2016-02-01', '2016-02-24 21:36:59', 1, 0.00000000, NULL, NULL, 0, NULL, NULL, 210.00000000, 0.00000000, 0.00000000, 0.00000000, 1000.00000000, 1210.00000000, 2, 4, 4, NULL, NULL, NULL, NULL, 0, 0, '2016-02-01', NULL, NULL, 'crabe', NULL, NULL),
(251, 'FA1602-0223', 1, NULL, NULL, NULL, 0, NULL, 29, '2016-02-02 14:41:19', '2016-01-31', '2016-02-02', '2016-03-08 16:19:53', 1, 0.00000000, NULL, NULL, 0, NULL, NULL, 4194.96000000, 0.00000000, 0.00000000, 0.00000000, 19976.00000000, 24170.96000000, 2, 4, 4, NULL, NULL, NULL, NULL, 1, 0, '2016-02-02', NULL, NULL, 'crabe', NULL, NULL),
(252, 'FA1602-0224', 1, NULL, NULL, NULL, 0, NULL, 24, '2016-02-15 13:17:46', '2016-02-15', '2016-02-15', '2016-04-18 16:08:14', 1, 0.00000000, NULL, NULL, 0, NULL, NULL, 323.98000000, 0.00000000, 0.00000000, 0.00000000, 1542.75000000, 1866.73000000, 2, 4, 4, NULL, NULL, NULL, NULL, 1, 0, '2016-02-15', NULL, NULL, 'crabe', NULL, NULL),
(253, 'FA1602-0225', 1, NULL, NULL, NULL, 0, NULL, 31, '2016-02-18 12:50:48', '2016-02-18', '2016-02-18', '2016-06-30 13:27:53', 0, 0.00000000, NULL, NULL, 0, 'badcustomer', NULL, 126.00000000, 0.00000000, 0.00000000, 0.00000000, 600.00000000, 726.00000000, 3, 4, 4, NULL, NULL, NULL, NULL, 10, 0, '2016-04-03', NULL, NULL, 'crabe', NULL, NULL),
(254, 'FA1602-0226', 1, NULL, NULL, NULL, 0, NULL, 32, '2016-02-25 15:40:50', '2016-02-25', '2016-02-25', '2016-03-07 20:38:55', 1, 0.00000000, NULL, NULL, 0, NULL, NULL, 252.00000000, 0.00000000, 0.00000000, 0.00000000, 1200.00000000, 1452.00000000, 2, 4, 4, NULL, NULL, NULL, NULL, 10, 0, '2016-04-10', NULL, NULL, 'crabe', NULL, NULL),
(255, 'FA1602-0227', 1, NULL, NULL, NULL, 0, NULL, 24, '2016-02-29 15:18:53', '2016-02-29', '2016-02-29', '2016-04-25 08:35:02', 1, 0.00000000, NULL, NULL, 0, NULL, NULL, 309.68000000, 0.00000000, 0.00000000, 0.00000000, 1474.68000000, 1784.36000000, 2, 4, 4, NULL, NULL, NULL, NULL, 1, 0, '2016-02-29', NULL, NULL, 'crabe', NULL, NULL),
(256, 'FA1602-0228', 1, NULL, NULL, NULL, 0, NULL, 29, '2016-02-29 16:56:39', '2016-02-29', '2016-02-29', '2016-04-15 19:44:09', 1, 0.00000000, NULL, NULL, 0, NULL, NULL, 210.00000000, 0.00000000, 0.00000000, 0.00000000, 1000.00000000, 1210.00000000, 2, 4, 4, NULL, NULL, NULL, NULL, 0, 0, '2016-02-29', NULL, NULL, 'crabe', NULL, NULL),
(257, 'FA1602-0229', 1, NULL, NULL, NULL, 0, NULL, 7, '2016-02-29 16:59:14', '2016-02-29', '2016-02-29', '2016-04-18 15:56:30', 1, 0.00000000, NULL, NULL, 0, NULL, NULL, 13482.00000000, 0.00000000, 0.00000000, 0.00000000, 64200.00000000, 77682.00000000, 2, 4, 4, NULL, NULL, NULL, NULL, 2, 0, '2016-03-30', NULL, NULL, 'crabe', NULL, NULL),
(258, 'FA1603-0230', 1, NULL, NULL, NULL, 0, NULL, 29, '2016-03-01 16:45:13', '2016-02-29', '2016-03-01', '2016-04-15 19:44:09', 1, 0.00000000, NULL, NULL, 0, NULL, NULL, 3534.30000000, 0.00000000, 0.00000000, 0.00000000, 16830.00000000, 20364.30000000, 2, 4, 4, NULL, NULL, NULL, NULL, 1, 0, '2016-03-01', NULL, NULL, 'crabe', NULL, NULL),
(259, 'FA1603-0231', 1, NULL, NULL, NULL, 0, NULL, 29, '2016-03-03 16:39:10', '2016-03-03', '2016-03-03', '2016-04-15 19:44:09', 1, 0.00000000, NULL, NULL, 0, NULL, NULL, 684.60000000, 0.00000000, 0.00000000, 0.00000000, 3260.00000000, 3944.60000000, 2, 4, 4, NULL, NULL, NULL, NULL, 1, 0, '2016-03-03', NULL, NULL, 'crabe', NULL, NULL),
(260, 'FA1603-0232', 1, NULL, NULL, NULL, 0, NULL, 21, '2016-03-07 12:52:15', '2016-03-07', '2016-03-07', '2016-03-20 15:03:53', 1, 0.00000000, NULL, NULL, 0, NULL, NULL, 1428.00000000, 0.00000000, 0.00000000, 0.00000000, 6800.00000000, 8228.00000000, 2, 4, 4, NULL, NULL, NULL, NULL, 1, 2, '2016-03-07', NULL, NULL, 'crabe', NULL, NULL),
(262, 'FA1603-0233', 1, NULL, NULL, NULL, 0, NULL, 24, '2016-03-15 13:16:27', '2016-03-15', '2016-03-15', '2016-06-15 07:14:49', 1, 0.00000000, NULL, NULL, 0, NULL, NULL, 346.57000000, 0.00000000, 0.00000000, 0.00000000, 1650.33000000, 1996.90000000, 2, 4, 4, NULL, NULL, NULL, NULL, 1, 0, '2016-03-15', NULL, NULL, 'crabe', NULL, NULL),
(263, 'FA1603-0234', 1, NULL, NULL, NULL, 0, NULL, 21, '2016-03-15 13:49:38', '2016-03-15', '2016-03-15', '2016-03-20 15:03:53', 1, 0.00000000, NULL, NULL, 0, NULL, NULL, 1499.40000000, 0.00000000, 0.00000000, 0.00000000, 7140.00000000, 8639.40000000, 2, 4, 4, NULL, NULL, NULL, NULL, 1, 2, '2016-03-15', NULL, NULL, 'crabe', NULL, NULL),
(264, 'FA1603-0235', 1, NULL, NULL, NULL, 0, NULL, 21, '2016-03-31 14:28:09', '2016-03-31', '2016-03-31', '2016-05-18 11:45:01', 1, 0.00000000, NULL, NULL, 0, NULL, NULL, 1570.80000000, 0.00000000, 0.00000000, 0.00000000, 7480.00000000, 9050.80000000, 2, 4, 4, NULL, NULL, NULL, NULL, 1, 2, '2016-03-31', NULL, NULL, 'crabe', NULL, NULL),
(265, 'FA1603-0236', 1, NULL, NULL, NULL, 0, NULL, 24, '2016-03-31 14:30:27', '2016-03-31', '2016-04-01', '2016-06-15 07:14:49', 1, 0.00000000, NULL, NULL, 0, NULL, NULL, 487.25000000, 0.00000000, 0.00000000, 0.00000000, 2320.23000000, 2807.48000000, 2, 4, 4, NULL, NULL, NULL, NULL, 1, 0, '2016-03-31', NULL, NULL, 'crabe', NULL, NULL),
(266, 'FA1603-0237', 1, NULL, NULL, NULL, 0, NULL, 29, '2016-03-31 14:31:38', '2016-03-31', '2016-03-31', '2016-05-12 20:54:55', 1, 0.00000000, NULL, NULL, 0, NULL, NULL, 210.00000000, 0.00000000, 0.00000000, 0.00000000, 1000.00000000, 1210.00000000, 2, 4, 4, NULL, NULL, NULL, NULL, 0, 0, '2016-03-31', NULL, NULL, 'crabe', NULL, NULL),
(267, 'FA1603-0238', 1, NULL, NULL, NULL, 0, NULL, 29, '2016-03-31 14:33:28', '2016-03-31', '2016-03-31', '2016-05-12 20:54:55', 1, 0.00000000, NULL, NULL, 0, NULL, NULL, 2919.84000000, 0.00000000, 0.00000000, 0.00000000, 13904.00000000, 16823.84000000, 2, 4, 4, NULL, NULL, NULL, NULL, 1, 0, '2016-03-31', NULL, NULL, 'crabe', NULL, NULL),
(268, 'FA1603-0239', 1, NULL, NULL, NULL, 0, NULL, 7, '2016-03-31 14:50:59', '2016-03-31', '2016-03-31', '2016-05-12 20:51:49', 1, 0.00000000, NULL, NULL, 0, NULL, NULL, 13245.75000000, 0.00000000, 0.00000000, 0.00000000, 63075.00000000, 76320.75000000, 2, 4, 4, NULL, NULL, NULL, NULL, 2, 0, '2016-04-30', NULL, NULL, 'crabe', NULL, NULL),
(269, 'FA1604-0240', 1, NULL, NULL, NULL, 0, NULL, 29, '2016-04-05 11:51:07', '2016-04-05', '2016-04-05', '2017-02-01 21:37:37', 1, 0.00000000, NULL, NULL, 0, NULL, NULL, 1186.50000000, 0.00000000, 0.00000000, 0.00000000, 5650.00000000, 6836.50000000, 2, 4, 4, NULL, NULL, NULL, NULL, 0, 0, '2016-04-05', NULL, NULL, 'crabe', NULL, NULL),
(270, 'FA1604-0241', 1, NULL, NULL, NULL, 0, NULL, 24, '2016-04-15 11:29:01', '2016-04-15', '2016-04-15', '2016-06-24 09:42:36', 1, 0.00000000, NULL, NULL, 0, NULL, NULL, 537.53000000, 0.00000000, 0.00000000, 0.00000000, 2559.63000000, 3097.16000000, 2, 4, 4, NULL, NULL, NULL, NULL, 1, 0, '2016-04-15', NULL, NULL, 'crabe', NULL, NULL),
(271, 'FA1605-0242', 1, NULL, NULL, NULL, 0, NULL, 29, '2016-05-02 10:35:19', '2016-04-30', '2016-09-29', '2017-02-01 21:37:37', 1, 0.00000000, NULL, NULL, 0, NULL, NULL, 210.00000000, 0.00000000, 0.00000000, 0.00000000, 1000.00000000, 1210.00000000, 2, 4, 4, NULL, NULL, NULL, NULL, 0, 0, '2016-05-02', NULL, NULL, 'crabe', NULL, NULL),
(272, 'FA1605-0243', 1, NULL, NULL, NULL, 0, NULL, 29, '2016-05-02 10:37:01', '2016-04-30', '2016-05-02', '2016-05-31 17:51:02', 1, 0.00000000, NULL, NULL, 0, NULL, NULL, 2145.99000000, 0.00000000, 0.00000000, 0.00000000, 10219.00000000, 12364.99000000, 2, 4, 4, NULL, NULL, NULL, NULL, 1, 0, '2016-05-02', NULL, NULL, 'crabe', NULL, NULL),
(273, 'FA1605-0244', 1, NULL, NULL, NULL, 0, NULL, 7, '2016-05-02 10:38:04', '2016-04-30', '2016-05-18', '2016-06-14 11:44:03', 1, 0.00000000, NULL, NULL, 0, NULL, NULL, 9570.45000000, 0.00000000, 0.00000000, 0.00000000, 45573.55000000, 55144.00000000, 2, 4, 4, NULL, NULL, NULL, NULL, 2, 0, '2016-06-01', NULL, NULL, 'crabe', NULL, NULL),
(274, 'FA1605-0245', 1, NULL, NULL, NULL, 0, NULL, 24, '2016-05-03 13:23:28', '2016-04-30', '2016-05-03', '2017-04-11 10:07:21', 1, 0.00000000, NULL, NULL, 0, NULL, NULL, 301.01000000, 0.00000000, 0.00000000, 0.00000000, 1433.40000000, 1734.41000000, 2, 4, 4, NULL, NULL, NULL, NULL, 1, 0, '2016-05-03', NULL, NULL, 'crabe', NULL, NULL),
(275, 'FA1605-0246', 1, NULL, NULL, NULL, 0, NULL, 24, '2016-05-17 13:46:18', '2016-05-15', '2016-05-17', '2016-07-18 15:22:22', 1, 0.00000000, NULL, NULL, 0, NULL, NULL, 283.92000000, 0.00000000, 0.00000000, 0.00000000, 1352.01000000, 1635.93000000, 2, 4, 4, NULL, NULL, NULL, NULL, 1, 0, '2016-05-17', NULL, NULL, 'crabe', NULL, NULL),
(276, 'FA1605-0247', 1, NULL, NULL, NULL, 0, NULL, 29, '2016-05-31 13:33:36', '2016-05-31', '2016-05-31', '2016-07-26 19:53:42', 1, 0.00000000, NULL, NULL, 0, NULL, NULL, 210.00000000, 0.00000000, 0.00000000, 0.00000000, 1000.00000000, 1210.00000000, 2, 4, 4, NULL, NULL, NULL, NULL, 0, 0, '2016-05-31', NULL, NULL, 'crabe', NULL, NULL),
(277, 'FA1605-0248', 1, NULL, NULL, NULL, 0, NULL, 29, '2016-05-31 13:34:24', '2016-05-31', '2016-05-31', '2016-06-30 17:38:30', 1, 0.00000000, NULL, NULL, 0, NULL, NULL, 3034.19000000, 0.00000000, 0.00000000, 0.00000000, 14448.50000000, 17482.69000000, 2, 4, 4, NULL, NULL, NULL, NULL, 1, 0, '2016-05-31', NULL, NULL, 'crabe', NULL, NULL),
(278, 'FA1605-0249', 1, NULL, NULL, NULL, 0, NULL, 7, '2016-05-31 13:35:17', '2016-05-31', '2016-06-07', '2016-07-06 11:03:47', 1, 0.00000000, NULL, NULL, 0, NULL, NULL, 14899.50000000, 0.00000000, 0.00000000, 0.00000000, 70950.00000000, 85849.50000000, 2, 4, 4, NULL, NULL, NULL, NULL, 2, 0, '2016-06-30', NULL, NULL, 'crabe', NULL, NULL),
(279, 'FA1605-0250', 1, NULL, NULL, NULL, 0, NULL, 24, '2016-05-31 13:38:00', '2016-05-31', '2016-05-31', '2016-07-18 15:22:22', 1, 0.00000000, NULL, NULL, 0, NULL, NULL, 319.72000000, 0.00000000, 0.00000000, 0.00000000, 1522.47000000, 1842.19000000, 2, 4, 4, NULL, NULL, NULL, NULL, 1, 0, '2016-05-31', NULL, NULL, 'crabe', NULL, NULL),
(280, 'FA1606-0251', 1, NULL, NULL, NULL, 0, NULL, 24, '2016-06-01 16:59:47', '2016-06-01', '2016-06-01', '2016-11-28 19:18:57', 1, 0.00000000, NULL, NULL, 0, NULL, NULL, 84.00000000, 0.00000000, 0.00000000, 0.00000000, 400.00000000, 484.00000000, 2, 4, 4, NULL, NULL, NULL, NULL, 1, 0, '2016-06-01', NULL, NULL, 'crabe', NULL, NULL),
(281, 'FA1606-0252', 1, NULL, NULL, NULL, 0, NULL, 29, '2016-06-01 17:01:57', '2016-06-01', '2016-06-01', '2017-02-01 21:37:37', 1, 0.00000000, NULL, NULL, 0, NULL, NULL, 808.50000000, 0.00000000, 0.00000000, 0.00000000, 3850.00000000, 4658.50000000, 2, 4, 4, NULL, NULL, NULL, NULL, 0, 0, '2016-06-01', NULL, NULL, 'crabe', NULL, NULL),
(282, 'FA1606-0253', 1, NULL, NULL, NULL, 0, NULL, 24, '2016-06-15 12:01:38', '2016-06-15', '2016-06-15', '2016-07-18 15:13:23', 1, 0.00000000, NULL, NULL, 0, NULL, NULL, 319.72000000, 0.00000000, 0.00000000, 0.00000000, 1522.47000000, 1842.19000000, 2, 4, 4, NULL, NULL, NULL, NULL, 1, 0, '2016-06-15', NULL, NULL, 'crabe', NULL, NULL),
(283, 'FA1606-0254', 1, NULL, NULL, NULL, 0, NULL, 34, '2016-06-23 12:24:27', '2016-06-23', '2016-06-24', '2016-12-09 20:55:17', 1, 0.00000000, NULL, NULL, 0, NULL, NULL, 210.00000000, 0.00000000, 0.00000000, 0.00000000, 1000.00000000, 1210.00000000, 2, 4, 4, NULL, NULL, NULL, NULL, 10, 0, '2016-08-07', NULL, NULL, 'crabe', NULL, NULL),
(284, 'FA1606-0255', 1, NULL, NULL, NULL, 0, NULL, 34, '2016-06-23 12:26:20', '2016-06-23', '2016-06-24', '2016-12-09 20:55:17', 1, 0.00000000, NULL, NULL, 0, NULL, NULL, 210.00000000, 0.00000000, 0.00000000, 0.00000000, 1000.00000000, 1210.00000000, 2, 4, 4, NULL, NULL, NULL, NULL, 10, 0, '2016-08-07', NULL, NULL, 'crabe', NULL, NULL),
(287, 'FA1606-0256', 1, NULL, NULL, NULL, 0, NULL, 34, '2016-06-23 12:39:34', '2016-06-23', '2016-06-24', '2016-12-09 20:55:17', 1, 0.00000000, NULL, NULL, 0, NULL, NULL, 210.00000000, 0.00000000, 0.00000000, 0.00000000, 1000.00000000, 1210.00000000, 2, 4, 4, NULL, NULL, NULL, NULL, 10, 0, '2016-08-07', NULL, NULL, 'crabe', NULL, NULL),
(288, 'FA1606-0257', 1, NULL, NULL, NULL, 0, NULL, 34, '2016-06-23 12:40:30', '2016-06-23', '2016-06-24', '2016-12-09 20:55:17', 1, 0.00000000, NULL, NULL, 0, NULL, NULL, 210.00000000, 0.00000000, 0.00000000, 0.00000000, 1000.00000000, 1210.00000000, 2, 4, 4, NULL, NULL, NULL, NULL, 10, 0, '2016-08-07', NULL, NULL, 'crabe', NULL, NULL),
(289, 'FA1607-0258', 1, NULL, NULL, NULL, 0, NULL, 24, '2016-07-01 11:05:56', '2016-06-30', '2016-07-01', '2016-08-10 07:14:38', 1, 0.00000000, NULL, NULL, 0, NULL, NULL, 319.72000000, 0.00000000, 0.00000000, 0.00000000, 1522.47000000, 1842.19000000, 2, 4, 4, NULL, NULL, NULL, NULL, 1, 0, '2016-07-01', NULL, NULL, 'crabe', NULL, NULL),
(290, 'FA1607-0259', 1, NULL, NULL, NULL, 0, NULL, 1, '2016-07-01 11:12:03', '2016-06-30', '2016-07-01', '2017-02-01 21:38:10', 1, 0.00000000, NULL, NULL, 0, NULL, NULL, 210.00000000, 0.00000000, 0.00000000, 0.00000000, 1000.00000000, 1210.00000000, 2, 4, 4, NULL, NULL, NULL, NULL, 0, 0, '2016-07-01', NULL, NULL, 'crabe', NULL, NULL),
(291, 'FA1607-0260', 1, NULL, NULL, NULL, 0, NULL, 29, '2016-07-01 11:13:40', '2016-06-30', '2016-07-01', '2016-08-09 05:53:34', 1, 0.00000000, NULL, NULL, 0, NULL, NULL, 2402.40000000, 0.00000000, 0.00000000, 0.00000000, 11440.00000000, 13842.40000000, 2, 4, 4, NULL, NULL, NULL, NULL, 1, 0, '2016-07-01', NULL, NULL, 'crabe', NULL, NULL),
(292, 'FA1607-0261', 1, NULL, NULL, NULL, 0, NULL, 7, '2016-07-01 11:15:35', '2016-06-30', '2016-07-01', '2016-08-09 06:00:12', 1, 0.00000000, NULL, NULL, 0, NULL, NULL, 15857.10000000, 0.00000000, 0.00000000, 0.00000000, 75510.00000000, 91367.10000000, 2, 4, 4, NULL, NULL, NULL, NULL, 2, 0, '2016-07-31', NULL, NULL, 'crabe', NULL, NULL),
(293, 'FA1607-0262', 1, NULL, NULL, NULL, 0, NULL, 29, '2016-07-01 11:23:24', '2016-06-30', '2016-07-01', '2016-07-26 19:53:42', 1, 0.00000000, NULL, NULL, 0, NULL, NULL, 220.50000000, 0.00000000, 0.00000000, 0.00000000, 1050.00000000, 1270.50000000, 2, 4, 4, NULL, NULL, NULL, NULL, 0, 0, '2016-07-01', NULL, NULL, 'crabe', NULL, NULL),
(294, 'FA1607-0263', 1, NULL, NULL, NULL, 0, NULL, 21, '2016-07-04 15:25:58', '2016-06-30', '2016-07-04', '2016-07-18 15:17:00', 1, 0.00000000, NULL, NULL, 0, NULL, NULL, 1168.65000000, 0.00000000, 0.00000000, 0.00000000, 5565.00000000, 6733.65000000, 2, 4, 4, NULL, NULL, NULL, NULL, 1, 2, '2016-07-04', NULL, NULL, 'crabe', NULL, NULL),
(295, 'FA1607-0264', 1, NULL, NULL, NULL, 0, NULL, 21, '2016-07-04 15:28:04', '2016-06-30', '2016-07-04', '2016-07-18 15:17:00', 1, 0.00000000, NULL, NULL, 0, NULL, NULL, 1113.00000000, 0.00000000, 0.00000000, 0.00000000, 5300.00000000, 6413.00000000, 2, 4, 4, NULL, NULL, NULL, NULL, 1, 2, '2016-07-04', NULL, NULL, 'crabe', NULL, NULL),
(296, 'FA1607-0265', 1, NULL, NULL, NULL, 0, NULL, 24, '2016-07-15 10:38:21', '2016-07-15', '2016-07-15', '2016-09-13 13:00:33', 1, 0.00000000, NULL, NULL, 0, NULL, NULL, 319.72000000, 0.00000000, 0.00000000, 0.00000000, 1522.47000000, 1842.19000000, 2, 4, 4, NULL, NULL, NULL, NULL, 1, 0, '2016-07-15', NULL, NULL, 'crabe', NULL, NULL),
(297, 'FA1608-0266', 1, NULL, NULL, NULL, 0, NULL, 24, '2016-08-01 12:43:08', '2016-07-31', '2016-08-01', '2016-09-13 13:00:33', 1, 0.00000000, NULL, NULL, 0, NULL, NULL, 319.72000000, 0.00000000, 0.00000000, 0.00000000, 1522.47000000, 1842.19000000, 2, 4, 4, NULL, NULL, NULL, NULL, 1, 0, '2016-08-01', NULL, NULL, 'crabe', NULL, NULL),
(298, 'FA1608-0267', 1, NULL, NULL, NULL, 0, NULL, 1, '2016-08-01 12:44:40', '2016-07-31', '2016-08-01', '2016-08-22 09:51:42', 1, 0.00000000, NULL, NULL, 0, NULL, NULL, 210.00000000, 0.00000000, 0.00000000, 0.00000000, 1000.00000000, 1210.00000000, 2, 4, 4, NULL, NULL, NULL, NULL, 0, 0, '2016-08-01', NULL, NULL, 'crabe', NULL, NULL),
(299, 'FA1608-0268', 1, NULL, NULL, NULL, 0, NULL, 29, '2016-08-01 12:45:53', '2016-07-31', '2016-08-01', '2016-08-22 09:52:45', 1, 0.00000000, NULL, NULL, 0, NULL, NULL, 2291.52000000, 0.00000000, 0.00000000, 0.00000000, 10912.00000000, 13203.52000000, 2, 4, 4, NULL, NULL, NULL, NULL, 1, 0, '2016-08-01', NULL, NULL, 'crabe', NULL, NULL),
(300, 'FA1608-0269', 1, NULL, NULL, NULL, 0, NULL, 7, '2016-08-01 12:46:55', '2016-07-31', '2016-08-12', '2016-09-11 14:01:59', 1, 0.00000000, NULL, NULL, 0, NULL, NULL, 16140.39000000, 0.00000000, 0.00000000, 0.00000000, 76859.00000000, 92999.39000000, 2, 4, 4, NULL, NULL, NULL, NULL, 2, 0, '2016-08-31', NULL, NULL, 'crabe', NULL, NULL),
(301, 'FA1608-0270', 1, NULL, NULL, NULL, 0, NULL, 29, '2016-08-01 13:30:55', '2016-07-31', '2016-08-01', '2017-02-01 21:37:37', 1, 0.00000000, NULL, NULL, 0, NULL, NULL, 170.10000000, 0.00000000, 0.00000000, 0.00000000, 810.00000000, 980.10000000, 2, 4, 4, NULL, NULL, NULL, NULL, 1, 0, '2016-08-01', NULL, NULL, 'crabe', NULL, NULL),
(302, 'FA1608-0271', 1, NULL, NULL, NULL, 0, NULL, 24, '2016-08-16 12:15:26', '2016-08-16', '2016-08-16', '2016-09-13 13:00:33', 1, 0.00000000, NULL, NULL, 0, NULL, NULL, 524.94000000, 0.00000000, 0.00000000, 0.00000000, 2499.72000000, 3024.66000000, 2, 4, 4, NULL, NULL, NULL, NULL, 1, 0, '2016-08-16', NULL, NULL, 'crabe', NULL, NULL),
(303, 'FA1608-0272', 1, NULL, NULL, NULL, 0, NULL, 29, '2016-08-31 15:51:06', '2016-08-31', '2016-08-31', '2016-09-13 12:59:00', 1, 0.00000000, NULL, NULL, 0, NULL, NULL, 88.20000000, 0.00000000, 0.00000000, 0.00000000, 420.00000000, 508.20000000, 2, 4, 4, NULL, NULL, NULL, NULL, 1, 0, '2016-08-31', NULL, NULL, 'crabe', NULL, NULL),
(304, 'FA1608-0273', 1, NULL, NULL, NULL, 0, NULL, 24, '2016-08-31 15:52:57', '2016-08-31', '2016-08-31', '2016-09-13 13:02:13', 1, 0.00000000, NULL, NULL, 0, NULL, NULL, 352.76000000, 0.00000000, 0.00000000, 0.00000000, 1679.79000000, 2032.55000000, 2, 4, 4, NULL, NULL, NULL, NULL, 1, 0, '2016-08-31', NULL, NULL, 'crabe', NULL, NULL),
(305, 'FA1608-0274', 1, NULL, NULL, NULL, 0, NULL, 29, '2016-08-31 15:54:15', '2016-08-31', '2016-08-31', '2016-09-13 12:59:00', 1, 0.00000000, NULL, NULL, 0, NULL, NULL, 210.00000000, 0.00000000, 0.00000000, 0.00000000, 1000.00000000, 1210.00000000, 2, 4, 4, NULL, NULL, NULL, NULL, 0, 0, '2016-08-31', NULL, NULL, 'crabe', NULL, NULL),
(306, 'FA1608-0275', 1, NULL, NULL, NULL, 0, NULL, 29, '2016-08-31 15:54:45', '2016-08-31', '2016-08-31', '2016-11-06 16:41:04', 1, 0.00000000, NULL, NULL, 0, NULL, NULL, 2896.74000000, 0.00000000, 0.00000000, 0.00000000, 13794.00000000, 16690.74000000, 2, 4, 4, NULL, NULL, NULL, NULL, 1, 0, '2016-08-31', NULL, NULL, 'crabe', NULL, NULL),
(307, 'FA1608-0276', 1, NULL, NULL, NULL, 0, NULL, 7, '2016-08-31 15:55:25', '2016-08-31', '2016-09-12', '2016-10-11 15:46:58', 1, 0.00000000, NULL, NULL, 0, NULL, NULL, 16081.80000000, 0.00000000, 0.00000000, 0.00000000, 76580.00000000, 92661.80000000, 2, 4, 4, NULL, NULL, NULL, NULL, 2, 0, '2016-09-30', NULL, NULL, 'crabe', NULL, NULL),
(308, 'FA1609-0277', 1, NULL, NULL, NULL, 0, NULL, 24, '2016-09-15 11:01:38', '2016-09-15', '2016-09-15', '2016-10-31 20:50:43', 1, 0.00000000, NULL, NULL, 0, NULL, NULL, 335.66000000, 0.00000000, 0.00000000, 0.00000000, 1598.40000000, 1934.06000000, 2, 4, 4, NULL, NULL, NULL, NULL, 1, 0, '2016-09-15', NULL, NULL, 'crabe', NULL, NULL),
(309, 'FA1609-0278', 1, NULL, NULL, NULL, 0, NULL, 21, '2016-09-28 16:34:16', '2016-09-15', '2016-09-28', '2016-10-31 21:12:44', 1, 0.00000000, NULL, NULL, 0, NULL, NULL, 762.30000000, 0.00000000, 0.00000000, 0.00000000, 3630.00000000, 4392.30000000, 2, 4, 4, NULL, NULL, NULL, NULL, 1, 2, '2016-09-28', NULL, NULL, 'crabe', NULL, NULL),
(310, 'FA1609-0279', 1, NULL, NULL, NULL, 0, NULL, 21, '2016-09-28 16:36:36', '2016-09-30', '2016-09-28', '2016-10-31 21:12:44', 1, 0.00000000, NULL, NULL, 0, NULL, NULL, 693.00000000, 0.00000000, 0.00000000, 0.00000000, 3300.00000000, 3993.00000000, 2, 4, 4, NULL, NULL, NULL, NULL, 1, 2, '2016-09-30', NULL, NULL, 'crabe', NULL, NULL),
(311, 'FA1609-0280', 1, NULL, NULL, NULL, 0, NULL, 21, '2016-09-28 16:37:53', '2016-09-30', '2016-09-28', '2016-10-31 21:12:44', 1, 0.00000000, NULL, NULL, 0, NULL, NULL, 369.60000000, 0.00000000, 0.00000000, 0.00000000, 1760.00000000, 2129.60000000, 2, 4, 4, NULL, NULL, NULL, NULL, 1, 2, '2016-09-30', NULL, NULL, 'crabe', NULL, NULL),
(312, 'FA1610-0281', 1, NULL, NULL, NULL, 0, NULL, 24, '2016-10-03 13:37:01', '2016-09-30', '2016-10-03', '2016-10-31 20:50:43', 1, 0.00000000, NULL, NULL, 0, NULL, NULL, 335.66000000, 0.00000000, 0.00000000, 0.00000000, 1598.40000000, 1934.06000000, 2, 4, 4, NULL, NULL, NULL, NULL, 1, 0, '2016-10-03', NULL, NULL, 'crabe', NULL, NULL),
(313, 'FA1610-0282', 1, NULL, NULL, NULL, 0, NULL, 29, '2016-10-03 13:37:46', '2016-09-30', '2016-10-03', '2017-02-01 21:37:37', 1, 0.00000000, NULL, NULL, 0, NULL, NULL, 210.00000000, 0.00000000, 0.00000000, 0.00000000, 1000.00000000, 1210.00000000, 2, 4, 4, NULL, NULL, NULL, NULL, 0, 0, '2016-10-03', NULL, NULL, 'crabe', NULL, NULL),
(314, 'FA1610-0283', 1, NULL, NULL, NULL, 0, NULL, 29, '2016-10-03 13:38:47', '2016-09-30', '2016-10-03', '2016-11-06 16:41:04', 1, 0.00000000, NULL, NULL, 0, NULL, NULL, 2480.94000000, 0.00000000, 0.00000000, 0.00000000, 11814.00000000, 14294.94000000, 2, 4, 4, NULL, NULL, NULL, NULL, 1, 0, '2016-10-03', NULL, NULL, 'crabe', NULL, NULL),
(315, 'FA1610-0284', 1, NULL, NULL, NULL, 0, NULL, 29, '2016-10-03 13:48:07', '2016-09-30', '2016-10-03', '2017-02-01 21:37:37', 1, 0.00000000, NULL, NULL, 0, NULL, NULL, 36.75000000, 0.00000000, 0.00000000, 0.00000000, 175.00000000, 211.75000000, 2, 4, 4, NULL, NULL, NULL, NULL, 1, 0, '2016-10-03', NULL, NULL, 'crabe', NULL, NULL),
(316, 'FA1610-0285', 1, NULL, NULL, NULL, 0, NULL, 29, '2016-10-03 14:04:00', '2016-09-30', '2016-10-03', '2017-02-01 21:37:37', 1, 0.00000000, NULL, NULL, 0, NULL, NULL, 78.75000000, 0.00000000, 0.00000000, 0.00000000, 375.00000000, 453.75000000, 2, 4, 4, NULL, NULL, NULL, NULL, 1, 0, '2016-10-03', NULL, NULL, 'crabe', NULL, NULL),
(317, 'FA1610-0286', 1, NULL, NULL, NULL, 0, NULL, 7, '2016-10-03 15:16:40', '2016-09-30', '2016-10-05', '2016-11-14 09:55:45', 1, 0.00000000, NULL, NULL, 0, NULL, NULL, 15187.20000000, 0.00000000, 0.00000000, 0.00000000, 72320.00000000, 87507.20000000, 2, 4, 4, NULL, NULL, NULL, NULL, 2, 0, '2016-11-02', NULL, NULL, 'crabe', NULL, NULL),
(318, 'FA1610-0287', 1, NULL, NULL, NULL, 0, NULL, 24, '2016-10-14 15:57:49', '2016-10-14', '2016-11-10', '2016-11-28 19:13:51', 1, 0.00000000, NULL, NULL, 0, NULL, NULL, 301.01000000, 0.00000000, 0.00000000, 0.00000000, 1433.40000000, 1734.41000000, 2, 4, 4, NULL, NULL, NULL, NULL, 1, 0, '2016-10-14', NULL, NULL, 'crabe', NULL, NULL),
(319, 'FA1610-0288', 1, NULL, NULL, NULL, 0, NULL, 24, '2016-10-31 17:58:31', '2016-10-31', '2016-10-31', '2016-11-10 12:56:24', 1, 0.00000000, NULL, NULL, 0, NULL, NULL, 565.05000000, 0.00000000, 0.00000000, 0.00000000, 2690.70000000, 3255.75000000, 2, 4, 4, NULL, NULL, NULL, NULL, 1, 0, '2016-10-31', NULL, NULL, 'crabe', NULL, NULL),
(320, 'FA1610-0289', 1, NULL, NULL, NULL, 0, NULL, 29, '2016-10-31 18:00:38', '2016-10-31', '2016-10-31', '2016-11-28 19:11:05', 1, 0.00000000, NULL, NULL, 0, NULL, NULL, 210.00000000, 0.00000000, 0.00000000, 0.00000000, 1000.00000000, 1210.00000000, 2, 4, 4, NULL, NULL, NULL, NULL, 0, 0, '2016-10-31', NULL, NULL, 'crabe', NULL, NULL),
(321, 'FA1610-0290', 1, NULL, NULL, NULL, 0, NULL, 29, '2016-10-31 18:01:17', '2016-10-31', '2016-10-31', '2016-11-28 19:11:06', 1, 0.00000000, NULL, NULL, 0, NULL, NULL, 2684.22000000, 0.00000000, 0.00000000, 0.00000000, 12782.00000000, 15466.22000000, 2, 4, 4, NULL, NULL, NULL, NULL, 1, 0, '2016-10-31', NULL, NULL, 'crabe', NULL, NULL),
(322, 'FA1611-0291', 1, NULL, NULL, NULL, 0, NULL, 35, '2016-11-02 18:09:30', '2016-10-31', '2016-11-02', '2018-07-18 06:42:31', 1, 0.00000000, NULL, NULL, 0, NULL, NULL, 33.94000000, 0.00000000, 0.00000000, 0.00000000, 161.60000000, 195.54000000, 2, 4, 4, NULL, NULL, NULL, NULL, 1, 0, '2016-11-02', NULL, NULL, 'crabe', NULL, NULL);
INSERT INTO `am_facture` (`rowid`, `facnumber`, `entity`, `ref_ext`, `ref_int`, `ref_client`, `type`, `increment`, `fk_soc`, `datec`, `datef`, `date_valid`, `tms`, `paye`, `amount`, `remise_percent`, `remise_absolue`, `remise`, `close_code`, `close_note`, `tva`, `localtax1`, `localtax2`, `revenuestamp`, `total`, `total_ttc`, `fk_statut`, `fk_user_author`, `fk_user_valid`, `fk_facture_source`, `fk_projet`, `fk_account`, `fk_currency`, `fk_cond_reglement`, `fk_mode_reglement`, `date_lim_reglement`, `note_private`, `note_public`, `model_pdf`, `import_key`, `extraparams`) VALUES
(324, 'FA1611-0292', 1, NULL, NULL, NULL, 0, NULL, 7, '2016-11-14 16:31:19', '2016-11-14', '2016-11-14', '2017-01-17 09:02:47', 1, 0.00000000, NULL, NULL, 0, NULL, NULL, 15372.00000000, 0.00000000, 0.00000000, 0.00000000, 73200.00000000, 88572.00000000, 2, 4, 4, NULL, NULL, NULL, NULL, 2, 0, '2016-12-14', NULL, NULL, 'crabe', NULL, NULL),
(325, 'FA1611-0293', 1, NULL, NULL, NULL, 0, NULL, 24, '2016-11-15 15:04:28', '2016-11-15', '2016-11-15', '2016-12-15 08:08:17', 1, 0.00000000, NULL, NULL, 0, NULL, NULL, 508.55000000, 0.00000000, 0.00000000, 0.00000000, 2421.63000000, 2930.18000000, 2, 4, 4, NULL, NULL, NULL, NULL, 1, 0, '2016-11-15', NULL, NULL, 'crabe', NULL, NULL),
(326, 'FA1611-0294', 1, NULL, NULL, NULL, 0, NULL, 34, '2016-11-16 14:20:21', '2016-11-16', '2016-11-16', '2016-11-16 10:21:47', 0, 0.00000000, NULL, NULL, 0, NULL, NULL, 189.00000000, 0.00000000, 0.00000000, 0.00000000, 900.00000000, 1089.00000000, 1, 4, 4, NULL, NULL, NULL, NULL, 10, 0, '2016-12-31', NULL, NULL, 'crabe', NULL, NULL),
(327, 'FA1611-0295', 1, NULL, NULL, NULL, 0, NULL, 36, '2016-11-16 15:26:25', '2016-11-16', '2016-11-16', '2016-11-16 11:27:09', 0, 0.00000000, NULL, NULL, 0, NULL, NULL, 840.00000000, 0.00000000, 0.00000000, 0.00000000, 4000.00000000, 4840.00000000, 1, 4, 4, NULL, NULL, NULL, NULL, 10, 0, '2016-12-31', NULL, NULL, 'crabe', NULL, NULL),
(328, 'FA1611-0296', 1, NULL, NULL, NULL, 0, NULL, 24, '2016-11-30 13:23:40', '2016-11-30', '2016-11-30', '2016-12-15 08:08:17', 1, 0.00000000, NULL, NULL, 0, NULL, NULL, 621.50000000, 0.00000000, 0.00000000, 0.00000000, 2959.50000000, 3581.00000000, 2, 4, 4, NULL, NULL, NULL, NULL, 1, 0, '2016-11-30', NULL, NULL, 'crabe', NULL, NULL),
(329, 'FA1611-0297', 1, NULL, NULL, NULL, 0, NULL, 29, '2016-11-30 13:24:31', '2016-11-30', '2016-11-30', '2016-12-09 12:31:55', 1, 0.00000000, NULL, NULL, 0, NULL, NULL, 210.00000000, 0.00000000, 0.00000000, 0.00000000, 1000.00000000, 1210.00000000, 2, 4, 4, NULL, NULL, NULL, NULL, 0, 0, '2016-11-30', NULL, NULL, 'crabe', NULL, NULL),
(330, 'FA1611-0298', 1, NULL, NULL, NULL, 0, NULL, 29, '2016-11-30 13:25:12', '2016-11-30', '2016-11-30', '2017-01-19 15:17:45', 1, 0.00000000, NULL, NULL, 0, NULL, NULL, 2927.69000000, 0.00000000, 0.00000000, 0.00000000, 13941.40000000, 16869.09000000, 2, 4, 4, NULL, NULL, NULL, NULL, 1, 0, '2016-11-30', NULL, NULL, 'crabe', NULL, NULL),
(331, 'FA1612-0299', 1, NULL, NULL, NULL, 0, NULL, 35, '2016-12-01 12:20:28', '2016-12-01', '2016-12-01', '2016-12-15 08:19:02', 1, 0.00000000, NULL, NULL, 0, NULL, NULL, 18.31000000, 0.00000000, 0.00000000, 0.00000000, 87.20000000, 105.51000000, 2, 4, 4, NULL, NULL, NULL, NULL, 10, 0, '2017-01-15', NULL, NULL, 'crabe', NULL, NULL),
(332, 'FA1612-0300', 1, NULL, NULL, NULL, 0, NULL, 35, '2016-12-01 14:08:28', '2016-12-01', '2016-12-01', '2016-12-15 08:19:02', 1, 0.00000000, NULL, NULL, 0, NULL, NULL, 39.90000000, 0.00000000, 0.00000000, 0.00000000, 190.00000000, 229.90000000, 2, 4, 4, NULL, NULL, NULL, NULL, 10, 0, '2017-01-15', NULL, NULL, 'crabe', NULL, NULL),
(333, 'FA1612-0301', 1, NULL, NULL, NULL, 0, NULL, 7, '2016-12-14 15:25:43', '2016-12-01', '2016-12-27', '2017-04-11 10:23:05', 1, 0.00000000, NULL, NULL, 0, NULL, NULL, 9916.20000000, 0.00000000, 0.00000000, 0.00000000, 47220.00000000, 57136.20000000, 2, 4, 4, NULL, NULL, NULL, NULL, 2, 0, '2017-01-13', NULL, NULL, 'crabe', NULL, NULL),
(334, 'FA1612-0302', 1, NULL, NULL, NULL, 0, NULL, 24, '2016-12-15 13:23:43', '2016-12-15', '2016-12-15', '2017-01-19 15:29:43', 1, 0.00000000, NULL, NULL, 0, NULL, NULL, 678.06000000, 0.00000000, 0.00000000, 0.00000000, 3228.84000000, 3906.90000000, 2, 4, 4, NULL, NULL, NULL, NULL, 1, 0, '2016-12-15', NULL, NULL, 'crabe', NULL, NULL),
(335, 'FA1612-0303', 1, NULL, NULL, NULL, 0, NULL, 37, '2016-12-19 14:20:44', '2016-12-19', '2016-12-19', '2017-01-19 15:55:43', 1, 0.00000000, NULL, NULL, 0, NULL, NULL, 210.00000000, 0.00000000, 0.00000000, 0.00000000, 1000.00000000, 1210.00000000, 2, 4, 4, NULL, NULL, NULL, NULL, 10, 0, '2017-02-02', NULL, NULL, 'crabe', NULL, NULL),
(336, 'FA1701-0304', 1, NULL, NULL, NULL, 0, NULL, 29, '2017-01-02 11:38:28', '2016-12-31', '2017-01-02', '2017-02-01 21:37:37', 1, 0.00000000, NULL, NULL, 0, NULL, NULL, 210.00000000, 0.00000000, 0.00000000, 0.00000000, 1000.00000000, 1210.00000000, 2, 4, 4, NULL, NULL, NULL, NULL, 0, 0, '2017-01-02', NULL, NULL, 'crabe', NULL, NULL),
(337, 'FA1701-0305', 1, NULL, NULL, NULL, 0, NULL, 7, '2017-01-02 11:39:23', '2016-12-31', '2017-01-23', '2017-04-11 10:23:45', 1, 0.00000000, NULL, NULL, 0, NULL, NULL, 1071.00000000, 0.00000000, 0.00000000, 0.00000000, 5100.00000000, 6171.00000000, 2, 4, 4, NULL, NULL, NULL, NULL, 2, 0, '2017-02-01', NULL, NULL, 'crabe', NULL, NULL),
(338, 'FA1701-0306', 1, NULL, NULL, NULL, 0, NULL, 29, '2017-01-02 11:40:20', '2016-12-31', '2017-01-02', '2017-02-01 21:37:37', 1, 0.00000000, NULL, NULL, 0, NULL, NULL, 1344.42000000, 0.00000000, 0.00000000, 0.00000000, 6402.00000000, 7746.42000000, 2, 4, 4, NULL, NULL, NULL, NULL, 1, 0, '2017-01-02', NULL, NULL, 'crabe', NULL, NULL),
(339, 'FA1701-0307', 1, NULL, NULL, NULL, 0, NULL, 24, '2017-01-02 12:57:36', '2017-01-02', '2017-01-02', '2017-01-19 15:29:43', 1, 0.00000000, NULL, NULL, 0, NULL, NULL, 621.50000000, 0.00000000, 0.00000000, 0.00000000, 2959.50000000, 3581.00000000, 2, 4, 4, NULL, NULL, NULL, NULL, 1, 0, '2017-01-02', NULL, NULL, 'crabe', NULL, NULL),
(340, 'FA1701-0308', 1, NULL, NULL, NULL, 0, NULL, 35, '2017-01-09 13:37:51', '2017-01-09', '2017-01-09', '2017-02-16 12:21:17', 1, 0.00000000, NULL, NULL, 0, NULL, NULL, 16.19000000, 0.00000000, 0.00000000, 0.00000000, 77.10000000, 93.29000000, 2, 4, 4, NULL, NULL, NULL, NULL, 10, 0, '2017-02-23', NULL, NULL, 'crabe', NULL, NULL),
(341, 'FA1701-0309', 1, NULL, NULL, NULL, 0, NULL, 35, '2017-01-09 14:43:16', '2017-01-09', '2017-01-09', '2017-02-16 12:18:42', 1, 0.00000000, NULL, NULL, 0, NULL, NULL, 426.83000000, 0.00000000, 0.00000000, 0.00000000, 2032.50000000, 2459.33000000, 2, 4, 4, NULL, NULL, NULL, NULL, 10, 0, '2017-02-23', NULL, NULL, 'crabe', NULL, NULL),
(342, 'FA1701-0310', 1, NULL, NULL, NULL, 0, NULL, 35, '2017-01-09 14:46:25', '2017-01-09', '2017-01-09', '2017-02-16 12:21:17', 1, 0.00000000, NULL, NULL, 0, NULL, NULL, 32.55000000, 0.00000000, 0.00000000, 0.00000000, 155.00000000, 187.55000000, 2, 4, 4, NULL, NULL, NULL, NULL, 10, 0, '2017-02-23', NULL, NULL, 'crabe', NULL, NULL),
(343, 'FA1701-0311', 1, NULL, NULL, NULL, 0, NULL, 24, '2017-01-16 13:58:37', '2017-01-16', '2017-01-16', '2017-04-11 10:20:30', 1, 0.00000000, NULL, NULL, 0, NULL, NULL, 565.05000000, 0.00000000, 0.00000000, 0.00000000, 2690.70000000, 3255.75000000, 2, 4, 4, NULL, NULL, NULL, NULL, 1, 0, '2017-01-16', NULL, NULL, 'crabe', NULL, NULL),
(345, 'FA1701-0312', 1, NULL, NULL, NULL, 0, NULL, 29, '2017-01-31 17:14:25', '2017-01-31', '2017-02-01', '2017-03-23 10:10:02', 1, 0.00000000, NULL, NULL, 0, NULL, NULL, 2298.45000000, 0.00000000, 0.00000000, 0.00000000, 10945.00000000, 13243.45000000, 2, 4, 4, NULL, NULL, NULL, NULL, 1, 0, '2017-01-31', NULL, NULL, 'crabe', NULL, NULL),
(346, 'FA1701-0313', 1, NULL, NULL, NULL, 0, NULL, 7, '2017-01-31 17:15:05', '2017-01-31', '2017-02-01', '2017-05-02 08:01:19', 1, 0.00000000, NULL, NULL, 0, NULL, NULL, 3586.80000000, 0.00000000, 0.00000000, 0.00000000, 17080.00000000, 20666.80000000, 2, 4, 4, NULL, NULL, NULL, NULL, 2, 0, '2017-03-02', NULL, NULL, 'crabe', NULL, NULL),
(347, 'FA1701-0314', 1, NULL, NULL, NULL, 0, NULL, 29, '2017-01-31 17:15:29', '2017-01-31', '2017-01-31', '2017-03-03 08:04:22', 1, 0.00000000, NULL, NULL, 0, NULL, NULL, 210.00000000, 0.00000000, 0.00000000, 0.00000000, 1000.00000000, 1210.00000000, 2, 4, 4, NULL, NULL, NULL, NULL, 0, 0, '2017-01-31', NULL, NULL, 'crabe', NULL, NULL),
(348, 'FA1702-0315', 1, NULL, NULL, NULL, 0, NULL, 35, '2017-02-02 13:26:03', '2017-01-31', '2017-02-02', '2017-09-13 14:02:20', 1, 0.00000000, NULL, NULL, 0, NULL, NULL, 24.99000000, 0.00000000, 0.00000000, 0.00000000, 119.00000000, 143.99000000, 2, 4, 4, NULL, NULL, NULL, NULL, 10, 0, '2017-03-19', NULL, NULL, 'crabe', NULL, NULL),
(350, 'FA1702-0316', 1, NULL, NULL, NULL, 0, NULL, 29, '2017-02-28 16:00:40', '2017-02-28', '2017-02-28', '2017-03-23 10:10:02', 1, 0.00000000, NULL, NULL, 0, NULL, NULL, 693.00000000, 0.00000000, 0.00000000, 0.00000000, 3300.00000000, 3993.00000000, 2, 4, 4, NULL, NULL, NULL, NULL, 1, 0, '2017-02-28', NULL, NULL, 'crabe', NULL, NULL),
(351, 'FA1702-0317', 1, NULL, NULL, NULL, 0, NULL, 7, '2017-02-28 16:01:24', '2017-02-28', '2017-04-18', '2017-05-02 08:01:20', 1, 0.00000000, NULL, NULL, 0, NULL, NULL, 3544.80000000, 0.00000000, 0.00000000, 0.00000000, 16880.00000000, 20424.80000000, 2, 4, 4, NULL, NULL, NULL, NULL, 2, 0, '2017-03-30', NULL, NULL, 'crabe', NULL, NULL),
(352, 'FA1702-0318', 1, NULL, NULL, NULL, 0, NULL, 29, '2017-02-28 16:01:50', '2017-02-28', '2017-02-28', '2017-03-23 10:10:02', 1, 0.00000000, NULL, NULL, 0, NULL, NULL, 210.00000000, 0.00000000, 0.00000000, 0.00000000, 1000.00000000, 1210.00000000, 2, 4, 4, NULL, NULL, NULL, NULL, 0, 0, '2017-02-28', NULL, NULL, 'crabe', NULL, NULL),
(353, 'FA1703-0319', 1, NULL, NULL, NULL, 0, NULL, 29, '2017-03-31 15:03:55', '2017-03-31', '2017-03-31', '2017-05-08 08:40:01', 1, 0.00000000, NULL, NULL, 0, NULL, NULL, 210.00000000, 0.00000000, 0.00000000, 0.00000000, 1000.00000000, 1210.00000000, 2, 4, 4, NULL, NULL, NULL, NULL, 0, 0, '2017-03-31', NULL, NULL, 'crabe', NULL, NULL),
(354, 'FA1703-0320', 1, NULL, NULL, NULL, 0, NULL, 7, '2017-03-31 15:04:27', '2017-03-31', '2017-04-18', '2017-05-24 13:29:32', 1, 0.00000000, NULL, NULL, 0, NULL, NULL, 3525.90000000, 0.00000000, 0.00000000, 0.00000000, 16790.00000000, 20315.90000000, 2, 4, 4, NULL, NULL, NULL, NULL, 2, 0, '2017-04-30', NULL, NULL, 'crabe', NULL, NULL),
(355, 'FA1703-0321', 1, NULL, NULL, NULL, 0, NULL, 29, '2017-03-31 15:05:26', '2017-03-31', '2017-03-31', '2017-05-08 08:40:01', 1, 0.00000000, NULL, NULL, 0, NULL, NULL, 1053.36000000, 0.00000000, 0.00000000, 0.00000000, 5016.00000000, 6069.36000000, 2, 4, 4, NULL, NULL, NULL, NULL, 1, 0, '2017-03-31', NULL, NULL, 'crabe', NULL, NULL),
(356, 'FA1704-0322', 1, NULL, NULL, NULL, 0, NULL, 29, '2017-04-28 13:53:22', '2017-04-30', '2017-05-02', '2017-05-10 17:16:37', 1, 0.00000000, NULL, NULL, 0, NULL, NULL, 210.00000000, 0.00000000, 0.00000000, 0.00000000, 1000.00000000, 1210.00000000, 2, 4, 4, NULL, NULL, NULL, NULL, 0, 0, '2017-04-30', NULL, NULL, 'crabe', NULL, NULL),
(357, 'FA1704-0323', 1, NULL, NULL, NULL, 0, NULL, 7, '2017-04-28 13:55:07', '2017-04-30', '2017-05-11', '2017-05-30 10:05:31', 1, 0.00000000, NULL, NULL, 0, NULL, NULL, 2912.70000000, 0.00000000, 0.00000000, 0.00000000, 13870.00000000, 16782.70000000, 2, 4, 4, NULL, NULL, NULL, NULL, 2, 0, '2017-05-30', NULL, NULL, 'crabe', NULL, NULL),
(358, 'FA1704-0324', 1, NULL, NULL, NULL, 0, NULL, 29, '2017-04-28 13:59:44', '2017-04-30', '2017-05-02', '2017-06-12 10:49:47', 1, 0.00000000, NULL, NULL, 0, NULL, NULL, 1004.85000000, 0.00000000, 0.00000000, 0.00000000, 4785.00000000, 5789.85000000, 2, 4, 4, NULL, NULL, NULL, NULL, 1, 0, '2017-04-30', NULL, NULL, 'crabe', NULL, NULL),
(359, 'FA1705-0325', 1, NULL, NULL, NULL, 0, NULL, 29, '2017-05-03 11:18:28', '2017-05-03', '2017-05-03', '2017-06-12 10:49:47', 1, 0.00000000, NULL, NULL, 0, NULL, NULL, 87.78000000, 0.00000000, 0.00000000, 0.00000000, 418.00000000, 505.78000000, 2, 4, 4, NULL, NULL, NULL, NULL, 1, 0, '2017-05-03', NULL, NULL, 'crabe', NULL, NULL),
(360, 'FA1705-0326', 1, NULL, NULL, NULL, 0, NULL, 29, '2017-05-31 15:23:28', '2017-05-31', '2017-05-31', '2017-09-07 08:12:21', 1, 0.00000000, NULL, NULL, 0, NULL, NULL, 210.00000000, 0.00000000, 0.00000000, 0.00000000, 1000.00000000, 1210.00000000, 2, 4, 4, NULL, NULL, NULL, NULL, 0, 0, '2017-05-31', NULL, NULL, 'crabe', NULL, NULL),
(361, 'FA1705-0327', 1, NULL, NULL, NULL, 0, NULL, 7, '2017-05-31 15:24:02', '2017-05-31', '2017-06-02', '2017-06-30 21:00:17', 1, 0.00000000, NULL, NULL, 0, NULL, NULL, 3618.30000000, 0.00000000, 0.00000000, 0.00000000, 17230.00000000, 20848.30000000, 2, 4, 4, NULL, NULL, NULL, NULL, 2, 0, '2017-06-30', NULL, NULL, 'crabe', NULL, NULL),
(362, 'FA1705-0328', 1, NULL, NULL, NULL, 0, NULL, 29, '2017-05-31 15:29:58', '2017-05-31', '2017-06-01', '2017-06-21 10:54:09', 1, 0.00000000, NULL, NULL, 0, NULL, NULL, 1981.98000000, 0.00000000, 0.00000000, 0.00000000, 9438.00000000, 11419.98000000, 2, 4, 4, NULL, NULL, NULL, NULL, 1, 0, '2017-05-31', NULL, NULL, 'crabe', NULL, NULL),
(363, 'FA1706-0329', 1, NULL, NULL, NULL, 0, NULL, 29, '2017-06-30 14:56:28', '2017-06-30', '2017-06-30', '2017-08-01 11:56:34', 1, 0.00000000, NULL, NULL, 0, NULL, NULL, 1848.00000000, 0.00000000, 0.00000000, 0.00000000, 8800.00000000, 10648.00000000, 2, 4, 4, NULL, NULL, NULL, NULL, 1, 0, '2017-06-30', NULL, NULL, 'crabe', NULL, NULL),
(364, 'FA1706-0330', 1, NULL, NULL, NULL, 0, NULL, 29, '2017-06-30 15:00:39', '2017-06-30', '2017-06-30', '2017-08-01 11:56:34', 1, 0.00000000, NULL, NULL, 0, NULL, NULL, 210.00000000, 0.00000000, 0.00000000, 0.00000000, 1000.00000000, 1210.00000000, 2, 4, 4, NULL, NULL, NULL, NULL, 0, 0, '2017-06-30', NULL, NULL, 'crabe', NULL, NULL),
(365, 'FA1706-0331', 1, NULL, NULL, NULL, 0, NULL, 7, '2017-06-30 15:01:07', '2017-06-30', '2017-07-03', '2017-08-29 09:20:27', 1, 0.00000000, NULL, NULL, 0, NULL, NULL, 3684.54000000, 0.00000000, 0.00000000, 0.00000000, 17545.45000000, 21229.99000000, 2, 4, 4, NULL, NULL, NULL, NULL, 2, 0, '2017-07-30', NULL, NULL, 'crabe', NULL, NULL),
(366, 'FA1707-0332', 1, NULL, NULL, NULL, 0, NULL, 29, '2017-07-28 15:23:49', '2017-07-31', '2017-07-28', '2017-12-04 19:06:28', 1, 0.00000000, NULL, NULL, 0, NULL, NULL, 2076.69000000, 0.00000000, 0.00000000, 0.00000000, 9889.00000000, 11965.69000000, 2, 4, 4, NULL, NULL, NULL, NULL, 1, 0, '2017-07-31', NULL, NULL, 'crabe', NULL, NULL),
(367, 'FA1707-0333', 1, NULL, NULL, NULL, 0, NULL, 29, '2017-07-28 15:24:49', '2017-07-31', '2017-07-28', '2017-10-13 11:47:02', 1, 0.00000000, NULL, NULL, 0, NULL, NULL, 210.00000000, 0.00000000, 0.00000000, 0.00000000, 1000.00000000, 1210.00000000, 2, 4, 4, NULL, NULL, NULL, NULL, 0, 0, '2017-07-31', NULL, NULL, 'crabe', NULL, NULL),
(368, 'FA1707-0334', 1, NULL, NULL, NULL, 0, NULL, 7, '2017-07-28 15:25:26', '2017-07-31', '2017-08-08', '2017-09-29 07:22:48', 1, 0.00000000, NULL, NULL, 0, NULL, NULL, 3509.01000000, 0.00000000, 0.00000000, 0.00000000, 16709.54000000, 20218.55000000, 2, 4, 4, NULL, NULL, NULL, NULL, 2, 0, '2017-08-30', NULL, NULL, 'crabe', NULL, NULL),
(369, 'FA1708-0335', 1, NULL, NULL, NULL, 0, NULL, 29, '2017-08-31 15:25:05', '2017-08-31', '2017-08-31', '2017-10-13 11:47:02', 1, 0.00000000, NULL, NULL, 0, NULL, NULL, 2441.67000000, 0.00000000, 0.00000000, 0.00000000, 11627.00000000, 14068.67000000, 2, 4, 4, NULL, NULL, NULL, NULL, 1, 0, '2017-08-31', NULL, NULL, 'crabe', NULL, NULL),
(370, 'FA1708-0336', 1, NULL, NULL, NULL, 0, NULL, 29, '2017-08-31 15:25:43', '2017-08-31', '2017-08-31', '2017-10-13 11:47:02', 1, 0.00000000, NULL, NULL, 0, NULL, NULL, 210.00000000, 0.00000000, 0.00000000, 0.00000000, 1000.00000000, 1210.00000000, 2, 4, 4, NULL, NULL, NULL, NULL, 0, 0, '2017-08-31', NULL, NULL, 'crabe', NULL, NULL),
(371, 'FA1708-0337', 1, NULL, NULL, NULL, 0, NULL, 7, '2017-08-31 15:26:08', '2017-08-31', '2017-08-31', '2017-11-01 17:05:03', 1, 0.00000000, NULL, NULL, 0, NULL, NULL, 3509.01000000, 0.00000000, 0.00000000, 0.00000000, 16709.54000000, 20218.55000000, 2, 4, 4, NULL, NULL, NULL, NULL, 2, 0, '2017-09-30', NULL, NULL, 'crabe', NULL, NULL),
(372, 'FA1709-0338', 1, NULL, NULL, NULL, 0, NULL, 29, '2017-09-29 12:34:02', '2017-09-30', '2017-09-29', '2017-11-20 11:51:47', 1, 0.00000000, NULL, NULL, 0, NULL, NULL, 311.85000000, 0.00000000, 0.00000000, 0.00000000, 1485.00000000, 1796.85000000, 2, 4, 4, NULL, NULL, NULL, NULL, 1, 0, '2017-09-30', NULL, NULL, 'crabe', NULL, NULL),
(373, 'FA1709-0339', 1, NULL, NULL, NULL, 0, NULL, 29, '2017-09-29 12:34:43', '2017-09-30', '2017-09-29', '2017-11-20 11:51:47', 1, 0.00000000, NULL, NULL, 0, NULL, NULL, 210.00000000, 0.00000000, 0.00000000, 0.00000000, 1000.00000000, 1210.00000000, 2, 4, 4, NULL, NULL, NULL, NULL, 0, 0, '2017-09-30', NULL, NULL, 'crabe', NULL, NULL),
(374, 'FA1709-0340', 1, NULL, NULL, NULL, 0, NULL, 7, '2017-09-29 12:36:36', '2017-09-30', '2017-10-03', '2017-11-09 07:47:29', 1, 0.00000000, NULL, NULL, 0, NULL, NULL, 4666.20000000, 0.00000000, 0.00000000, 0.00000000, 22220.00000000, 26886.20000000, 2, 4, 4, NULL, NULL, NULL, NULL, 2, 0, '2017-10-30', NULL, NULL, 'crabe', NULL, NULL),
(375, 'FA1709-0341', 1, NULL, NULL, NULL, 0, NULL, 38, '2017-09-29 13:06:33', '2017-09-29', '2017-09-29', '2017-11-21 06:46:42', 1, 0.00000000, NULL, NULL, 0, NULL, NULL, 935.55000000, 0.00000000, 0.00000000, 0.00000000, 4455.00000000, 5390.55000000, 2, 4, 4, NULL, NULL, NULL, NULL, 10, 0, '2017-11-13', NULL, NULL, 'crabe', NULL, NULL),
(376, 'FA1710-0342', 1, NULL, NULL, NULL, 0, NULL, 38, '2017-10-30 17:02:51', '2017-10-31', '2017-10-30', '2017-11-08 10:07:37', 1, 0.00000000, NULL, NULL, 0, NULL, NULL, 480.48000000, 0.00000000, 0.00000000, 0.00000000, 2288.00000000, 2768.48000000, 2, 4, 4, NULL, NULL, NULL, NULL, 10, 0, '2017-12-15', NULL, NULL, 'crabe', NULL, NULL),
(377, 'FA1710-0343', 1, NULL, NULL, NULL, 0, NULL, 7, '2017-10-30 17:03:39', '2017-10-31', '2017-11-06', '2017-12-07 07:18:32', 1, 0.00000000, NULL, NULL, 0, NULL, NULL, 6011.25000000, 0.00000000, 0.00000000, 0.00000000, 28625.00000000, 34636.25000000, 2, 4, 4, NULL, NULL, NULL, NULL, 2, 0, '2017-11-30', NULL, NULL, 'crabe', NULL, NULL),
(378, 'FA1710-0344', 1, NULL, NULL, NULL, 0, NULL, 29, '2017-10-30 17:04:26', '2017-10-31', '2017-10-30', '2018-02-01 10:00:35', 1, 0.00000000, NULL, NULL, 0, NULL, NULL, 210.00000000, 0.00000000, 0.00000000, 0.00000000, 1000.00000000, 1210.00000000, 2, 4, 4, NULL, NULL, NULL, NULL, 0, 0, '2017-10-31', NULL, NULL, 'crabe', NULL, NULL),
(380, 'AV1711-0002', 1, NULL, NULL, NULL, 2, NULL, 38, '2017-11-06 15:06:30', '2017-11-06', '2017-11-06', '2017-11-08 10:07:56', 1, 0.00000000, NULL, NULL, 0, NULL, NULL, -480.48000000, 0.00000000, 0.00000000, 0.00000000, -2288.00000000, -2768.48000000, 2, 4, 4, 376, NULL, NULL, NULL, 0, 0, '2017-11-06', NULL, NULL, 'crabe', NULL, NULL),
(381, 'FA1711-0345', 1, NULL, NULL, NULL, 0, NULL, 39, '2017-11-06 15:08:20', '2017-11-06', '2017-11-06', '2018-05-14 07:46:45', 1, 0.00000000, NULL, NULL, 0, NULL, NULL, 480.48000000, 0.00000000, 0.00000000, 0.00000000, 2288.00000000, 2768.48000000, 2, 4, 4, NULL, NULL, NULL, NULL, 10, 0, '2017-12-21', NULL, NULL, 'crabe', NULL, NULL),
(382, 'FA1711-0346', 1, NULL, NULL, NULL, 0, NULL, 40, '2017-11-22 11:00:44', '2017-11-22', '2017-12-20', '2018-07-18 06:44:06', 1, 0.00000000, NULL, NULL, 0, NULL, NULL, 0.00000000, 0.00000000, 0.00000000, 0.00000000, 100.00000000, 100.00000000, 2, 4, 4, NULL, NULL, NULL, NULL, 10, 0, '2018-01-06', NULL, NULL, 'crabe', NULL, NULL),
(383, 'FA1711-0347', 1, NULL, NULL, NULL, 0, NULL, 39, '2017-11-29 16:26:44', '2017-11-30', '2017-11-29', '2018-05-14 07:46:46', 1, 0.00000000, NULL, NULL, 0, NULL, NULL, 727.65000000, 0.00000000, 0.00000000, 0.00000000, 3465.00000000, 4192.65000000, 2, 4, 4, NULL, NULL, NULL, NULL, 10, 0, '2018-01-14', NULL, NULL, 'crabe', NULL, NULL),
(384, 'FA1711-0348', 1, NULL, NULL, NULL, 0, NULL, 29, '2017-11-29 16:27:50', '2017-11-30', '2017-11-29', '2018-01-23 11:39:33', 1, 0.00000000, NULL, NULL, 0, NULL, NULL, 138.60000000, 0.00000000, 0.00000000, 0.00000000, 660.00000000, 798.60000000, 2, 4, 4, NULL, NULL, NULL, NULL, 1, 0, '2017-11-30', NULL, NULL, 'crabe', NULL, NULL),
(385, 'FA1711-0349', 1, NULL, NULL, NULL, 0, NULL, 29, '2017-11-29 16:34:34', '2017-11-30', '2017-11-29', '2018-01-23 11:39:33', 1, 0.00000000, NULL, NULL, 0, NULL, NULL, 210.00000000, 0.00000000, 0.00000000, 0.00000000, 1000.00000000, 1210.00000000, 2, 4, 4, NULL, NULL, NULL, NULL, 0, 0, '2017-11-30', NULL, NULL, 'crabe', NULL, NULL),
(386, 'FA1711-0350', 1, NULL, NULL, NULL, 0, NULL, 7, '2017-11-29 16:55:00', '2017-11-30', '2017-12-05', '2017-12-29 09:41:38', 1, 0.00000000, NULL, NULL, 0, NULL, NULL, 5512.50000000, 0.00000000, 0.00000000, 0.00000000, 26250.00000000, 31762.50000000, 2, 4, 4, NULL, NULL, NULL, NULL, 2, 0, '2017-12-30', NULL, NULL, 'crabe', NULL, NULL),
(387, 'FA1712-0351', 1, NULL, NULL, NULL, 0, NULL, 41, '2017-12-20 12:23:13', '2017-12-20', '2017-12-20', '2018-07-18 06:30:59', 1, 0.00000000, NULL, NULL, 0, NULL, NULL, 0.00000000, 0.00000000, 0.00000000, 0.00000000, 100.00000000, 100.00000000, 2, 4, 4, NULL, NULL, NULL, NULL, 10, 0, '2018-02-03', NULL, NULL, 'crabe', NULL, NULL),
(388, 'FA1712-0352', 1, NULL, NULL, NULL, 0, NULL, 41, '2017-12-20 12:23:52', '2017-12-20', '2017-12-20', '2018-07-18 06:30:59', 1, 0.00000000, NULL, NULL, 0, NULL, NULL, 0.00000000, 0.00000000, 0.00000000, 0.00000000, 100.00000000, 100.00000000, 2, 4, 4, NULL, NULL, NULL, NULL, 10, 0, '2018-02-03', NULL, NULL, 'crabe', NULL, NULL),
(389, 'FA1712-0353', 1, NULL, NULL, NULL, 0, NULL, 39, '2017-12-29 13:28:37', '2017-12-31', '2018-01-03', '2018-05-14 07:46:46', 1, 0.00000000, NULL, NULL, 0, NULL, NULL, 519.75000000, 0.00000000, 0.00000000, 0.00000000, 2475.00000000, 2994.75000000, 2, 4, 4, NULL, NULL, NULL, NULL, 10, 0, '2018-02-14', NULL, NULL, 'crabe', NULL, NULL),
(390, 'FA1712-0354', 1, NULL, NULL, NULL, 0, NULL, 29, '2017-12-29 13:37:15', '2017-12-31', '2018-01-03', '2018-04-12 06:10:09', 1, 0.00000000, NULL, NULL, 0, NULL, NULL, 575.19000000, 0.00000000, 0.00000000, 0.00000000, 2739.00000000, 3314.19000000, 2, 4, 4, NULL, NULL, NULL, NULL, 1, 0, '2017-12-31', NULL, NULL, 'crabe', NULL, NULL),
(391, 'FA1712-0355', 1, NULL, NULL, NULL, 0, NULL, 29, '2017-12-29 13:38:22', '2017-12-31', '2018-01-03', '2018-04-12 06:10:09', 1, 0.00000000, NULL, NULL, 0, NULL, NULL, 210.00000000, 0.00000000, 0.00000000, 0.00000000, 1000.00000000, 1210.00000000, 2, 4, 4, NULL, NULL, NULL, NULL, 0, 0, '2017-12-31', NULL, NULL, 'crabe', NULL, NULL),
(392, 'FA1712-0356', 1, NULL, NULL, NULL, 0, NULL, 7, '2017-12-29 13:45:12', '2017-12-31', '2018-01-11', '2018-02-01 08:18:00', 1, 0.00000000, NULL, NULL, 0, NULL, NULL, 5788.13000000, 0.00000000, 0.00000000, 0.00000000, 27562.50000000, 33350.63000000, 2, 4, 4, NULL, NULL, NULL, NULL, 2, 0, '2018-01-30', NULL, NULL, 'crabe', NULL, NULL),
(393, 'FA1801-0357', 1, NULL, NULL, NULL, 0, NULL, 39, '2018-01-31 11:01:47', '2018-01-31', '2018-01-31', '2018-05-14 07:46:46', 1, 0.00000000, NULL, NULL, 0, NULL, NULL, 1404.48000000, 0.00000000, 0.00000000, 0.00000000, 6688.00000000, 8092.48000000, 2, 4, 4, NULL, NULL, NULL, NULL, 10, 0, '2018-03-17', NULL, NULL, 'crabe', NULL, NULL),
(394, 'FA1801-0358', 1, NULL, NULL, NULL, 0, NULL, 29, '2018-01-31 11:07:06', '2018-01-31', '2018-01-31', '2018-03-02 08:01:20', 1, 0.00000000, NULL, NULL, 0, NULL, NULL, 138.60000000, 0.00000000, 0.00000000, 0.00000000, 660.00000000, 798.60000000, 2, 4, 4, NULL, NULL, NULL, NULL, 1, 0, '2018-01-31', NULL, NULL, 'crabe', NULL, NULL),
(395, 'FA1801-0359', 1, NULL, NULL, NULL, 0, NULL, 29, '2018-01-31 11:07:48', '2018-01-31', '2018-01-31', '2018-03-02 08:01:21', 1, 0.00000000, NULL, NULL, 0, NULL, NULL, 210.00000000, 0.00000000, 0.00000000, 0.00000000, 1000.00000000, 1210.00000000, 2, 4, 4, NULL, NULL, NULL, NULL, 0, 0, '2018-01-31', NULL, NULL, 'crabe', NULL, NULL),
(396, 'FA1801-0360', 1, NULL, NULL, NULL, 0, NULL, 7, '2018-01-31 11:08:20', '2018-01-31', '2018-02-16', '2018-05-14 08:59:30', 1, 0.00000000, NULL, NULL, 0, NULL, NULL, 6063.64000000, 0.00000000, 0.00000000, 0.00000000, 28874.47000000, 34938.11000000, 2, 4, 4, NULL, NULL, NULL, NULL, 2, 0, '2018-03-02', NULL, NULL, 'crabe', NULL, NULL),
(397, 'FA1802-0361', 1, NULL, NULL, NULL, 0, NULL, 39, '2018-02-26 13:32:34', '2018-02-28', '2018-02-26', '2018-05-14 12:31:13', 1, 0.00000000, NULL, NULL, 0, NULL, NULL, 1478.40000000, 0.00000000, 0.00000000, 0.00000000, 7040.00000000, 8518.40000000, 2, 4, 4, NULL, NULL, NULL, NULL, 10, 0, '2018-04-14', NULL, NULL, 'crabe', NULL, NULL),
(398, 'FA1802-0362', 1, NULL, NULL, NULL, 0, NULL, 29, '2018-02-26 13:34:23', '2018-02-28', '2018-02-26', '2018-03-19 12:36:45', 1, 0.00000000, NULL, NULL, 0, NULL, NULL, 210.00000000, 0.00000000, 0.00000000, 0.00000000, 1000.00000000, 1210.00000000, 2, 4, 4, NULL, NULL, NULL, NULL, 0, 0, '2018-02-28', NULL, NULL, 'crabe', NULL, NULL),
(399, 'FA1802-0363', 1, NULL, NULL, NULL, 0, NULL, 7, '2018-02-26 13:35:12', '2018-02-28', '2018-03-06', '2018-05-14 09:06:13', 1, 0.00000000, NULL, NULL, 0, NULL, NULL, 3824.10000000, 0.00000000, 0.00000000, 0.00000000, 18210.00000000, 22034.10000000, 2, 4, 4, NULL, NULL, NULL, NULL, 2, 0, '2018-03-30', NULL, NULL, 'crabe', NULL, NULL),
(400, 'FA1803-0364', 1, NULL, NULL, NULL, 0, NULL, 39, '2018-03-30 11:05:18', '2018-03-30', '2018-04-03', '2018-05-14 12:32:11', 1, 0.00000000, NULL, NULL, 0, NULL, NULL, 2601.06000000, 0.00000000, 0.00000000, 0.00000000, 12386.00000000, 14987.06000000, 2, 4, 4, NULL, NULL, NULL, NULL, 10, 0, '2018-05-14', NULL, NULL, 'crabe', NULL, NULL),
(401, 'FA1803-0365', 1, NULL, NULL, NULL, 0, NULL, 7, '2018-03-30 11:05:42', '2018-03-30', '2018-05-14', '2018-06-25 09:54:16', 1, 0.00000000, NULL, NULL, 0, NULL, NULL, 3847.20000000, 0.00000000, 0.00000000, 0.00000000, 18320.00000000, 22167.20000000, 2, 4, 4, NULL, NULL, NULL, NULL, 2, 0, '2018-04-29', NULL, NULL, 'crabe', NULL, NULL),
(402, 'FA1804-0366', 1, NULL, NULL, NULL, 0, NULL, 29, '2018-04-03 10:34:38', '2018-03-31', '2018-04-03', '2018-05-14 12:33:56', 1, 0.00000000, NULL, NULL, 0, NULL, NULL, 210.00000000, 0.00000000, 0.00000000, 0.00000000, 1000.00000000, 1210.00000000, 2, 4, 4, NULL, NULL, NULL, NULL, 0, 0, '2018-04-03', NULL, NULL, 'crabe', NULL, NULL),
(403, 'FA1804-0367', 1, NULL, NULL, NULL, 0, NULL, 39, '2018-04-30 11:16:53', '2018-04-30', '2018-04-30', '2018-06-01 11:35:46', 1, 0.00000000, NULL, NULL, 0, NULL, NULL, 2852.85000000, 0.00000000, 0.00000000, 0.00000000, 13585.00000000, 16437.85000000, 2, 4, 4, NULL, NULL, NULL, NULL, 10, 0, '2018-06-14', NULL, NULL, 'crabe', NULL, NULL),
(404, 'FA1804-0368', 1, NULL, NULL, NULL, 0, NULL, 7, '2018-04-30 11:17:32', '2018-04-30', '2018-05-14', '2018-09-05 11:35:43', 1, 0.00000000, NULL, NULL, 0, NULL, NULL, 3197.25000000, 0.00000000, 0.00000000, 0.00000000, 15225.00000000, 18422.25000000, 2, 4, 4, NULL, NULL, NULL, NULL, 2, 0, '2018-05-30', NULL, NULL, 'crabe', NULL, NULL),
(406, 'FA1805-0369', 1, NULL, NULL, NULL, 0, NULL, 43, '2018-05-16 12:41:24', '2018-05-16', '2018-05-16', '2018-06-05 11:34:50', 1, 0.00000000, NULL, NULL, 0, NULL, NULL, 105.00000000, 0.00000000, 0.00000000, 0.00000000, 500.00000000, 605.00000000, 2, 4, 4, NULL, NULL, NULL, NULL, 10, 0, '2018-06-30', NULL, NULL, 'crabe', NULL, NULL),
(410, 'FA1809-0370', 1, NULL, NULL, NULL, 0, NULL, 7, '2018-09-14 09:05:12', '2018-09-14', '2018-09-14', '2018-10-11 12:05:41', 1, 0.00000000, NULL, NULL, 0, NULL, NULL, 1735.54000000, 0.00000000, 0.00000000, 0.00000000, 8264.46000000, 10000.00000000, 2, 4, 4, NULL, NULL, NULL, NULL, 2, 0, '2018-10-14', NULL, NULL, 'crabe', NULL, NULL),
(411, 'FA1809-0371', 1, NULL, NULL, NULL, 0, NULL, 7, '2018-09-20 14:09:30', '2018-09-30', '2018-10-01', '2018-10-11 12:05:41', 1, 0.00000000, NULL, NULL, 0, NULL, NULL, 2100.00000000, 0.00000000, 0.00000000, 0.00000000, 10000.00000000, 12100.00000000, 2, 4, 4, NULL, NULL, NULL, NULL, 2, 0, '2018-10-30', NULL, NULL, 'crabe', NULL, NULL),
(412, 'FA1809-0372', 1, NULL, NULL, NULL, 0, NULL, 44, '2018-09-21 08:04:18', '2018-09-21', '2018-09-21', '2018-09-21 06:04:49', 0, 0.00000000, NULL, NULL, 0, NULL, NULL, 21.00000000, 0.00000000, 0.00000000, 0.00000000, 100.00000000, 121.00000000, 1, 4, 4, NULL, NULL, NULL, NULL, 10, 0, '2018-11-05', NULL, NULL, 'crabe', NULL, NULL),
(415, 'FA1810-0373', 1, NULL, NULL, NULL, 0, NULL, 45, '2018-10-02 12:47:39', '2018-10-02', '2018-10-02', '2018-10-02 10:47:56', 0, 0.00000000, NULL, NULL, 0, NULL, NULL, 0.01000000, 0.00000000, 0.00000000, 0.00000000, 0.03000000, 0.04000000, 1, 4, 4, NULL, NULL, NULL, NULL, 10, 0, '2018-11-16', NULL, NULL, 'crabe', NULL, NULL),
(416, 'FA1810-0374', 1, NULL, NULL, NULL, 0, NULL, 45, '2018-10-02 12:48:50', '2018-10-02', '2018-10-02', '2018-10-02 10:49:10', 0, 0.00000000, NULL, NULL, 0, NULL, NULL, 0.01000000, 0.00000000, 0.00000000, 0.00000000, 0.03000000, 0.04000000, 1, 4, 4, NULL, NULL, NULL, NULL, 10, 0, '2018-11-16', NULL, NULL, 'crabe', NULL, NULL),
(417, 'FA1810-0375', 1, NULL, NULL, NULL, 0, NULL, 45, '2018-10-02 12:49:41', '2018-10-02', '2018-10-02', '2018-10-02 10:50:45', 0, 0.00000000, NULL, NULL, 0, NULL, NULL, 0.01000000, 0.00000000, 0.00000000, 0.00000000, 0.03000000, 0.04000000, 1, 4, 4, NULL, NULL, NULL, NULL, 10, 0, '2018-11-16', NULL, NULL, 'crabe', NULL, NULL),
(419, 'FA1810-0376', 1, NULL, NULL, NULL, 0, NULL, 7, '2018-10-11 14:09:15', '2018-10-11', '2018-10-11', '2018-10-22 10:14:53', 1, 0.00000000, NULL, NULL, 0, NULL, NULL, 867.77000000, 0.00000000, 0.00000000, 0.00000000, 4132.23000000, 5000.00000000, 2, 4, 4, NULL, NULL, NULL, NULL, 2, 0, '2018-11-10', NULL, NULL, 'crabe', NULL, NULL),
(420, 'FA1810-0377', 1, NULL, NULL, NULL, 0, NULL, 7, '2018-10-15 12:37:15', '2018-10-15', '2018-10-15', '2018-11-19 08:17:19', 1, 0.00000000, NULL, NULL, 0, NULL, NULL, 2100.00000000, 0.00000000, 0.00000000, 0.00000000, 10000.00000000, 12100.00000000, 2, 4, 4, NULL, NULL, NULL, NULL, 2, 0, '2018-11-14', NULL, NULL, 'crabe', NULL, NULL),
(421, 'FA1811-0378', 1, NULL, NULL, NULL, 0, NULL, 7, '2018-11-12 10:27:23', '2018-11-12', '2018-11-12', '2018-11-19 08:17:19', 1, 0.00000000, NULL, NULL, 0, NULL, NULL, 1050.00000000, 0.00000000, 0.00000000, 0.00000000, 5000.00000000, 6050.00000000, 2, 4, 4, NULL, NULL, NULL, NULL, 2, 0, '2018-12-12', NULL, NULL, 'crabe', NULL, NULL),
(422, 'FA1811-0379', 1, NULL, NULL, NULL, 0, NULL, 46, '2018-11-15 10:21:36', '2018-11-15', '2018-11-15', '2018-11-15 09:22:06', 0, 0.00000000, NULL, NULL, 0, NULL, NULL, 0.01000000, 0.00000000, 0.00000000, 0.00000000, 0.03000000, 0.04000000, 1, 4, 4, NULL, NULL, NULL, NULL, 10, 0, '2018-12-30', NULL, NULL, 'crabe', NULL, NULL),
(423, 'FA1811-0380', 1, NULL, NULL, NULL, 0, NULL, 7, '2018-11-19 09:15:19', '2018-11-19', '2018-11-19', '2018-12-10 09:43:31', 1, 0.00000000, NULL, NULL, 0, NULL, NULL, 1260.00000000, 0.00000000, 0.00000000, 0.00000000, 6000.00000000, 7260.00000000, 2, 4, 4, NULL, NULL, NULL, NULL, 2, 0, '2018-12-19', NULL, NULL, 'crabe', NULL, NULL),
(424, 'FA1811-0381', 1, NULL, NULL, NULL, 0, NULL, 7, '2018-11-29 09:06:58', '2018-11-29', '2018-11-29', '2018-12-10 09:43:31', 1, 0.00000000, NULL, NULL, 0, NULL, NULL, 694.22000000, 0.00000000, 0.00000000, 0.00000000, 3305.79000000, 4000.01000000, 2, 4, 4, NULL, NULL, NULL, NULL, 2, 0, '2018-12-29', NULL, NULL, 'crabe', NULL, NULL),
(425, 'FA1812-0382', 1, NULL, NULL, NULL, 0, NULL, 7, '2018-12-10 10:43:48', '2018-12-10', '2018-12-10', '2018-12-10 09:44:36', 0, 0.00000000, NULL, NULL, 0, NULL, NULL, 2100.00000000, 0.00000000, 0.00000000, 0.00000000, 10000.00000000, 12100.00000000, 1, 4, 4, NULL, NULL, NULL, NULL, 2, 0, '2019-01-09', NULL, NULL, 'crabe', NULL, NULL),
(426, 'FA1812-0383', 1, NULL, NULL, NULL, 0, NULL, 47, '2018-12-12 08:12:28', '2018-12-12', '2018-12-12', '2018-12-12 07:12:46', 0, 0.00000000, NULL, NULL, 0, NULL, NULL, 0.01000000, 0.00000000, 0.00000000, 0.00000000, 0.03000000, 0.04000000, 1, 4, 4, NULL, NULL, NULL, NULL, 10, 0, '2019-01-26', NULL, NULL, 'crabe', NULL, NULL),
(427, 'FA1812-0384', 1, NULL, NULL, NULL, 0, NULL, 7, '2018-12-31 11:33:37', '2018-12-31', '2018-12-31', '2018-12-31 10:34:50', 0, 0.00000000, NULL, NULL, 0, NULL, NULL, 2100.00000000, 0.00000000, 0.00000000, 0.00000000, 10000.00000000, 12100.00000000, 1, 4, 4, NULL, NULL, NULL, NULL, 2, 0, '2019-01-30', NULL, NULL, 'crabe', NULL, NULL),
(428, 'FA1903-0385', 1, NULL, NULL, NULL, 0, NULL, 7, '2019-03-07 14:30:10', '2019-03-07', '2019-03-07', '2019-03-07 13:30:51', 0, 0.00000000, NULL, NULL, 0, NULL, NULL, 2100.00000000, 0.00000000, 0.00000000, 0.00000000, 10000.00000000, 12100.00000000, 1, 4, 4, NULL, NULL, NULL, NULL, 2, 0, '2019-04-06', NULL, NULL, 'crabe', NULL, NULL),
(430, 'FA1905-0386', 1, NULL, NULL, NULL, 0, NULL, 7, '2019-05-21 10:11:33', '2019-05-21', '2019-05-21', '2019-05-21 08:14:35', 0, 0.00000000, NULL, NULL, 0, NULL, NULL, 294.00000000, 0.00000000, 0.00000000, 0.00000000, 1400.00000000, 1694.00000000, 1, 4, 4, NULL, NULL, NULL, NULL, 2, 0, '2019-06-20', NULL, NULL, 'crabe', NULL, NULL),
(432, 'FA1906-0387', 1, NULL, NULL, NULL, 0, NULL, 49, '2019-06-25 14:05:53', '2019-06-25', '2019-06-25', '2019-06-25 12:06:23', 0, 0.00000000, NULL, NULL, 0, NULL, NULL, 0.00000000, 0.00000000, 0.00000000, 0.00000000, 5000.00000000, 5000.00000000, 1, 4, 4, NULL, NULL, NULL, NULL, 10, 0, '2019-08-09', NULL, NULL, 'crabe', NULL, NULL),
(433, 'FA1909-0388', 1, NULL, NULL, NULL, 0, NULL, 7, '2019-08-23 13:12:26', '2019-09-02', '2019-09-02', '2019-09-02 08:17:14', 0, 0.00000000, NULL, NULL, 0, NULL, NULL, 525.00000000, 0.00000000, 0.00000000, 0.00000000, 2500.00000000, 3025.00000000, 1, 4, 4, NULL, NULL, NULL, NULL, 10, 0, '2019-10-17', NULL, NULL, 'crabe', NULL, NULL),
(434, 'FA1909-0389', 1, NULL, NULL, NULL, 0, NULL, 48, '2019-09-26 12:11:27', '2019-09-26', '2019-09-26', '2019-09-26 10:12:23', 0, 0.00000000, NULL, NULL, 0, NULL, NULL, 0.00000000, 0.00000000, 0.00000000, 0.00000000, 4000.00000000, 4000.00000000, 1, 4, 4, NULL, NULL, NULL, NULL, 10, 0, '2019-11-10', NULL, NULL, 'crabe', NULL, NULL),
(435, 'FA1912-0390', 1, NULL, NULL, NULL, 0, NULL, 48, '2019-12-09 10:40:11', '2019-12-09', '2019-12-09', '2019-12-09 09:40:42', 0, 0.00000000, NULL, NULL, 0, NULL, NULL, 0.00000000, 0.00000000, 0.00000000, 0.00000000, 2450.00000000, 2450.00000000, 1, 4, 4, NULL, NULL, NULL, NULL, 10, 0, '2020-01-23', NULL, NULL, 'crabe', NULL, NULL),
(436, 'FA2001-0391', 1, NULL, NULL, NULL, 0, NULL, 7, '2020-01-07 08:04:59', '2020-01-07', '2020-01-07', '2020-01-07 07:05:36', 0, 0.00000000, NULL, NULL, 0, NULL, NULL, 525.00000000, 0.00000000, 0.00000000, 0.00000000, 2500.00000000, 3025.00000000, 1, 4, 4, NULL, NULL, NULL, NULL, 10, 0, '2020-02-21', NULL, NULL, 'crabe', NULL, NULL),
(437, 'FA2002-0392', 1, NULL, NULL, NULL, 0, NULL, 7, '2020-02-07 10:12:19', '2020-02-07', '2020-02-07', '2020-02-07 09:12:41', 0, 0.00000000, NULL, NULL, 0, NULL, NULL, 210.00000000, 0.00000000, 0.00000000, 0.00000000, 1000.00000000, 1210.00000000, 1, 1, 1, NULL, NULL, NULL, NULL, 10, 0, '2020-03-23', NULL, NULL, 'crabe', NULL, NULL),
(438, 'FA2002-0393', 1, NULL, NULL, NULL, 0, NULL, 50, '2020-02-14 09:51:26', '2020-02-14', '2020-06-15', '2020-06-15 06:56:46', 0, 0.00000000, NULL, NULL, 0, NULL, NULL, 21.00000000, 0.00000000, 0.00000000, 0.00000000, 100.00000000, 121.00000000, 1, 1, 1, NULL, NULL, NULL, NULL, 10, 0, '2020-03-30', NULL, NULL, 'crabe', NULL, NULL),
(439, 'FA2003-0394', 1, NULL, NULL, NULL, 0, NULL, 7, '2020-03-10 11:41:44', '2020-03-10', '2020-03-10', '2020-03-10 10:41:57', 0, 0.00000000, NULL, NULL, 0, NULL, NULL, 525.00000000, 0.00000000, 0.00000000, 0.00000000, 2500.00000000, 3025.00000000, 1, 1, 1, NULL, NULL, NULL, NULL, 10, 0, '2020-04-24', NULL, NULL, 'crabe', NULL, NULL),
(440, 'FA2004-0395', 1, NULL, NULL, NULL, 0, NULL, 7, '2020-04-14 10:43:45', '2020-04-14', '2020-04-14', '2020-04-14 08:57:27', 0, 0.00000000, NULL, NULL, 0, NULL, NULL, 808.50000000, 0.00000000, 0.00000000, 0.00000000, 3850.00000000, 4658.50000000, 1, 1, 1, NULL, NULL, NULL, NULL, 10, 0, '2020-05-29', NULL, NULL, 'crabe', NULL, NULL),
(441, 'FA2004-0396', 1, NULL, NULL, NULL, 0, NULL, 7, '2020-04-30 11:13:52', '2020-04-30', '2020-04-30', '2020-04-30 09:15:16', 0, 0.00000000, NULL, NULL, 0, NULL, NULL, 525.00000000, 0.00000000, 0.00000000, 0.00000000, 2500.00000000, 3025.00000000, 1, 1, 1, NULL, NULL, NULL, NULL, 10, 0, '2020-06-14', NULL, NULL, 'crabe', NULL, NULL),
(442, 'FA2006-0397', 1, NULL, NULL, NULL, 0, NULL, 7, '2020-06-04 09:54:00', '2020-06-04', '2020-06-04', '2020-06-04 07:54:12', 0, 0.00000000, NULL, NULL, 0, NULL, NULL, 525.00000000, 0.00000000, 0.00000000, 0.00000000, 2500.00000000, 3025.00000000, 1, 1, 1, NULL, NULL, NULL, NULL, 10, 0, '2020-07-19', NULL, NULL, 'crabe', NULL, NULL),
(443, 'FA2006-0398', 1, NULL, NULL, NULL, 0, NULL, 7, '2020-06-29 13:49:10', '2020-06-29', '2020-07-01', '2020-07-01 08:53:27', 0, 0.00000000, NULL, NULL, 0, NULL, NULL, 714.00000000, 0.00000000, 0.00000000, 0.00000000, 3400.00000000, 4114.00000000, 1, 1, 1, NULL, NULL, NULL, NULL, 10, 0, '2020-08-13', NULL, NULL, 'crabe', NULL, NULL),
(444, 'FA2007-0399', 1, NULL, NULL, NULL, 0, NULL, 7, '2020-07-28 10:59:08', '2020-07-28', '2020-07-28', '2020-07-28 09:00:15', 0, 0.00000000, NULL, NULL, 0, NULL, NULL, 296.10000000, 0.00000000, 0.00000000, 0.00000000, 1410.00000000, 1706.10000000, 1, 1, 1, NULL, NULL, NULL, NULL, 10, 0, '2020-09-11', NULL, NULL, 'crabe', NULL, NULL),
(445, 'FA2008-0400', 1, NULL, NULL, NULL, 0, NULL, 7, '2020-08-04 10:49:45', '2020-08-04', '2020-08-04', '2020-08-04 08:50:02', 0, 0.00000000, NULL, NULL, 0, NULL, NULL, 525.00000000, 0.00000000, 0.00000000, 0.00000000, 2500.00000000, 3025.00000000, 1, 1, 1, NULL, NULL, NULL, NULL, 10, 0, '2020-09-18', NULL, NULL, 'crabe', NULL, NULL),
(446, 'FA2008-0401', 1, NULL, NULL, NULL, 0, NULL, 7, '2020-08-31 09:13:04', '2020-08-31', '2020-08-31', '2020-08-31 07:13:11', 0, 0.00000000, NULL, NULL, 0, NULL, NULL, 525.00000000, 0.00000000, 0.00000000, 0.00000000, 2500.00000000, 3025.00000000, 1, 1, 1, NULL, NULL, NULL, NULL, 10, 0, '2020-10-15', NULL, NULL, 'crabe', NULL, NULL),
(447, 'FA2008-0402', 1, NULL, NULL, NULL, 0, NULL, 7, '2020-08-31 09:13:40', '2020-08-31', '2020-08-31', '2020-08-31 07:13:57', 0, 0.00000000, NULL, NULL, 0, NULL, NULL, 732.85000000, 0.00000000, 0.00000000, 0.00000000, 3489.74000000, 4222.59000000, 1, 1, 1, NULL, NULL, NULL, NULL, 10, 0, '2020-10-15', NULL, NULL, 'crabe', NULL, NULL),
(448, 'AV2009-0003', 1, NULL, NULL, NULL, 2, NULL, 48, '2020-09-24 08:00:50', '2020-09-24', '2020-09-24', '2020-09-24 06:01:29', 0, 0.00000000, NULL, NULL, 0, NULL, NULL, 0.00000000, 0.00000000, 0.00000000, 0.00000000, -4000.00000000, -4000.00000000, 1, 1, 1, 434, NULL, NULL, NULL, 0, 0, '2020-09-24', NULL, NULL, 'crabe', NULL, NULL),
(449, 'AV2009-0004', 1, NULL, NULL, NULL, 2, NULL, 48, '2020-09-24 08:02:00', '2020-09-24', '2020-09-24', '2020-09-24 06:02:04', 0, 0.00000000, NULL, NULL, 0, NULL, NULL, 0.00000000, 0.00000000, 0.00000000, 0.00000000, -2450.00000000, -2450.00000000, 1, 1, 1, 435, NULL, NULL, NULL, 0, 0, '2020-09-24', NULL, NULL, 'crabe', NULL, NULL),
(450, 'AV2009-0005', 1, NULL, NULL, NULL, 2, NULL, 36, '2020-09-24 08:03:39', '2020-09-24', '2020-09-24', '2020-09-24 06:06:18', 0, 0.00000000, NULL, NULL, 0, NULL, NULL, -840.00000000, 0.00000000, 0.00000000, 0.00000000, -4000.00000000, -4840.00000000, 1, 1, 1, 327, NULL, NULL, NULL, 0, 0, '2020-09-24', NULL, NULL, 'crabe', NULL, NULL),
(452, 'FA2010-0403', 1, NULL, NULL, NULL, 0, NULL, 7, '2020-10-01 11:54:21', '2020-10-01', '2020-10-01', '2020-10-01 09:58:52', 0, 0.00000000, NULL, NULL, 0, NULL, NULL, 577.89000000, 0.00000000, 0.00000000, 0.00000000, 2751.85000000, 3329.74000000, 1, 1, 1, NULL, NULL, NULL, NULL, 10, 0, '2020-11-15', NULL, NULL, 'crabe', NULL, NULL),
(454, 'FA2010-0404', 1, NULL, NULL, NULL, 0, NULL, 7, '2020-10-01 11:59:30', '2020-10-01', '2020-10-01', '2020-10-01 09:59:44', 0, 0.00000000, NULL, NULL, 0, NULL, NULL, 525.00000000, 0.00000000, 0.00000000, 0.00000000, 2500.00000000, 3025.00000000, 1, 1, 1, NULL, NULL, NULL, NULL, 10, 0, '2020-11-15', NULL, NULL, 'crabe', NULL, NULL),
(455, 'FA2011-0405', 1, NULL, NULL, NULL, 0, NULL, 7, '2020-11-03 08:52:06', '2020-11-03', '2020-11-03', '2020-11-03 07:52:17', 0, 0.00000000, NULL, NULL, 0, NULL, NULL, 525.00000000, 0.00000000, 0.00000000, 0.00000000, 2500.00000000, 3025.00000000, 1, 1, 1, NULL, NULL, NULL, NULL, 10, 0, '2020-12-18', NULL, NULL, 'crabe', NULL, NULL),
(456, 'FA2011-0406', 1, NULL, NULL, NULL, 0, NULL, 7, '2020-11-03 08:52:39', '2020-11-03', '2020-11-03', '2020-11-03 07:53:11', 0, 0.00000000, NULL, NULL, 0, NULL, NULL, 552.09000000, 0.00000000, 0.00000000, 0.00000000, 2629.00000000, 3181.09000000, 1, 1, 1, NULL, NULL, NULL, NULL, 10, 0, '2020-12-18', NULL, NULL, 'crabe', NULL, NULL),
(457, 'FA2011-0407', 1, NULL, NULL, NULL, 0, NULL, 7, '2020-11-12 10:12:43', '2020-11-12', '2020-11-12', '2020-11-12 09:13:22', 0, 0.00000000, NULL, NULL, 0, NULL, NULL, 1186.50000000, 0.00000000, 0.00000000, 0.00000000, 5650.00000000, 6836.50000000, 1, 1, 1, NULL, NULL, NULL, NULL, 10, 0, '2020-12-27', NULL, NULL, 'crabe', NULL, NULL),
(458, 'FA2012-0408', 1, NULL, NULL, NULL, 0, NULL, 7, '2020-12-02 11:17:22', '2020-12-02', '2020-12-02', '2020-12-02 10:17:44', 0, 0.00000000, NULL, NULL, 0, NULL, NULL, 345.71000000, 0.00000000, 0.00000000, 0.00000000, 1646.26000000, 1991.97000000, 1, 1, 1, NULL, NULL, NULL, NULL, 10, 0, '2021-01-16', NULL, NULL, 'crabe', NULL, NULL),
(459, 'FA2012-0409', 1, NULL, NULL, NULL, 0, NULL, 7, '2020-12-02 11:18:08', '2020-12-02', '2020-12-02', '2020-12-02 10:18:12', 0, 0.00000000, NULL, NULL, 0, NULL, NULL, 525.00000000, 0.00000000, 0.00000000, 0.00000000, 2500.00000000, 3025.00000000, 1, 1, 1, NULL, NULL, NULL, NULL, 10, 0, '2021-01-16', NULL, NULL, 'crabe', NULL, NULL),
(460, 'FA2101-0410', 1, NULL, NULL, NULL, 0, NULL, 7, '2021-01-04 11:28:12', '2021-01-04', '2021-01-04', '2021-01-04 10:28:24', 0, 0.00000000, NULL, NULL, 0, NULL, NULL, 525.00000000, 0.00000000, 0.00000000, 0.00000000, 2500.00000000, 3025.00000000, 1, 1, 1, NULL, NULL, NULL, NULL, 10, 0, '2021-02-18', NULL, NULL, 'crabe', NULL, NULL),
(461, 'FA2101-0411', 1, NULL, NULL, NULL, 0, NULL, 7, '2021-01-04 11:30:16', '2021-01-04', '2021-01-04', '2021-01-04 10:31:32', 0, 0.00000000, NULL, NULL, 0, NULL, NULL, 135.24000000, 0.00000000, 0.00000000, 0.00000000, 644.00000000, 779.24000000, 1, 1, 1, NULL, NULL, NULL, NULL, 10, 0, '2021-02-18', NULL, NULL, 'crabe', NULL, NULL),
(462, 'FA2101-0412', 1, NULL, NULL, NULL, 0, NULL, 7, '2021-01-19 10:16:24', '2021-01-19', '2021-01-19', '2021-01-19 09:17:49', 0, 0.00000000, NULL, NULL, 0, NULL, NULL, 840.00000000, 0.00000000, 0.00000000, 0.00000000, 4000.00000000, 4840.00000000, 1, 1, 1, NULL, NULL, NULL, NULL, 10, 0, '2021-03-05', NULL, NULL, 'crabe', NULL, NULL),
(463, 'FA2101-0413', 1, NULL, NULL, NULL, 0, NULL, 50, '2021-01-26 10:44:25', '2021-01-26', '2021-01-26', '2021-01-26 09:44:40', 0, 0.00000000, NULL, NULL, 0, NULL, NULL, 112.25000000, 0.00000000, 0.00000000, 0.00000000, 534.50000000, 646.75000000, 1, 1, 1, NULL, NULL, NULL, NULL, 0, 0, '2021-01-26', NULL, NULL, 'crabe', NULL, NULL),
(464, 'FA2102-0414', 1, NULL, NULL, NULL, 0, NULL, 7, '2021-02-03 10:28:10', '2021-02-03', '2021-02-03', '2021-02-03 09:28:21', 0, 0.00000000, NULL, NULL, 0, NULL, NULL, 525.00000000, 0.00000000, 0.00000000, 0.00000000, 2500.00000000, 3025.00000000, 1, 1, 1, NULL, NULL, NULL, NULL, 10, 0, '2021-03-20', NULL, NULL, 'crabe', NULL, NULL),
(465, 'FA2103-0415', 1, NULL, NULL, NULL, 0, NULL, 7, '2021-03-08 11:49:08', '2021-03-08', '2021-03-08', '2021-03-08 10:49:20', 0, 0.00000000, NULL, NULL, 0, NULL, NULL, 525.00000000, 0.00000000, 0.00000000, 0.00000000, 2500.00000000, 3025.00000000, 1, 1, 1, NULL, NULL, NULL, NULL, 10, 0, '2021-04-22', NULL, NULL, 'crabe', NULL, NULL),
(466, 'FA2104-0416', 1, NULL, NULL, NULL, 0, NULL, 7, '2021-04-07 10:05:27', '2021-04-07', '2021-04-07', '2021-04-07 08:05:39', 0, 0.00000000, NULL, NULL, 0, NULL, NULL, 525.00000000, 0.00000000, 0.00000000, 0.00000000, 2500.00000000, 3025.00000000, 1, 1, 1, NULL, NULL, NULL, NULL, 10, 0, '2021-05-22', NULL, NULL, 'crabe', NULL, NULL),
(467, 'FA2105-0417', 1, NULL, NULL, NULL, 0, NULL, 7, '2021-05-06 10:47:08', '2021-05-06', '2021-05-06', '2021-05-06 08:47:21', 0, 0.00000000, NULL, NULL, 0, NULL, NULL, 525.00000000, 0.00000000, 0.00000000, 0.00000000, 2500.00000000, 3025.00000000, 1, 1, 1, NULL, NULL, NULL, NULL, 10, 0, '2021-06-20', NULL, NULL, 'crabe', NULL, NULL),
(468, 'FA2105-0418', 1, NULL, NULL, NULL, 0, NULL, 7, '2021-05-31 10:33:18', '2021-05-31', '2021-05-31', '2021-05-31 08:33:23', 0, 0.00000000, NULL, NULL, 0, NULL, NULL, 525.00000000, 0.00000000, 0.00000000, 0.00000000, 2500.00000000, 3025.00000000, 1, 1, 1, NULL, NULL, NULL, NULL, 10, 0, '2021-07-15', NULL, NULL, 'crabe', NULL, NULL),
(469, 'FA2107-0419', 1, NULL, NULL, NULL, 0, NULL, 7, '2021-07-02 10:18:22', '2021-07-02', '2021-07-02', '2021-07-02 08:18:34', 0, 0.00000000, NULL, NULL, 0, NULL, NULL, 525.00000000, 0.00000000, 0.00000000, 0.00000000, 2500.00000000, 3025.00000000, 1, 1, 1, NULL, NULL, NULL, NULL, 10, 0, '2021-08-16', NULL, NULL, 'crabe', NULL, NULL),
(470, 'FA2107-0420', 1, NULL, NULL, NULL, 0, NULL, 51, '2021-07-02 11:30:08', '2021-07-02', '2021-07-02', '2021-07-02 09:30:51', 0, 0.00000000, NULL, NULL, 0, NULL, NULL, 0.00000000, 0.00000000, 0.00000000, 0.00000000, 350.00000000, 350.00000000, 1, 1, 1, NULL, NULL, NULL, NULL, 10, 0, '2021-08-16', NULL, NULL, 'crabe', NULL, NULL),
(471, 'FA2107-0421', 1, NULL, NULL, NULL, 0, NULL, 52, '2021-07-02 11:34:22', '2021-07-02', '2021-07-02', '2021-07-02 09:37:08', 0, 0.00000000, NULL, NULL, 0, NULL, NULL, 735.00000000, 0.00000000, 0.00000000, 0.00000000, 3500.00000000, 4235.00000000, 1, 1, 1, NULL, NULL, NULL, NULL, 10, 0, '2021-08-16', NULL, NULL, 'crabe', NULL, NULL),
(472, 'FA2107-0422', 1, NULL, NULL, NULL, 0, NULL, 7, '2021-07-27 12:27:53', '2021-07-27', '2021-07-27', '2021-07-27 10:28:58', 0, 0.00000000, NULL, NULL, 0, NULL, NULL, 1197.00000000, 0.00000000, 0.00000000, 0.00000000, 5700.00000000, 6897.00000000, 1, 1, 1, NULL, NULL, NULL, NULL, 10, 0, '2021-09-10', NULL, NULL, 'crabe', NULL, NULL),
(473, 'FA2108-0423', 1, NULL, NULL, NULL, 0, NULL, 7, '2021-08-06 08:41:07', '2021-08-06', '2021-08-06', '2021-08-06 06:41:17', 0, 0.00000000, NULL, NULL, 0, NULL, NULL, 525.00000000, 0.00000000, 0.00000000, 0.00000000, 2500.00000000, 3025.00000000, 1, 1, 1, NULL, NULL, NULL, NULL, 10, 0, '2021-09-20', NULL, NULL, 'crabe', NULL, NULL),
(474, 'FA2109-0424', 1, NULL, NULL, NULL, 0, NULL, 7, '2021-09-01 09:49:29', '2021-09-01', '2021-09-01', '2021-09-01 07:49:54', 0, 0.00000000, NULL, NULL, 0, NULL, NULL, 1963.35000000, 0.00000000, 0.00000000, 0.00000000, 9349.29000000, 11312.64000000, 1, 1, 1, NULL, NULL, NULL, NULL, 10, 0, '2021-10-16', NULL, NULL, 'crabe', NULL, NULL),
(475, 'FA2109-0425', 1, NULL, NULL, NULL, 0, NULL, 7, '2021-09-01 09:50:33', '2021-09-01', '2021-09-01', '2021-09-01 07:50:46', 0, 0.00000000, NULL, NULL, 0, NULL, NULL, 525.00000000, 0.00000000, 0.00000000, 0.00000000, 2500.00000000, 3025.00000000, 1, 1, 1, NULL, NULL, NULL, NULL, 10, 0, '2021-10-16', NULL, NULL, 'crabe', NULL, NULL),
(476, 'FA2110-0426', 1, NULL, NULL, NULL, 0, NULL, 7, '2021-10-01 11:18:44', '2021-10-01', '2021-10-01', '2021-10-01 09:18:53', 0, 0.00000000, NULL, NULL, 0, NULL, NULL, 525.00000000, 0.00000000, 0.00000000, 0.00000000, 2500.00000000, 3025.00000000, 1, 1, 1, NULL, NULL, NULL, NULL, 10, 0, '2021-11-15', NULL, NULL, 'crabe', NULL, NULL),
(477, 'FA2110-0427', 1, NULL, NULL, NULL, 0, NULL, 53, '2021-10-11 10:38:20', '2021-10-11', '2021-10-12', '2021-10-12 05:57:30', 0, 0.00000000, NULL, NULL, 0, NULL, NULL, 735.00000000, 0.00000000, 0.00000000, 0.00000000, 3500.00000000, 4235.00000000, 1, 1, 1, NULL, NULL, NULL, NULL, 10, 0, '2021-11-25', NULL, NULL, 'crabe', NULL, NULL),
(478, 'FA2110-0428', 1, NULL, NULL, NULL, 0, NULL, 54, '2021-10-18 10:39:56', '2021-10-18', '2021-10-18', '2021-10-18 09:22:18', 0, 0.00000000, NULL, NULL, 0, NULL, NULL, 0.00000000, 0.00000000, 0.00000000, 0.00000000, 1700.00000000, 1700.00000000, 1, 1, 1, NULL, NULL, NULL, NULL, 10, 0, '2021-12-02', NULL, NULL, 'crabe', NULL, NULL),
(479, 'FA2111-0429', 1, NULL, NULL, NULL, 0, NULL, 7, '2021-11-04 08:51:17', '2021-10-31', '2021-11-04', '2021-11-04 07:53:37', 0, 0.00000000, NULL, NULL, 0, NULL, NULL, 525.00000000, 0.00000000, 0.00000000, 0.00000000, 2500.00000000, 3025.00000000, 1, 1, 1, NULL, NULL, NULL, NULL, 10, 0, '2021-12-19', NULL, NULL, 'crabe', NULL, NULL);

-- --------------------------------------------------------

--
-- Structure de la table `am_facturedet`
--

